{"id":23510,"date":"2026-02-27T15:14:19","date_gmt":"2026-02-27T18:14:19","guid":{"rendered":"https:\/\/www.ifbaiano.edu.br\/unidades\/bonfim\/?page_id=23510"},"modified":"2026-02-27T15:14:20","modified_gmt":"2026-02-27T18:14:20","slug":"cae-coordenacao-de-assuntos-estudantis","status":"publish","type":"page","link":"https:\/\/www.ifbaiano.edu.br\/unidades\/bonfim\/cae-coordenacao-de-assuntos-estudantis\/","title":{"rendered":"CAE &#8211; COORDENA\u00c7\u00c3O DE ASSUNTOS ESTUDANTIS"},"content":{"rendered":"\n<p>Bem-vindos (as) ao IF Baiano \u2013 Campus Senhor do Bonfim!<\/p>\n\n\n\n<p>Enquanto COORDENA\u00c7\u00c3O DE ASSUNTOS ESTUDANTIS (CAE), orientamos, gerimos, planejamos e acompanhamos as a\u00e7\u00f5es concernentes ao atendimento ao educando. Pensando nisso, a CAE elaborou este manual para auxili\u00e1-los na democratiza\u00e7\u00e3o de acesso \u00e0s informa\u00e7\u00f5es dos servi\u00e7os relacionados a esta coordena\u00e7\u00e3o, bem como direitos e deveres dos discentes. Estamos trabalhando para sua perman\u00eancia e \u00eaxito durante o percurso formativo. Priorizamos uma educa\u00e7\u00e3o que considere o sujeito em suas diversas dimens\u00f5es: intelectual, emocional, social e cultural, de modo a contribuir para a forma\u00e7\u00e3o integral do indiv\u00edduo.<\/p>\n\n\n\n<p>\u00c9 um prazer ter voc\u00eas conosco.<\/p>\n\n\n\n<p>Coordena\u00e7\u00e3o de Assuntos Estudantis<\/p>\n\n\n\n<strong><div id=\"TituloMenu\" class=\"dnone\"> <\/div> <\/strong><\/p><p>\n\n\n\n<p><strong><a href=\"https:\/\/www.ifbaiano.edu.br\/unidades\/bonfim\/o-que-e-a-assistencia-estudantil\/\" data-type=\"URL\" data-id=\"https:\/\/www.ifbaiano.edu.br\/unidades\/bonfim\/o-que-e-a-assistencia-estudantil\/\">Assist\u00eancia Estudantil<\/a><\/strong><\/p>\n\n\n\n<p><a href=\"https:\/\/www.ifbaiano.edu.br\/unidades\/bonfim\/files\/2026\/02\/Regulamento-Disciplinar-Discente-IF.pdf\" data-type=\"URL\" data-id=\"https:\/\/www.ifbaiano.edu.br\/unidades\/bonfim\/files\/2026\/02\/Regulamento-Disciplinar-Discente-IF.pdf\">Regimento Disciplinar<\/a><\/p>\n\n\n\n<p><a href=\"https:\/\/www.ifbaiano.edu.br\/unidades\/bonfim\/files\/2026\/02\/Autorizacao-de-saida-CAE-Bonfim.pdf\" data-type=\"URL\" data-id=\"https:\/\/www.ifbaiano.edu.br\/unidades\/bonfim\/files\/2026\/02\/Autorizacao-de-saida-CAE-Bonfim.pdf\">Autoriza\u00e7\u00e3o de Sa\u00edda<\/a><\/p>\n\n\n\n<p><a href=\"https:\/\/www.ifbaiano.edu.br\/unidades\/bonfim\/files\/2026\/02\/Manual-CAE-2026.pdf\" data-type=\"URL\" data-id=\"https:\/\/www.ifbaiano.edu.br\/unidades\/bonfim\/files\/2026\/02\/Manual-CAE-2026.pdf\">Manual Discente &#8211; CAE<\/a><\/p>\n\n\n\n<p><a href=\"https:\/\/www.ifbaiano.edu.br\/unidades\/bonfim\/programas-assistencia-estudantil\/\" data-type=\"URL\" data-id=\"https:\/\/www.ifbaiano.edu.br\/unidades\/bonfim\/programas-assistencia-estudantil\/\">Programas &#8211; Assist\u00eancia Estudantil<\/a><\/p>\n","protected":false},"excerpt":{"rendered":"<p>Bem-vindos (as) ao IF Baiano \u2013 Campus Senhor do Bonfim! Enquanto COORDENA\u00c7\u00c3O DE ASSUNTOS ESTUDANTIS (CAE), orientamos, gerimos, planejamos e acompanhamos as a\u00e7\u00f5es concernentes ao atendimento ao educando. Pensando nisso, a CAE elaborou este manual para auxili\u00e1-los na democratiza\u00e7\u00e3o de acesso \u00e0s informa\u00e7\u00f5es dos servi\u00e7os relacionados a esta coordena\u00e7\u00e3o, bem como direitos e deveres dos [&hellip;]<\/p>\n","protected":false},"author":158,"featured_media":0,"parent":0,"menu_order":0,"comment_status":"closed","ping_status":"closed","template":"","meta":[],"_links":{"self":[{"href":"https:\/\/www.ifbaiano.edu.br\/unidades\/bonfim\/wp-json\/wp\/v2\/pages\/23510"}],"collection":[{"href":"https:\/\/www.ifbaiano.edu.br\/unidades\/bonfim\/wp-json\/wp\/v2\/pages"}],"about":[{"href":"https:\/\/www.ifbaiano.edu.br\/unidades\/bonfim\/wp-json\/wp\/v2\/types\/page"}],"author":[{"embeddable":true,"href":"https:\/\/www.ifbaiano.edu.br\/unidades\/bonfim\/wp-json\/wp\/v2\/users\/158"}],"replies":[{"embeddable":true,"href":"https:\/\/www.ifbaiano.edu.br\/unidades\/bonfim\/wp-json\/wp\/v2\/comments?post=23510"}],"version-history":[{"count":10,"href":"https:\/\/www.ifbaiano.edu.br\/unidades\/bonfim\/wp-json\/wp\/v2\/pages\/23510\/revisions"}],"predecessor-version":[{"id":23529,"href":"https:\/\/www.ifbaiano.edu.br\/unidades\/bonfim\/wp-json\/wp\/v2\/pages\/23510\/revisions\/23529"}],"wp:attachment":[{"href":"https:\/\/www.ifbaiano.edu.br\/unidades\/bonfim\/wp-json\/wp\/v2\/media?parent=23510"}],"curies":[{"name":"wp","href":"https:\/\/api.w.org\/{rel}","templated":true}]}}