{"id":30,"date":"2011-05-18T18:48:44","date_gmt":"2011-05-18T18:48:44","guid":{"rendered":"http:\/\/localhost\/unidades\/bonfim\/?page_id=30"},"modified":"2025-05-06T15:27:29","modified_gmt":"2025-05-06T18:27:29","slug":"funcionamento","status":"publish","type":"page","link":"https:\/\/www.ifbaiano.edu.br\/unidades\/bonfim\/funcionamento\/","title":{"rendered":"Funcionamento"},"content":{"rendered":"\n<div class=\"wp-block-columns is-layout-flex wp-container-4\">\n<div class=\"wp-block-column is-layout-flow\">\n<p class=\"has-text-color\" style=\"color:#155e43\"><strong>De segunda \u00e0 sexta das 7:30h \u00e0s 22:30h e aos s\u00e1bados de 7:30h \u00e0s 12:00h<\/strong><\/p>\n\n\n\n<p>Biblioteca<\/p>\n\n\n\n<p>Coordena\u00e7\u00e3o Geral de Assist\u00eancia ao Educando<\/p>\n\n\n\n<p>Coordena\u00e7\u00e3o de Cursos Superiores<\/p>\n\n\n\n<p>Telefonista<\/p>\n\n\n\n<p>Secretaria de Registro Acad\u00eamico<\/p>\n\n\n\n<p>Reprografia<\/p>\n<\/div>\n\n\n\n<div class=\"wp-block-column is-layout-flow\">\n<p class=\"has-text-color\" style=\"color:#155e43\"><strong>De segunda&nbsp;\u00e0 sexta das 7:30h \u00e0s 17:30h<\/strong><\/p>\n\n\n\n<p>Dire\u00e7\u00e3o Geral<\/p>\n\n\n\n<p>Dire\u00e7\u00e3o de Desenvolvimento Educacional<\/p>\n\n\n\n<p>Dire\u00e7\u00e3o Administra\u00e7\u00e3o e Planejamento<\/p>\n\n\n\n<p>Coordena\u00e7\u00e3o de Servi\u00e7os Auxiliares<\/p>\n\n\n\n<p>Coordena\u00e7\u00e3o Geral de Ensino<\/p>\n\n\n\n<p>Coordena\u00e7\u00e3o Geral Administra\u00e7\u00e3o e Finan\u00e7as<\/p>\n\n\n\n<p>Coordena\u00e7\u00e3o Geral de Pesquisa e Produ\u00e7\u00e3o<\/p>\n\n\n\n<p>Coordena\u00e7\u00e3o de Execu\u00e7\u00e3o de Or\u00e7amento e Finan\u00e7as<\/p>\n\n\n\n<p>Coordena\u00e7\u00e3o de Extens\u00e3o<\/p>\n\n\n\n<p>Coordena\u00e7\u00e3o de Pesquisa<\/p>\n\n\n\n<p>Coordena\u00e7\u00e3o de Licita\u00e7\u00e3o<\/p>\n\n\n\n<p>Coordena\u00e7\u00e3o de Planejamento Estrat\u00e9gico<\/p>\n\n\n\n<p>Complexo de Laborat\u00f3rios<\/p>\n\n\n\n<p>N\u00facleo de Apoio a Gest\u00e3o de Pessoas<\/p>\n\n\n\n<p>Secretaria de Registro Escolar<\/p>\n\n\n\n<p>Cooperativa<\/p>\n\n\n\n<p>Secretaria de Integra\u00e7\u00e3o ao Educando e Comunidade<\/p>\n<\/div>\n\n\n\n<div class=\"wp-block-column is-layout-flow\">\n<p class=\"has-text-color\" style=\"color:#155e43\"><strong>De segunda&nbsp;\u00e0 sexta das 7:30h \u00e0s 22:30h<\/strong><\/p>\n\n\n\n<p>Unidade de Tecnologia da Informa\u00e7\u00e3o e Comunica\u00e7\u00e3o<\/p>\n<\/div>\n<\/div>\n","protected":false},"excerpt":{"rendered":"<p>De segunda \u00e0 sexta das 7:30h \u00e0s 22:30h e aos s\u00e1bados de 7:30h \u00e0s 12:00h Biblioteca Coordena\u00e7\u00e3o Geral de Assist\u00eancia ao Educando Coordena\u00e7\u00e3o de Cursos Superiores Telefonista Secretaria de Registro Acad\u00eamico Reprografia De segunda&nbsp;\u00e0 sexta das 7:30h \u00e0s 17:30h Dire\u00e7\u00e3o Geral Dire\u00e7\u00e3o de Desenvolvimento Educacional Dire\u00e7\u00e3o Administra\u00e7\u00e3o e Planejamento Coordena\u00e7\u00e3o de Servi\u00e7os Auxiliares Coordena\u00e7\u00e3o Geral [&hellip;]<\/p>\n","protected":false},"author":1,"featured_media":0,"parent":0,"menu_order":0,"comment_status":"closed","ping_status":"closed","template":"","meta":[],"_links":{"self":[{"href":"https:\/\/www.ifbaiano.edu.br\/unidades\/bonfim\/wp-json\/wp\/v2\/pages\/30"}],"collection":[{"href":"https:\/\/www.ifbaiano.edu.br\/unidades\/bonfim\/wp-json\/wp\/v2\/pages"}],"about":[{"href":"https:\/\/www.ifbaiano.edu.br\/unidades\/bonfim\/wp-json\/wp\/v2\/types\/page"}],"author":[{"embeddable":true,"href":"https:\/\/www.ifbaiano.edu.br\/unidades\/bonfim\/wp-json\/wp\/v2\/users\/1"}],"replies":[{"embeddable":true,"href":"https:\/\/www.ifbaiano.edu.br\/unidades\/bonfim\/wp-json\/wp\/v2\/comments?post=30"}],"version-history":[{"count":16,"href":"https:\/\/www.ifbaiano.edu.br\/unidades\/bonfim\/wp-json\/wp\/v2\/pages\/30\/revisions"}],"predecessor-version":[{"id":21440,"href":"https:\/\/www.ifbaiano.edu.br\/unidades\/bonfim\/wp-json\/wp\/v2\/pages\/30\/revisions\/21440"}],"wp:attachment":[{"href":"https:\/\/www.ifbaiano.edu.br\/unidades\/bonfim\/wp-json\/wp\/v2\/media?parent=30"}],"curies":[{"name":"wp","href":"https:\/\/api.w.org\/{rel}","templated":true}]}}

<div class="wp-block-columns is-layout-flex wp-container-4">
<div class="wp-block-column is-layout-flow">
<p class="has-text-color" style="color:#155e43"><strong>De segunda à sexta das 7:30h às 22:30h e aos sábados de 7:30h às 12:00h</strong></p>



<p>Biblioteca</p>



<p>Coordenação Geral de Assistência ao Educando</p>



<p>Coordenação de Cursos Superiores</p>



<p>Telefonista</p>



<p>Secretaria de Registro Acadêmico</p>



<p>Reprografia</p>
</div>



<div class="wp-block-column is-layout-flow">
<p class="has-text-color" style="color:#155e43"><strong>De segunda&nbsp;à sexta das 7:30h às 17:30h</strong></p>



<p>Direção Geral</p>



<p>Direção de Desenvolvimento Educacional</p>



<p>Direção Administração e Planejamento</p>



<p>Coordenação de Serviços Auxiliares</p>



<p>Coordenação Geral de Ensino</p>



<p>Coordenação Geral Administração e Finanças</p>



<p>Coordenação Geral de Pesquisa e Produção</p>



<p>Coordenação de Execução de Orçamento e Finanças</p>



<p>Coordenação de Extensão</p>



<p>Coordenação de Pesquisa</p>



<p>Coordenação de Licitação</p>



<p>Coordenação de Planejamento Estratégico</p>



<p>Complexo de Laboratórios</p>



<p>Núcleo de Apoio a Gestão de Pessoas</p>



<p>Secretaria de Registro Escolar</p>



<p>Cooperativa</p>



<p>Secretaria de Integração ao Educando e Comunidade</p>
</div>



<div class="wp-block-column is-layout-flow">
<p class="has-text-color" style="color:#155e43"><strong>De segunda&nbsp;à sexta das 7:30h às 22:30h</strong></p>



<p>Unidade de Tecnologia da Informação e Comunicação</p>
</div>
</div>

<p>De segunda à sexta das 7:30h às 22:30h e aos sábados de 7:30h às 12:00h Biblioteca Coordenação Geral de Assistência ao Educando Coordenação de Cursos Superiores Telefonista Secretaria de Registro Acadêmico Reprografia De segunda&nbsp;à sexta das 7:30h às 17:30h Direção Geral Direção de Desenvolvimento Educacional Direção Administração e Planejamento Coordenação de Serviços Auxiliares Coordenação Geral [&hellip;]</p>
