{"id":8119,"date":"2017-02-16T09:18:03","date_gmt":"2017-02-16T12:18:03","guid":{"rendered":"http:\/\/www.ifbaiano.edu.br\/unidades\/bonfim\/?page_id=8119"},"modified":"2022-11-07T14:01:31","modified_gmt":"2022-11-07T17:01:31","slug":"cursos","status":"publish","type":"page","link":"https:\/\/www.ifbaiano.edu.br\/unidades\/bonfim\/cursos\/","title":{"rendered":"Cursos"},"content":{"rendered":"\n<p>Especializado na oferta de Educa\u00e7\u00e3o Profissional e Tecnol\u00f3gica, o Campus Senhor do Bonfim oferece cursos\u00a0t\u00e9cnicos integrados (para\u00a0 quem \u00a0ainda\u00a0 n\u00e3o\u00a0 concluiu o ensino m\u00e9dio), cursos t\u00e9cnicos subsequentes ao ensino m\u00e9dio, de forma presencial ou EaD, cursos de gradua\u00e7\u00e3o focado nas licenciaturas e especializa\u00e7\u00f5es\u00a0<em>lato sensu <\/em>(p\u00f3s-gradua\u00e7\u00e3o). Atua tamb\u00e9m como membro da Rede CERTIFIC, atrav\u00e9s da qual trabalhadores, jovens e adultos que buscam forma\u00e7\u00e3o profissional podem fazer o reconhecimento dos saberes adquiridos na sua trajet\u00f3ria de vida e trabalho.<\/p>\n\n\n\n<p><\/p>\n\n\n\n<p><\/p>\n\n\n\n<div class=\"wp-block-group is-layout-flow\"><div class=\"wp-block-group__inner-container\">\n<div class=\"wp-block-buttons is-layout-flex\">\n<div class=\"wp-block-button has-custom-width wp-block-button__width-50 is-style-outline\"><a class=\"wp-block-button__link\" href=\"https:\/\/www.ifbaiano.edu.br\/unidades\/bonfim\/cursos-tecnicos\/\" style=\"border-radius:13px\">Cursos T\u00e9cnicos Integrados e Subsequentes<\/a><\/div>\n\n\n\n<div class=\"wp-block-button is-style-outline\"><a class=\"wp-block-button__link\" href=\"https:\/\/www.ifbaiano.edu.br\/unidades\/bonfim\/cursos-de-graduacao\/\" style=\"border-radius:13px\">Gradua\u00e7\u00e3o<\/a><\/div>\n\n\n\n<div class=\"wp-block-button is-style-outline\"><a class=\"wp-block-button__link\" href=\"https:\/\/www.ifbaiano.edu.br\/unidades\/bonfim\/ensino-a-distancia\/\" style=\"border-radius:13px\">Ensino a Dist\u00e2ncia<\/a><\/div>\n\n\n\n<div class=\"wp-block-button is-style-outline\"><a class=\"wp-block-button__link\" style=\"border-radius:13px\">P\u00f3s-gradua\u00e7\u00e3o<\/a><\/div>\n\n\n\n<div class=\"wp-block-button is-style-outline\"><a class=\"wp-block-button__link\" href=\"https:\/\/www.ifbaiano.edu.br\/unidades\/bonfim\/certific\/\" style=\"border-radius:13px\">Rede Certific<\/a><\/div>\n<\/div>\n<\/div><\/div>\n\n\n\n<p><\/p>\n","protected":false},"excerpt":{"rendered":"<p>Especializado na oferta de Educa\u00e7\u00e3o Profissional e Tecnol\u00f3gica, o Campus Senhor do Bonfim oferece cursos\u00a0t\u00e9cnicos integrados (para\u00a0 quem \u00a0ainda\u00a0 n\u00e3o\u00a0 concluiu o ensino m\u00e9dio), cursos t\u00e9cnicos subsequentes ao ensino m\u00e9dio, de forma presencial ou EaD, cursos de gradua\u00e7\u00e3o focado nas licenciaturas e especializa\u00e7\u00f5es\u00a0lato sensu (p\u00f3s-gradua\u00e7\u00e3o). Atua tamb\u00e9m como membro da Rede CERTIFIC, atrav\u00e9s da qual [&hellip;]<\/p>\n","protected":false},"author":79,"featured_media":0,"parent":0,"menu_order":0,"comment_status":"closed","ping_status":"closed","template":"","meta":[],"_links":{"self":[{"href":"https:\/\/www.ifbaiano.edu.br\/unidades\/bonfim\/wp-json\/wp\/v2\/pages\/8119"}],"collection":[{"href":"https:\/\/www.ifbaiano.edu.br\/unidades\/bonfim\/wp-json\/wp\/v2\/pages"}],"about":[{"href":"https:\/\/www.ifbaiano.edu.br\/unidades\/bonfim\/wp-json\/wp\/v2\/types\/page"}],"author":[{"embeddable":true,"href":"https:\/\/www.ifbaiano.edu.br\/unidades\/bonfim\/wp-json\/wp\/v2\/users\/79"}],"replies":[{"embeddable":true,"href":"https:\/\/www.ifbaiano.edu.br\/unidades\/bonfim\/wp-json\/wp\/v2\/comments?post=8119"}],"version-history":[{"count":33,"href":"https:\/\/www.ifbaiano.edu.br\/unidades\/bonfim\/wp-json\/wp\/v2\/pages\/8119\/revisions"}],"predecessor-version":[{"id":18860,"href":"https:\/\/www.ifbaiano.edu.br\/unidades\/bonfim\/wp-json\/wp\/v2\/pages\/8119\/revisions\/18860"}],"wp:attachment":[{"href":"https:\/\/www.ifbaiano.edu.br\/unidades\/bonfim\/wp-json\/wp\/v2\/media?parent=8119"}],"curies":[{"name":"wp","href":"https:\/\/api.w.org\/{rel}","templated":true}]}}

<p>Especializado na oferta de Educação Profissional e Tecnológica, o Campus Senhor do Bonfim oferece cursos técnicos integrados (para  quem  ainda  não  concluiu o ensino médio), cursos técnicos subsequentes ao ensino médio, de forma presencial ou EaD, cursos de graduação focado nas licenciaturas e especializações <em>lato sensu </em>(pós-graduação). Atua também como membro da Rede CERTIFIC, através da qual trabalhadores, jovens e adultos que buscam formação profissional podem fazer o reconhecimento dos saberes adquiridos na sua trajetória de vida e trabalho.</p>



<p></p>



<p></p>



<div class="wp-block-group is-layout-flow"><div class="wp-block-group__inner-container">
<div class="wp-block-buttons is-layout-flex">
<div class="wp-block-button has-custom-width wp-block-button__width-50 is-style-outline"><a class="wp-block-button__link" href="https://www.ifbaiano.edu.br/unidades/bonfim/cursos-tecnicos/" style="border-radius:13px">Cursos Técnicos Integrados e Subsequentes</a></div>



<div class="wp-block-button is-style-outline"><a class="wp-block-button__link" href="https://www.ifbaiano.edu.br/unidades/bonfim/cursos-de-graduacao/" style="border-radius:13px">Graduação</a></div>



<div class="wp-block-button is-style-outline"><a class="wp-block-button__link" href="https://www.ifbaiano.edu.br/unidades/bonfim/ensino-a-distancia/" style="border-radius:13px">Ensino a Distância</a></div>



<div class="wp-block-button is-style-outline"><a class="wp-block-button__link" style="border-radius:13px">Pós-graduação</a></div>



<div class="wp-block-button is-style-outline"><a class="wp-block-button__link" href="https://www.ifbaiano.edu.br/unidades/bonfim/certific/" style="border-radius:13px">Rede Certific</a></div>
</div>
</div></div>



<p></p>

<p>Especializado na oferta de Educação Profissional e Tecnológica, o Campus Senhor do Bonfim oferece cursos técnicos integrados (para  quem  ainda  não  concluiu o ensino médio), cursos técnicos subsequentes ao ensino médio, de forma presencial ou EaD, cursos de graduação focado nas licenciaturas e especializações lato sensu (pós-graduação). Atua também como membro da Rede CERTIFIC, através da qual [&hellip;]</p>
