{"id":10520,"date":"2015-11-11T11:51:40","date_gmt":"2015-11-11T11:51:40","guid":{"rendered":"http:\/\/www.ifbaiano.edu.br\/unidades\/catu\/?page_id=10520"},"modified":"2017-10-04T17:12:53","modified_gmt":"2017-10-04T17:12:53","slug":"tecnico-em-cozinha-3","status":"publish","type":"page","link":"https:\/\/www.ifbaiano.edu.br\/unidades\/catu\/alunos-estagio\/tecnico-em-cozinha-3\/","title":{"rendered":"T\u00e9cnico em Cozinha"},"content":{"rendered":"<p><span style=\"text-decoration: underline\"><strong>Formul\u00e1rio de avalia\u00e7\u00e3o de est\u00e1gio supervisionado obrigat\u00f3rio:<\/strong><\/span><\/p>\n<p style=\"text-align: justify\">Este question\u00e1rio visa obter informa\u00e7\u00f5es e sugest\u00f5es, que nos auxiliem no processo de avalia\u00e7\u00e3o do est\u00e1gio\/estagi\u00e1rio, al\u00e9m de contemplar alguns aspectos da pr\u00e1tica pedag\u00f3gica desenvolvida no Instituto, a fim de subsidiar informa\u00e7\u00f5es, para que possamos atender aos anseios dos estudantes e \u00e0s exig\u00eancias do mercado de trabalho.<\/p>\n<p><strong>Para acessar o question\u00e1rio, clique em:<\/strong><\/p>\n<p><a href=\"https:\/\/docs.google.com\/forms\/d\/10-aaJYvaiiqU5BHOChiisBGkqy9zEWxXvEQxG-Ve0KA\/viewform\" target=\"_blank\"><strong>1 &#8211;\u00a0COZINHA &#8211; CONCLUINTES ANO 2014 &#8211;<\/strong> (ALUNOS DO INTEGRADO QUE COM A GREVE FINALIZARAM EM\u00a0MAR\u00c7O 2015)\u00a0<\/a><\/p>\n<p><a href=\"https:\/\/docs.google.com\/forms\/d\/1G_lCKeIWwCgKhaCHpMmkkZ_r0lLlVlOHyrmY_oBqTBU\/viewform\" target=\"_blank\"><strong>2 &#8211;\u00a0COZINHA &#8211; CONCLUINTES ANO 2015 &#8211;<\/strong> (ALUNOS DO INTEGRADO QUE COM A GREVE FINALIZAR\u00c3O EM\u00a0MAR\u00c7O 2016)\u00a0<\/a><\/p>\n<p>&nbsp;<\/p>\n<p>&nbsp;<\/p>\n","protected":false},"excerpt":{"rendered":"<p>Formul\u00e1rio de avalia\u00e7\u00e3o de est\u00e1gio supervisionado obrigat\u00f3rio: Este question\u00e1rio visa obter informa\u00e7\u00f5es e sugest\u00f5es, que nos auxiliem no processo de avalia\u00e7\u00e3o do est\u00e1gio\/estagi\u00e1rio, al\u00e9m de contemplar alguns aspectos da pr\u00e1tica pedag\u00f3gica desenvolvida no Instituto, a fim de subsidiar informa\u00e7\u00f5es, para que possamos atender aos anseios dos estudantes e \u00e0s exig\u00eancias do mercado de trabalho. Para [&hellip;]<\/p>\n","protected":false},"author":27,"featured_media":0,"parent":123,"menu_order":0,"comment_status":"open","ping_status":"open","template":"","meta":[],"_links":{"self":[{"href":"https:\/\/www.ifbaiano.edu.br\/unidades\/catu\/wp-json\/wp\/v2\/pages\/10520"}],"collection":[{"href":"https:\/\/www.ifbaiano.edu.br\/unidades\/catu\/wp-json\/wp\/v2\/pages"}],"about":[{"href":"https:\/\/www.ifbaiano.edu.br\/unidades\/catu\/wp-json\/wp\/v2\/types\/page"}],"author":[{"embeddable":true,"href":"https:\/\/www.ifbaiano.edu.br\/unidades\/catu\/wp-json\/wp\/v2\/users\/27"}],"replies":[{"embeddable":true,"href":"https:\/\/www.ifbaiano.edu.br\/unidades\/catu\/wp-json\/wp\/v2\/comments?post=10520"}],"version-history":[{"count":9,"href":"https:\/\/www.ifbaiano.edu.br\/unidades\/catu\/wp-json\/wp\/v2\/pages\/10520\/revisions"}],"predecessor-version":[{"id":16020,"href":"https:\/\/www.ifbaiano.edu.br\/unidades\/catu\/wp-json\/wp\/v2\/pages\/10520\/revisions\/16020"}],"up":[{"embeddable":true,"href":"https:\/\/www.ifbaiano.edu.br\/unidades\/catu\/wp-json\/wp\/v2\/pages\/123"}],"wp:attachment":[{"href":"https:\/\/www.ifbaiano.edu.br\/unidades\/catu\/wp-json\/wp\/v2\/media?parent=10520"}],"curies":[{"name":"wp","href":"https:\/\/api.w.org\/{rel}","templated":true}]}}