{"id":11239,"date":"2015-09-09T16:27:11","date_gmt":"2015-09-09T16:27:11","guid":{"rendered":"http:\/\/www.ifbaiano.edu.br\/unidades\/catu\/?page_id=11239"},"modified":"2017-02-22T16:12:46","modified_gmt":"2017-02-22T16:12:46","slug":"apresentacao-e-contexto","status":"publish","type":"page","link":"https:\/\/www.ifbaiano.edu.br\/unidades\/catu\/apresentacao-e-contexto\/","title":{"rendered":"Apresenta\u00e7\u00e3o"},"content":{"rendered":"<p style=\"text-align: justify\"><strong>Projeto Pol\u00edtico Pedag\u00f3gico. Construir para mudar!<\/strong><\/p>\n<p style=\"text-align: justify\"><span style=\"color: #0000ff\"><em><strong>Prezados,<\/strong><\/em><\/span><\/p>\n<p style=\"text-align: justify\"><span style=\"color: #0000ff\"><em>O Grupo de Trabalho de Elabora\u00e7\u00e3o do Projeto Pol\u00edtico Pedag\u00f3gico (PPP) tem o prazer de compartilhar com voc\u00eas a vers\u00e3o, em constru\u00e7\u00e3o, deste documento de extrema import\u00e2ncia para a nossa institui\u00e7\u00e3o. \u00a0Contamos com a colabora\u00e7\u00e3o de todos, para que o PPP represente as vozes dos sujeitos da comunidade. Para tanto, solicitamos que leiam o texto preliminar e nos enviem cr\u00edticas, mas tamb\u00e9m \u00a0sugest\u00f5es\u00a0e considera\u00e7\u00f5es que contribuam para a constru\u00e7\u00e3o deste\u00a0documento.<\/em><\/span><\/p>\n<p style=\"text-align: justify\"><span style=\"color: #0000ff\"><em>Contamos com a valiosa colabora\u00e7\u00e3o de todos!<\/em><\/span><\/p>\n<p style=\"text-align: justify\"><span style=\"color: #0000ff\"><em>Um grande abra\u00e7o,<\/em><\/span><\/p>\n<p style=\"text-align: justify\"><span style=\"color: #0000ff\"><em><strong>GT de Elabora\u00e7\u00e3o do PPP<\/strong><\/em><\/span><\/p>\n<p style=\"text-align: justify\"><span style=\"color: #000000\"><strong>APRESENTA\u00c7\u00c3O<\/strong><\/span><\/p>\n<p style=\"text-align: justify\">1 &#8211; O Projeto Pedag\u00f3gico \u00e9 \u00a0o resultado de reflex\u00f5es e questionamentos de seus profissionais sobre o que \u00e9 a escola hoje e o que poder\u00e1 a vir a ser.<\/p>\n<p style=\"text-align: justify\">2 &#8211; O Projeto Pedag\u00f3gico n\u00e3o come\u00e7a de uma s\u00f3 vez, e n\u00e3o nasce pronto. N\u00e3o \u00e9 obra exclusiva do diretor, ou do professor coordenador, mas sim de um grupo que engloba, no in\u00edcio, coordena\u00e7\u00e3o, dire\u00e7\u00e3o e corpo docente, corpo discente e sua fam\u00edlia.<\/p>\n<p style=\"text-align: justify\">3 &#8211; Durante a constru\u00e7\u00e3o do Projeto Pedag\u00f3gico, os educadores explicitam seus prop\u00f3sitos, apontam metas e objetivos comuns, vislumbrando caminhos para melhorar a atua\u00e7\u00e3o da escola. O Projeto Pedag\u00f3gico confere identidade \u00e0 escola como uma institui\u00e7\u00e3o que tem personalidade pr\u00f3pria, por refletir o pensamento do seu coletivo.<\/p>\n<p style=\"text-align: justify\">4 &#8211; Os princ\u00edpios, nos quais se baseia o Projeto Pedag\u00f3gico, s\u00e3o: garantia do acesso e perman\u00eancia, com sucesso, do aluno na escola; gest\u00e3o democr\u00e1tica; valoriza\u00e7\u00e3o dos profissionais da educa\u00e7\u00e3o; qualidade do ensino;organiza\u00e7\u00e3o e integra\u00e7\u00e3o curricular; integra\u00e7\u00e3o escola\/fam\u00edlia\/comunidade; autonomia.<\/p>\n<p style=\"text-align: justify\">Para a elabora\u00e7\u00e3o deste documento, at\u00e9 o momento o GT de Elabora\u00e7\u00e3o do PPP vem realizando grupos de estudos e de produ\u00e7\u00e3o textual, cujas a\u00e7\u00f5es\u00a0culminaram na constru\u00e7\u00e3o desta vers\u00e3o preliminar, que est\u00e1 estruturada da seguinte forma:<\/p>\n<p style=\"text-align: justify\">Cap\u00edtulo I : Introdu\u00e7\u00e3o<\/p>\n<p style=\"text-align: justify\">Cap\u00edtulo II: Perfil Institucional<\/p>\n<p style=\"text-align: justify\">Cap\u00edtulo III: Objetivos<\/p>\n<p style=\"text-align: justify\">Cap\u00edtulo IV: Gest\u00e3o Institucional<\/p>\n<p style=\"text-align: justify\">Cap\u00edtulo V: Concep\u00e7\u00f5es e Princ\u00edpios Norteadores das Atividades Acad\u00eamicas<\/p>\n<p style=\"text-align: justify\">Cap\u00edtulo VI: A Pr\u00e1xis Pedag\u00f3cia<\/p>\n<p style=\"text-align: justify\">Cap\u00edtulo VII: A Educa\u00e7\u00e3o Profissional eTecnol\u00f3gica<\/p>\n<p style=\"text-align: justify\">Cap\u00edtulo VIII: As Pol\u00edticas Institucionais<\/p>\n<p style=\"text-align: justify\">Cap\u00edtulo IX: Auto Avalia\u00e7\u00e3o Instituicional<\/p>\n<p style=\"text-align: justify\">O acesso ao conte\u00fado de cada cap\u00edtulo, pode se dar pela navega\u00e7\u00e3o do menu ao lado, ou baixando o texto completo do PPP, atrav\u00e9s do link:<\/p>\n","protected":false},"excerpt":{"rendered":"<p>Projeto Pol\u00edtico Pedag\u00f3gico. Construir para mudar! Prezados, O Grupo de Trabalho de Elabora\u00e7\u00e3o do Projeto Pol\u00edtico Pedag\u00f3gico (PPP) tem o prazer de compartilhar com voc\u00eas a vers\u00e3o, em constru\u00e7\u00e3o, deste documento de extrema import\u00e2ncia para a nossa institui\u00e7\u00e3o. \u00a0Contamos com a colabora\u00e7\u00e3o de todos, para que o PPP represente as vozes dos sujeitos da comunidade. [&hellip;]<\/p>\n","protected":false},"author":20,"featured_media":0,"parent":0,"menu_order":0,"comment_status":"open","ping_status":"open","template":"","meta":[],"_links":{"self":[{"href":"https:\/\/www.ifbaiano.edu.br\/unidades\/catu\/wp-json\/wp\/v2\/pages\/11239"}],"collection":[{"href":"https:\/\/www.ifbaiano.edu.br\/unidades\/catu\/wp-json\/wp\/v2\/pages"}],"about":[{"href":"https:\/\/www.ifbaiano.edu.br\/unidades\/catu\/wp-json\/wp\/v2\/types\/page"}],"author":[{"embeddable":true,"href":"https:\/\/www.ifbaiano.edu.br\/unidades\/catu\/wp-json\/wp\/v2\/users\/20"}],"replies":[{"embeddable":true,"href":"https:\/\/www.ifbaiano.edu.br\/unidades\/catu\/wp-json\/wp\/v2\/comments?post=11239"}],"version-history":[{"count":11,"href":"https:\/\/www.ifbaiano.edu.br\/unidades\/catu\/wp-json\/wp\/v2\/pages\/11239\/revisions"}],"predecessor-version":[{"id":15190,"href":"https:\/\/www.ifbaiano.edu.br\/unidades\/catu\/wp-json\/wp\/v2\/pages\/11239\/revisions\/15190"}],"wp:attachment":[{"href":"https:\/\/www.ifbaiano.edu.br\/unidades\/catu\/wp-json\/wp\/v2\/media?parent=11239"}],"curies":[{"name":"wp","href":"https:\/\/api.w.org\/{rel}","templated":true}]}}

Apresentação

<p style="text-align: justify"><strong>Projeto Político Pedagógico. Construir para mudar!</strong></p>
<p style="text-align: justify"><span style="color: #0000ff"><em><strong>Prezados,</strong></em></span></p>
<p style="text-align: justify"><span style="color: #0000ff"><em>O Grupo de Trabalho de Elaboração do Projeto Político Pedagógico (PPP) tem o prazer de compartilhar com vocês a versão, em construção, deste documento de extrema importância para a nossa instituição.  Contamos com a colaboração de todos, para que o PPP represente as vozes dos sujeitos da comunidade. Para tanto, solicitamos que leiam o texto preliminar e nos enviem críticas, mas também  sugestões e considerações que contribuam para a construção deste documento.</em></span></p>
<p style="text-align: justify"><span style="color: #0000ff"><em>Contamos com a valiosa colaboração de todos!</em></span></p>
<p style="text-align: justify"><span style="color: #0000ff"><em>Um grande abraço,</em></span></p>
<p style="text-align: justify"><span style="color: #0000ff"><em><strong>GT de Elaboração do PPP</strong></em></span></p>
<p style="text-align: justify"><span style="color: #000000"><strong>APRESENTAÇÃO</strong></span></p>
<p style="text-align: justify">1 &#8211; O Projeto Pedagógico é  o resultado de reflexões e questionamentos de seus profissionais sobre o que é a escola hoje e o que poderá a vir a ser.</p>
<p style="text-align: justify">2 &#8211; O Projeto Pedagógico não começa de uma só vez, e não nasce pronto. Não é obra exclusiva do diretor, ou do professor coordenador, mas sim de um grupo que engloba, no início, coordenação, direção e corpo docente, corpo discente e sua família.</p>
<p style="text-align: justify">3 &#8211; Durante a construção do Projeto Pedagógico, os educadores explicitam seus propósitos, apontam metas e objetivos comuns, vislumbrando caminhos para melhorar a atuação da escola. O Projeto Pedagógico confere identidade à escola como uma instituição que tem personalidade própria, por refletir o pensamento do seu coletivo.</p>
<p style="text-align: justify">4 &#8211; Os princípios, nos quais se baseia o Projeto Pedagógico, são: garantia do acesso e permanência, com sucesso, do aluno na escola; gestão democrática; valorização dos profissionais da educação; qualidade do ensino;organização e integração curricular; integração escola/família/comunidade; autonomia.</p>
<p style="text-align: justify">Para a elaboração deste documento, até o momento o GT de Elaboração do PPP vem realizando grupos de estudos e de produção textual, cujas ações culminaram na construção desta versão preliminar, que está estruturada da seguinte forma:</p>
<p style="text-align: justify">Capítulo I : Introdução</p>
<p style="text-align: justify">Capítulo II: Perfil Institucional</p>
<p style="text-align: justify">Capítulo III: Objetivos</p>
<p style="text-align: justify">Capítulo IV: Gestão Institucional</p>
<p style="text-align: justify">Capítulo V: Concepções e Princípios Norteadores das Atividades Acadêmicas</p>
<p style="text-align: justify">Capítulo VI: A Práxis Pedagócia</p>
<p style="text-align: justify">Capítulo VII: A Educação Profissional eTecnológica</p>
<p style="text-align: justify">Capítulo VIII: As Políticas Institucionais</p>
<p style="text-align: justify">Capítulo IX: Auto Avaliação Instituicional</p>
<p style="text-align: justify">O acesso ao conteúdo de cada capítulo, pode se dar pela navegação do menu ao lado, ou baixando o texto completo do PPP, através do link:</p>

<p>Projeto Político Pedagógico. Construir para mudar! Prezados, O Grupo de Trabalho de Elaboração do Projeto Político Pedagógico (PPP) tem o prazer de compartilhar com vocês a versão, em construção, deste documento de extrema importância para a nossa instituição.  Contamos com a colaboração de todos, para que o PPP represente as vozes dos sujeitos da comunidade. [&hellip;]</p>
