{"id":11249,"date":"2015-09-09T16:31:51","date_gmt":"2015-09-09T16:31:51","guid":{"rendered":"http:\/\/www.ifbaiano.edu.br\/unidades\/catu\/?page_id=11249"},"modified":"2017-02-23T12:26:03","modified_gmt":"2017-02-23T12:26:03","slug":"gestao-institucional","status":"publish","type":"page","link":"https:\/\/www.ifbaiano.edu.br\/unidades\/catu\/gestao-institucional\/","title":{"rendered":"Gest\u00e3o Institucional"},"content":{"rendered":"<p><span style=\"color: #ff0000\">Texto em constru\u00e7\u00e3o. Contamos coma sua colabora\u00e7\u00e3o!<\/span><\/p>\n<p>O Capitulo Gest\u00e3o Institucional apresenta traz a Gest\u00e3o Democr\u00e1tica e\u00a0descreve os seus princ\u00edpios. Traz tanto a fun\u00e7\u00e3o administrativa, quanto a pol\u00edtica e formativa deste modelo de gest\u00e3o, apontando como a participa\u00e7\u00e3o em decis\u00f5es da institui\u00e7\u00e3o proporciona o exerc\u00edcio da cidadania, cria o sentimento de pertencimento e de responsabilidade coletiva e torna as a\u00e7\u00f5es administrativas comprometidas com os coletivos sociais.<\/p>\n<p>Para ler este cap\u00edtulo, em sua \u00edntegra, acesse:\u00a0<a href=\"http:\/\/www.ifbaiano.edu.br\/unidades\/catu\/files\/2015\/09\/CapIV_Gest\u00e3o-Institucional.pdf\">CapIV_Gest\u00e3o Institucional<\/a><\/p>\n<p>Colabore com constru\u00e7\u00e3o do PPP, enviado cr\u00edticas, sugest\u00f5es e considera\u00e7\u00f5es, at\u00e9 o dia 12 de mar\u00e7o, atrav\u00e9s do link:<\/p>\n<p><a href=\"https:\/\/opina.ifbaiano.edu.br\/index.php\/survey\/index\/sid\/516381\/newtest\/Y\/lang\/pt-BR\">https:\/\/opina.ifbaiano.edu.br\/index.php\/survey\/index\/sid\/516381\/newtest\/Y\/lang\/pt-BR<\/a><\/p>\n<p><em><span style=\"color: #0000ff\">&#8220;Vamos colaborar para a constru\u00e7\u00e3o de um documento que represente as vozes dos membros da comunidade acad\u00eamica!&#8221;<\/span><\/em><\/p>\n<p><strong><em><span style=\"color: #0000ff\">GT de Elabora\u00e7\u00e3o do PPP<\/span><\/em><\/strong><\/p>\n<p>&nbsp;<\/p>\n<p>&nbsp;<\/p>\n","protected":false},"excerpt":{"rendered":"<p>Texto em constru\u00e7\u00e3o. Contamos coma sua colabora\u00e7\u00e3o! O Capitulo Gest\u00e3o Institucional apresenta traz a Gest\u00e3o Democr\u00e1tica e\u00a0descreve os seus princ\u00edpios. Traz tanto a fun\u00e7\u00e3o administrativa, quanto a pol\u00edtica e formativa deste modelo de gest\u00e3o, apontando como a participa\u00e7\u00e3o em decis\u00f5es da institui\u00e7\u00e3o proporciona o exerc\u00edcio da cidadania, cria o sentimento de pertencimento e de responsabilidade [&hellip;]<\/p>\n","protected":false},"author":20,"featured_media":0,"parent":0,"menu_order":0,"comment_status":"open","ping_status":"open","template":"","meta":[],"_links":{"self":[{"href":"https:\/\/www.ifbaiano.edu.br\/unidades\/catu\/wp-json\/wp\/v2\/pages\/11249"}],"collection":[{"href":"https:\/\/www.ifbaiano.edu.br\/unidades\/catu\/wp-json\/wp\/v2\/pages"}],"about":[{"href":"https:\/\/www.ifbaiano.edu.br\/unidades\/catu\/wp-json\/wp\/v2\/types\/page"}],"author":[{"embeddable":true,"href":"https:\/\/www.ifbaiano.edu.br\/unidades\/catu\/wp-json\/wp\/v2\/users\/20"}],"replies":[{"embeddable":true,"href":"https:\/\/www.ifbaiano.edu.br\/unidades\/catu\/wp-json\/wp\/v2\/comments?post=11249"}],"version-history":[{"count":9,"href":"https:\/\/www.ifbaiano.edu.br\/unidades\/catu\/wp-json\/wp\/v2\/pages\/11249\/revisions"}],"predecessor-version":[{"id":15235,"href":"https:\/\/www.ifbaiano.edu.br\/unidades\/catu\/wp-json\/wp\/v2\/pages\/11249\/revisions\/15235"}],"wp:attachment":[{"href":"https:\/\/www.ifbaiano.edu.br\/unidades\/catu\/wp-json\/wp\/v2\/media?parent=11249"}],"curies":[{"name":"wp","href":"https:\/\/api.w.org\/{rel}","templated":true}]}}

Gestão Institucional

<p><span style="color: #ff0000">Texto em construção. Contamos coma sua colaboração!</span></p>
<p>O Capitulo Gestão Institucional apresenta traz a Gestão Democrática e descreve os seus princípios. Traz tanto a função administrativa, quanto a política e formativa deste modelo de gestão, apontando como a participação em decisões da instituição proporciona o exercício da cidadania, cria o sentimento de pertencimento e de responsabilidade coletiva e torna as ações administrativas comprometidas com os coletivos sociais.</p>
<p>Para ler este capítulo, em sua íntegra, acesse: <a href="http://www.ifbaiano.edu.br/unidades/catu/files/2015/09/CapIV_Gestão-Institucional.pdf">CapIV_Gestão Institucional</a></p>
<p>Colabore com construção do PPP, enviado críticas, sugestões e considerações, até o dia 12 de março, através do link:</p>
<p><a href="https://opina.ifbaiano.edu.br/index.php/survey/index/sid/516381/newtest/Y/lang/pt-BR">https://opina.ifbaiano.edu.br/index.php/survey/index/sid/516381/newtest/Y/lang/pt-BR</a></p>
<p><em><span style="color: #0000ff">&#8220;Vamos colaborar para a construção de um documento que represente as vozes dos membros da comunidade acadêmica!&#8221;</span></em></p>
<p><strong><em><span style="color: #0000ff">GT de Elaboração do PPP</span></em></strong></p>
<p>&nbsp;</p>
<p>&nbsp;</p>

<p>Texto em construção. Contamos coma sua colaboração! O Capitulo Gestão Institucional apresenta traz a Gestão Democrática e descreve os seus princípios. Traz tanto a função administrativa, quanto a política e formativa deste modelo de gestão, apontando como a participação em decisões da instituição proporciona o exercício da cidadania, cria o sentimento de pertencimento e de responsabilidade [&hellip;]</p>
