{"id":11253,"date":"2015-09-09T16:32:31","date_gmt":"2015-09-09T16:32:31","guid":{"rendered":"http:\/\/www.ifbaiano.edu.br\/unidades\/catu\/?page_id=11253"},"modified":"2017-02-23T18:35:15","modified_gmt":"2017-02-23T18:35:15","slug":"principios-do-curriculo","status":"publish","type":"page","link":"https:\/\/www.ifbaiano.edu.br\/unidades\/catu\/principios-do-curriculo\/","title":{"rendered":"Princ\u00edpios do Curr\u00edculo"},"content":{"rendered":"<p><span style=\"color: #ff0000\">Texto em constru\u00e7\u00e3o. Contamos com a sua colabora\u00e7\u00e3o!<\/span><\/p>\n<p><span style=\"color: #000000\">O Cap\u00edtulo Concep\u00e7\u00f5es e Princ\u00edpios que Norteiam as Atividades Pedag\u00f3gicas apresenta os conceitos de homem, forma\u00e7\u00e3o humana, sociedade\u00a0e educa\u00e7\u00e3o. Tamb\u00e9m as rela\u00e7\u00f5es da Educa\u00e7\u00e3o com a Sociedade, com o Mundo do Trabalho e com a Ci\u00eancia, a Tecnologia e a Cultura, apontando com o trabalho educativo est\u00e1 intrinsecamente relacionado com estas \u00e1reas do conhecimento e da atua\u00e7\u00e3o humana.<\/span><\/p>\n<p>O cap\u00edtulo tamb\u00e9m apresenta as concep\u00e7\u00f5es, os percursos e os percal\u00e7os do curr\u00edculo, apresentando uma compreens\u00e3o de curr\u00edculo para aprecia\u00e7\u00e3o da comunidade.<\/p>\n<p>Para ler este cap\u00edtulo, em sua \u00edntegra, acesse:\u00a0<a href=\"http:\/\/www.ifbaiano.edu.br\/unidades\/catu\/files\/2015\/09\/CapV_Concep\u00e7\u00f5es-e-Princ\u00edpios-Norteadore-das-Atividades-Acad\u00eamicas-1.pdf\">CapV_Concep\u00e7\u00f5es e Princ\u00edpios Norteadores das Atividades Acad\u00eamicas<\/a><\/p>\n<p>Colabore com constru\u00e7\u00e3o do PPP, enviado cr\u00edticas, sugest\u00f5es e considera\u00e7\u00f5es, at\u00e9 o dia 12 de mar\u00e7o, atrav\u00e9s do link:<\/p>\n<p><a href=\"https:\/\/opina.ifbaiano.edu.br\/index.php\/survey\/index\/sid\/516381\/newtest\/Y\/lang\/pt-BR\">https:\/\/opina.ifbaiano.edu.br\/index.php\/survey\/index\/sid\/516381\/newtest\/Y\/lang\/pt-BR<\/a><\/p>\n<p><span style=\"color: #0000ff\"><em>&#8220;Vamos colaborar com\u00a0a constru\u00e7\u00e3o de um documento que represente as vozes dos membros da comunidade acad\u00eamica!\u201d<\/em><\/span><\/p>\n<p><span style=\"color: #0000ff\"><em>GT de Elabora\u00e7\u00e3o do PPP<\/em><\/span><\/p>\n","protected":false},"excerpt":{"rendered":"<p>Texto em constru\u00e7\u00e3o. Contamos com a sua colabora\u00e7\u00e3o! O Cap\u00edtulo Concep\u00e7\u00f5es e Princ\u00edpios que Norteiam as Atividades Pedag\u00f3gicas apresenta os conceitos de homem, forma\u00e7\u00e3o humana, sociedade\u00a0e educa\u00e7\u00e3o. Tamb\u00e9m as rela\u00e7\u00f5es da Educa\u00e7\u00e3o com a Sociedade, com o Mundo do Trabalho e com a Ci\u00eancia, a Tecnologia e a Cultura, apontando com o trabalho educativo est\u00e1 [&hellip;]<\/p>\n","protected":false},"author":20,"featured_media":0,"parent":0,"menu_order":0,"comment_status":"open","ping_status":"open","template":"","meta":[],"_links":{"self":[{"href":"https:\/\/www.ifbaiano.edu.br\/unidades\/catu\/wp-json\/wp\/v2\/pages\/11253"}],"collection":[{"href":"https:\/\/www.ifbaiano.edu.br\/unidades\/catu\/wp-json\/wp\/v2\/pages"}],"about":[{"href":"https:\/\/www.ifbaiano.edu.br\/unidades\/catu\/wp-json\/wp\/v2\/types\/page"}],"author":[{"embeddable":true,"href":"https:\/\/www.ifbaiano.edu.br\/unidades\/catu\/wp-json\/wp\/v2\/users\/20"}],"replies":[{"embeddable":true,"href":"https:\/\/www.ifbaiano.edu.br\/unidades\/catu\/wp-json\/wp\/v2\/comments?post=11253"}],"version-history":[{"count":6,"href":"https:\/\/www.ifbaiano.edu.br\/unidades\/catu\/wp-json\/wp\/v2\/pages\/11253\/revisions"}],"predecessor-version":[{"id":15242,"href":"https:\/\/www.ifbaiano.edu.br\/unidades\/catu\/wp-json\/wp\/v2\/pages\/11253\/revisions\/15242"}],"wp:attachment":[{"href":"https:\/\/www.ifbaiano.edu.br\/unidades\/catu\/wp-json\/wp\/v2\/media?parent=11253"}],"curies":[{"name":"wp","href":"https:\/\/api.w.org\/{rel}","templated":true}]}}

Princípios do Currículo

<p><span style="color: #ff0000">Texto em construção. Contamos com a sua colaboração!</span></p>
<p><span style="color: #000000">O Capítulo Concepções e Princípios que Norteiam as Atividades Pedagógicas apresenta os conceitos de homem, formação humana, sociedade e educação. Também as relações da Educação com a Sociedade, com o Mundo do Trabalho e com a Ciência, a Tecnologia e a Cultura, apontando com o trabalho educativo está intrinsecamente relacionado com estas áreas do conhecimento e da atuação humana.</span></p>
<p>O capítulo também apresenta as concepções, os percursos e os percalços do currículo, apresentando uma compreensão de currículo para apreciação da comunidade.</p>
<p>Para ler este capítulo, em sua íntegra, acesse: <a href="http://www.ifbaiano.edu.br/unidades/catu/files/2015/09/CapV_Concepções-e-Princípios-Norteadore-das-Atividades-Acadêmicas-1.pdf">CapV_Concepções e Princípios Norteadores das Atividades Acadêmicas</a></p>
<p>Colabore com construção do PPP, enviado críticas, sugestões e considerações, até o dia 12 de março, através do link:</p>
<p><a href="https://opina.ifbaiano.edu.br/index.php/survey/index/sid/516381/newtest/Y/lang/pt-BR">https://opina.ifbaiano.edu.br/index.php/survey/index/sid/516381/newtest/Y/lang/pt-BR</a></p>
<p><span style="color: #0000ff"><em>&#8220;Vamos colaborar com a construção de um documento que represente as vozes dos membros da comunidade acadêmica!”</em></span></p>
<p><span style="color: #0000ff"><em>GT de Elaboração do PPP</em></span></p>

<p>Texto em construção. Contamos com a sua colaboração! O Capítulo Concepções e Princípios que Norteiam as Atividades Pedagógicas apresenta os conceitos de homem, formação humana, sociedade e educação. Também as relações da Educação com a Sociedade, com o Mundo do Trabalho e com a Ciência, a Tecnologia e a Cultura, apontando com o trabalho educativo está [&hellip;]</p>
