{"id":11261,"date":"2015-09-09T16:33:34","date_gmt":"2015-09-09T16:33:34","guid":{"rendered":"http:\/\/www.ifbaiano.edu.br\/unidades\/catu\/?page_id=11261"},"modified":"2017-02-23T12:30:03","modified_gmt":"2017-02-23T12:30:03","slug":"politicas-institucionais","status":"publish","type":"page","link":"https:\/\/www.ifbaiano.edu.br\/unidades\/catu\/politicas-institucionais\/","title":{"rendered":"Pol\u00edticas Institucionais"},"content":{"rendered":"<p><span style=\"color: #ff0000\">Texto em constru\u00e7\u00e3o. Contamos com a sua colabora\u00e7\u00e3o!<\/span><\/p>\n<p>O Cap\u00edtulo Pol\u00edticas Institucionais traz a import\u00e2ncia das pol\u00edticas da institui\u00e7\u00e3o\u00a0e apresenta as a\u00e7\u00f5es afirmativas, de inclus\u00e3o, de perman\u00eancia e exito, de assist\u00eancia estudantil, desenvolvidas no campus, assim como aquelas que se vislumbrar implantar.<\/p>\n<p>Para ler este cap\u00edtulo, em sua \u00edntegra, acesse:\u00a0<a href=\"http:\/\/www.ifbaiano.edu.br\/unidades\/catu\/files\/2015\/09\/CapVIII_Pol\u00edticas-Institucionais..pdf\">CapVIII_Pol\u00edticas Institucionais.<\/a><\/p>\n<p><span style=\"color: #0000ff\">Colabore com constru\u00e7\u00e3o do PPP, enviado cr\u00edticas, sugest\u00f5es e considera\u00e7\u00f5es, at\u00e9 o dia 12 de mar\u00e7o, atrav\u00e9s do link:<\/span><\/p>\n<p><a href=\"https:\/\/opina.ifbaiano.edu.br\/index.php\/survey\/index\/sid\/516381\/newtest\/Y\/lang\/pt-BR\">https:\/\/opina.ifbaiano.edu.br\/index.php\/survey\/index\/sid\/516381\/newtest\/Y\/lang\/pt-BR<\/a><\/p>\n<p><span style=\"color: #0000ff\"><em>&#8220;Vamos colaborar para a constru\u00e7\u00e3o de um documento que represente as vozes dos membros da comunidade acad\u00eamica!\u201d<\/em><\/span><\/p>\n<p><span style=\"color: #0000ff\"><em>GT de Elabora\u00e7\u00e3o do PPP<\/em><\/span><\/p>\n","protected":false},"excerpt":{"rendered":"<p>Texto em constru\u00e7\u00e3o. Contamos com a sua colabora\u00e7\u00e3o! O Cap\u00edtulo Pol\u00edticas Institucionais traz a import\u00e2ncia das pol\u00edticas da institui\u00e7\u00e3o\u00a0e apresenta as a\u00e7\u00f5es afirmativas, de inclus\u00e3o, de perman\u00eancia e exito, de assist\u00eancia estudantil, desenvolvidas no campus, assim como aquelas que se vislumbrar implantar. Para ler este cap\u00edtulo, em sua \u00edntegra, acesse:\u00a0CapVIII_Pol\u00edticas Institucionais. Colabore com constru\u00e7\u00e3o do [&hellip;]<\/p>\n","protected":false},"author":20,"featured_media":0,"parent":0,"menu_order":0,"comment_status":"open","ping_status":"open","template":"","meta":[],"_links":{"self":[{"href":"https:\/\/www.ifbaiano.edu.br\/unidades\/catu\/wp-json\/wp\/v2\/pages\/11261"}],"collection":[{"href":"https:\/\/www.ifbaiano.edu.br\/unidades\/catu\/wp-json\/wp\/v2\/pages"}],"about":[{"href":"https:\/\/www.ifbaiano.edu.br\/unidades\/catu\/wp-json\/wp\/v2\/types\/page"}],"author":[{"embeddable":true,"href":"https:\/\/www.ifbaiano.edu.br\/unidades\/catu\/wp-json\/wp\/v2\/users\/20"}],"replies":[{"embeddable":true,"href":"https:\/\/www.ifbaiano.edu.br\/unidades\/catu\/wp-json\/wp\/v2\/comments?post=11261"}],"version-history":[{"count":4,"href":"https:\/\/www.ifbaiano.edu.br\/unidades\/catu\/wp-json\/wp\/v2\/pages\/11261\/revisions"}],"predecessor-version":[{"id":15239,"href":"https:\/\/www.ifbaiano.edu.br\/unidades\/catu\/wp-json\/wp\/v2\/pages\/11261\/revisions\/15239"}],"wp:attachment":[{"href":"https:\/\/www.ifbaiano.edu.br\/unidades\/catu\/wp-json\/wp\/v2\/media?parent=11261"}],"curies":[{"name":"wp","href":"https:\/\/api.w.org\/{rel}","templated":true}]}}

Políticas Institucionais

<p><span style="color: #ff0000">Texto em construção. Contamos com a sua colaboração!</span></p>
<p>O Capítulo Políticas Institucionais traz a importância das políticas da instituição e apresenta as ações afirmativas, de inclusão, de permanência e exito, de assistência estudantil, desenvolvidas no campus, assim como aquelas que se vislumbrar implantar.</p>
<p>Para ler este capítulo, em sua íntegra, acesse: <a href="http://www.ifbaiano.edu.br/unidades/catu/files/2015/09/CapVIII_Políticas-Institucionais..pdf">CapVIII_Políticas Institucionais.</a></p>
<p><span style="color: #0000ff">Colabore com construção do PPP, enviado críticas, sugestões e considerações, até o dia 12 de março, através do link:</span></p>
<p><a href="https://opina.ifbaiano.edu.br/index.php/survey/index/sid/516381/newtest/Y/lang/pt-BR">https://opina.ifbaiano.edu.br/index.php/survey/index/sid/516381/newtest/Y/lang/pt-BR</a></p>
<p><span style="color: #0000ff"><em>&#8220;Vamos colaborar para a construção de um documento que represente as vozes dos membros da comunidade acadêmica!”</em></span></p>
<p><span style="color: #0000ff"><em>GT de Elaboração do PPP</em></span></p>

<p>Texto em construção. Contamos com a sua colaboração! O Capítulo Políticas Institucionais traz a importância das políticas da instituição e apresenta as ações afirmativas, de inclusão, de permanência e exito, de assistência estudantil, desenvolvidas no campus, assim como aquelas que se vislumbrar implantar. Para ler este capítulo, em sua íntegra, acesse: CapVIII_Políticas Institucionais. Colabore com construção do [&hellip;]</p>
