{"id":11265,"date":"2015-09-09T16:34:21","date_gmt":"2015-09-09T16:34:21","guid":{"rendered":"http:\/\/www.ifbaiano.edu.br\/unidades\/catu\/?page_id=11265"},"modified":"2017-02-23T12:24:53","modified_gmt":"2017-02-23T12:24:53","slug":"objetivos","status":"publish","type":"page","link":"https:\/\/www.ifbaiano.edu.br\/unidades\/catu\/objetivos\/","title":{"rendered":"Objetivos do PPP"},"content":{"rendered":"<p><span style=\"color: #ff0000\">Texto em constru\u00e7\u00e3o. Contamos com a sua colabora\u00e7\u00e3o!<\/span><\/p>\n<p>O Projeto Pol\u00edtico Pedag\u00f3gico do IF Baiano Campus Catu,\u00a0tem o objetivo de orientar a oferta de educa\u00e7\u00e3o, em todos os seus n\u00edveis e modalidades, de acordo com os interesses coletivos do seu p\u00fablico, na perspectiva de subsidiar administrativa e pedagogicamente a forma\u00e7\u00e3o de cidad\u00e3os para a atua\u00e7\u00e3o nos diversos setores da sociedade.<\/p>\n<p><strong>\u00a0<\/strong><\/p>\n<p>3.2 OBJETIVOS ESPEC\u00cdFICOS<\/p>\n<p>Pautando-se no cumprimento do Estatuto do IF Baiano, nos objetivos institucionais definidas na Lei de Cria\u00e7\u00e3o dos Institutos Federais e nas vozes dos membros da sua comunidade acad\u00eamica, este Projeto Pol\u00edtico Pedag\u00f3gico estabelece os seguintes objetivos espec\u00edficos:<\/p>\n<p>I \u2013 fortalecer a identidade institucional do campus, fundamentada nos princ\u00edpios da participa\u00e7\u00e3o coletiva, do sentimento de pertencimento, da responsabilidade compartilhada;<\/p>\n<p>II \u2013 fundamentar curr\u00edculos, nos diversos n\u00edveis e modalidades de ensino, na perspectiva da forma\u00e7\u00e3o ampliada para atua\u00e7\u00e3o no mundo do trabalho, contemplando as dimens\u00f5es pessoal, pol\u00edtica e profissional;<\/p>\n<p>III \u2013 orientar a constitui\u00e7\u00e3o de cursos de trabalhadores, objetivando a capacita\u00e7\u00e3o, o aperfei\u00e7oamento, a especializa\u00e7\u00e3o e a atualiza\u00e7\u00e3o de profissionais, em todos os n\u00edveis de escolaridade, e considerando o legado de aprendizado deste p\u00fablico adquirido no seu hist\u00f3rico de vida;<\/p>\n<p>IV \u2013 fomentar a realiza\u00e7\u00e3o de projetos de pesquisas aplicadas, estimulando o desenvolvimento de solu\u00e7\u00f5es cient\u00edficas, t\u00e9cnicas e tecnol\u00f3gicas, em conson\u00e2ncia com os interesses da comunidade e fundamentada na pesquisa com o princ\u00edpio educativo;<\/p>\n<p>V \u2013 fomentar a realiza\u00e7\u00e3o de atividades de extens\u00e3o em articula\u00e7\u00e3o com o mundo do trabalho e os segmentos sociais, com \u00eanfase na produ\u00e7\u00e3o, desenvolvimento e difus\u00e3o de conhecimentos cient\u00edficos, tecnol\u00f3gicos, culturais e ambientais e no respeito \u00e0 cultura e a vida social do seu p\u00fablico;<\/p>\n<p>VI \u2013 nortear processos educativos que levem \u00e0 gera\u00e7\u00e3o de trabalho e renda e \u00e0 emancipa\u00e7\u00e3o do cidad\u00e3o na perspectiva do desenvolvimento pessoal, socioecon\u00f4mico local e regional.<\/p>\n<p><span style=\"color: #000000\">Colabore com constru\u00e7\u00e3o do PPP, enviado cr\u00edticas, sugest\u00f5es e considera\u00e7\u00f5es, at\u00e9 o dia 12 de mar\u00e7o, atrav\u00e9s do link:<\/span><\/p>\n<p><a href=\"https:\/\/opina.ifbaiano.edu.br\/index.php\/survey\/index\/sid\/516381\/newtest\/Y\/lang\/pt-BR\">https:\/\/opina.ifbaiano.edu.br\/index.php\/survey\/index\/sid\/516381\/newtest\/Y\/lang\/pt-BR<\/a><\/p>\n<p><span style=\"color: #0000ff\"><em>&#8220;Vamos colaborar para a constru\u00e7\u00e3o de um documento que represente as vozes dos membros da comunidade acad\u00eamica!\u201d<\/em><\/span><\/p>\n<p><span style=\"color: #0000ff\"><em>GT de Elabora\u00e7\u00e3o do PPP<\/em><\/span><\/p>\n","protected":false},"excerpt":{"rendered":"<p>Texto em constru\u00e7\u00e3o. Contamos com a sua colabora\u00e7\u00e3o! O Projeto Pol\u00edtico Pedag\u00f3gico do IF Baiano Campus Catu,\u00a0tem o objetivo de orientar a oferta de educa\u00e7\u00e3o, em todos os seus n\u00edveis e modalidades, de acordo com os interesses coletivos do seu p\u00fablico, na perspectiva de subsidiar administrativa e pedagogicamente a forma\u00e7\u00e3o de cidad\u00e3os para a atua\u00e7\u00e3o [&hellip;]<\/p>\n","protected":false},"author":20,"featured_media":0,"parent":0,"menu_order":0,"comment_status":"open","ping_status":"open","template":"","meta":[],"_links":{"self":[{"href":"https:\/\/www.ifbaiano.edu.br\/unidades\/catu\/wp-json\/wp\/v2\/pages\/11265"}],"collection":[{"href":"https:\/\/www.ifbaiano.edu.br\/unidades\/catu\/wp-json\/wp\/v2\/pages"}],"about":[{"href":"https:\/\/www.ifbaiano.edu.br\/unidades\/catu\/wp-json\/wp\/v2\/types\/page"}],"author":[{"embeddable":true,"href":"https:\/\/www.ifbaiano.edu.br\/unidades\/catu\/wp-json\/wp\/v2\/users\/20"}],"replies":[{"embeddable":true,"href":"https:\/\/www.ifbaiano.edu.br\/unidades\/catu\/wp-json\/wp\/v2\/comments?post=11265"}],"version-history":[{"count":5,"href":"https:\/\/www.ifbaiano.edu.br\/unidades\/catu\/wp-json\/wp\/v2\/pages\/11265\/revisions"}],"predecessor-version":[{"id":15234,"href":"https:\/\/www.ifbaiano.edu.br\/unidades\/catu\/wp-json\/wp\/v2\/pages\/11265\/revisions\/15234"}],"wp:attachment":[{"href":"https:\/\/www.ifbaiano.edu.br\/unidades\/catu\/wp-json\/wp\/v2\/media?parent=11265"}],"curies":[{"name":"wp","href":"https:\/\/api.w.org\/{rel}","templated":true}]}}

<p><span style="color: #ff0000">Texto em construção. Contamos com a sua colaboração!</span></p>
<p>O Projeto Político Pedagógico do IF Baiano Campus Catu, tem o objetivo de orientar a oferta de educação, em todos os seus níveis e modalidades, de acordo com os interesses coletivos do seu público, na perspectiva de subsidiar administrativa e pedagogicamente a formação de cidadãos para a atuação nos diversos setores da sociedade.</p>
<p><strong> </strong></p>
<p>3.2 OBJETIVOS ESPECÍFICOS</p>
<p>Pautando-se no cumprimento do Estatuto do IF Baiano, nos objetivos institucionais definidas na Lei de Criação dos Institutos Federais e nas vozes dos membros da sua comunidade acadêmica, este Projeto Político Pedagógico estabelece os seguintes objetivos específicos:</p>
<p>I – fortalecer a identidade institucional do campus, fundamentada nos princípios da participação coletiva, do sentimento de pertencimento, da responsabilidade compartilhada;</p>
<p>II – fundamentar currículos, nos diversos níveis e modalidades de ensino, na perspectiva da formação ampliada para atuação no mundo do trabalho, contemplando as dimensões pessoal, política e profissional;</p>
<p>III – orientar a constituição de cursos de trabalhadores, objetivando a capacitação, o aperfeiçoamento, a especialização e a atualização de profissionais, em todos os níveis de escolaridade, e considerando o legado de aprendizado deste público adquirido no seu histórico de vida;</p>
<p>IV – fomentar a realização de projetos de pesquisas aplicadas, estimulando o desenvolvimento de soluções científicas, técnicas e tecnológicas, em consonância com os interesses da comunidade e fundamentada na pesquisa com o princípio educativo;</p>
<p>V – fomentar a realização de atividades de extensão em articulação com o mundo do trabalho e os segmentos sociais, com ênfase na produção, desenvolvimento e difusão de conhecimentos científicos, tecnológicos, culturais e ambientais e no respeito à cultura e a vida social do seu público;</p>
<p>VI – nortear processos educativos que levem à geração de trabalho e renda e à emancipação do cidadão na perspectiva do desenvolvimento pessoal, socioeconômico local e regional.</p>
<p><span style="color: #000000">Colabore com construção do PPP, enviado críticas, sugestões e considerações, até o dia 12 de março, através do link:</span></p>
<p><a href="https://opina.ifbaiano.edu.br/index.php/survey/index/sid/516381/newtest/Y/lang/pt-BR">https://opina.ifbaiano.edu.br/index.php/survey/index/sid/516381/newtest/Y/lang/pt-BR</a></p>
<p><span style="color: #0000ff"><em>&#8220;Vamos colaborar para a construção de um documento que represente as vozes dos membros da comunidade acadêmica!”</em></span></p>
<p><span style="color: #0000ff"><em>GT de Elaboração do PPP</em></span></p>

<p>Texto em construção. Contamos com a sua colaboração! O Projeto Político Pedagógico do IF Baiano Campus Catu, tem o objetivo de orientar a oferta de educação, em todos os seus níveis e modalidades, de acordo com os interesses coletivos do seu público, na perspectiva de subsidiar administrativa e pedagogicamente a formação de cidadãos para a atuação [&hellip;]</p>
