{"id":11269,"date":"2015-09-09T16:35:07","date_gmt":"2015-09-09T16:35:07","guid":{"rendered":"http:\/\/www.ifbaiano.edu.br\/unidades\/catu\/?page_id=11269"},"modified":"2017-02-23T12:29:00","modified_gmt":"2017-02-23T12:29:00","slug":"educacao-a-distancia","status":"publish","type":"page","link":"https:\/\/www.ifbaiano.edu.br\/unidades\/catu\/educacao-a-distancia\/","title":{"rendered":"Educa\u00e7\u00e3o Profissional"},"content":{"rendered":"<p><span style=\"color: #ff0000\">Texto em constru\u00e7\u00e3o. Contamos com a sua colabora\u00e7\u00e3o!<\/span><\/p>\n<p>O Cap\u00edtulo Educa\u00e7\u00e3o Profissional e Tecnol\u00f3gica detalhas as \u00e1reas de forma\u00e7\u00e3o e o cursos oferecidos no campus, apontando os princ\u00edpios que norteiam cada n\u00edvel\/modalidade de ensino.<\/p>\n<p>Para ler este cap\u00edtulo, em sua \u00edntegra, acesse:<\/p>\n<p>Colabore com constru\u00e7\u00e3o do PPP, enviado cr\u00edticas, sugest\u00f5es e considera\u00e7\u00f5es, at\u00e9 o dia 12 de mar\u00e7o, atrav\u00e9s do link:<\/p>\n<p><a href=\"https:\/\/opina.ifbaiano.edu.br\/index.php\/survey\/index\/sid\/516381\/newtest\/Y\/lang\/pt-BR\">https:\/\/opina.ifbaiano.edu.br\/index.php\/survey\/index\/sid\/516381\/newtest\/Y\/lang\/pt-BR<\/a><\/p>\n<p><span style=\"color: #0000ff\"><em>&#8220;Vamos colaborar para a constru\u00e7\u00e3o de um documento que represente as vozes dos membros da comunidade acad\u00eamica!\u201d<\/em><\/span><\/p>\n<p><strong><span style=\"color: #0000ff\"><em>GT de Elabora\u00e7\u00e3o do PPP<\/em><\/span><\/strong><\/p>\n","protected":false},"excerpt":{"rendered":"<p>Texto em constru\u00e7\u00e3o. Contamos com a sua colabora\u00e7\u00e3o! O Cap\u00edtulo Educa\u00e7\u00e3o Profissional e Tecnol\u00f3gica detalhas as \u00e1reas de forma\u00e7\u00e3o e o cursos oferecidos no campus, apontando os princ\u00edpios que norteiam cada n\u00edvel\/modalidade de ensino. Para ler este cap\u00edtulo, em sua \u00edntegra, acesse: Colabore com constru\u00e7\u00e3o do PPP, enviado cr\u00edticas, sugest\u00f5es e considera\u00e7\u00f5es, at\u00e9 o dia [&hellip;]<\/p>\n","protected":false},"author":20,"featured_media":0,"parent":0,"menu_order":0,"comment_status":"open","ping_status":"open","template":"","meta":[],"_links":{"self":[{"href":"https:\/\/www.ifbaiano.edu.br\/unidades\/catu\/wp-json\/wp\/v2\/pages\/11269"}],"collection":[{"href":"https:\/\/www.ifbaiano.edu.br\/unidades\/catu\/wp-json\/wp\/v2\/pages"}],"about":[{"href":"https:\/\/www.ifbaiano.edu.br\/unidades\/catu\/wp-json\/wp\/v2\/types\/page"}],"author":[{"embeddable":true,"href":"https:\/\/www.ifbaiano.edu.br\/unidades\/catu\/wp-json\/wp\/v2\/users\/20"}],"replies":[{"embeddable":true,"href":"https:\/\/www.ifbaiano.edu.br\/unidades\/catu\/wp-json\/wp\/v2\/comments?post=11269"}],"version-history":[{"count":6,"href":"https:\/\/www.ifbaiano.edu.br\/unidades\/catu\/wp-json\/wp\/v2\/pages\/11269\/revisions"}],"predecessor-version":[{"id":15238,"href":"https:\/\/www.ifbaiano.edu.br\/unidades\/catu\/wp-json\/wp\/v2\/pages\/11269\/revisions\/15238"}],"wp:attachment":[{"href":"https:\/\/www.ifbaiano.edu.br\/unidades\/catu\/wp-json\/wp\/v2\/media?parent=11269"}],"curies":[{"name":"wp","href":"https:\/\/api.w.org\/{rel}","templated":true}]}}

Educação Profissional

<p><span style="color: #ff0000">Texto em construção. Contamos com a sua colaboração!</span></p>
<p>O Capítulo Educação Profissional e Tecnológica detalhas as áreas de formação e o cursos oferecidos no campus, apontando os princípios que norteiam cada nível/modalidade de ensino.</p>
<p>Para ler este capítulo, em sua íntegra, acesse:</p>
<p>Colabore com construção do PPP, enviado críticas, sugestões e considerações, até o dia 12 de março, através do link:</p>
<p><a href="https://opina.ifbaiano.edu.br/index.php/survey/index/sid/516381/newtest/Y/lang/pt-BR">https://opina.ifbaiano.edu.br/index.php/survey/index/sid/516381/newtest/Y/lang/pt-BR</a></p>
<p><span style="color: #0000ff"><em>&#8220;Vamos colaborar para a construção de um documento que represente as vozes dos membros da comunidade acadêmica!”</em></span></p>
<p><strong><span style="color: #0000ff"><em>GT de Elaboração do PPP</em></span></strong></p>

<p>Texto em construção. Contamos com a sua colaboração! O Capítulo Educação Profissional e Tecnológica detalhas as áreas de formação e o cursos oferecidos no campus, apontando os princípios que norteiam cada nível/modalidade de ensino. Para ler este capítulo, em sua íntegra, acesse: Colabore com construção do PPP, enviado críticas, sugestões e considerações, até o dia [&hellip;]</p>
