{"id":11277,"date":"2015-09-09T16:36:10","date_gmt":"2015-09-09T16:36:10","guid":{"rendered":"http:\/\/www.ifbaiano.edu.br\/unidades\/catu\/?page_id=11277"},"modified":"2017-02-23T12:30:53","modified_gmt":"2017-02-23T12:30:53","slug":"avaliacao-institucional","status":"publish","type":"page","link":"https:\/\/www.ifbaiano.edu.br\/unidades\/catu\/avaliacao-institucional\/","title":{"rendered":"Avalia\u00e7\u00e3o Institucional"},"content":{"rendered":"<p><span style=\"color: #ff0000\">Texto em constru\u00e7\u00e3o. Contamos com a sua colabora\u00e7\u00e3o!<\/span><\/p>\n<p>O Cap\u00edtulo Auto Avalia\u00e7\u00e3o Institucional traz a compreens\u00e3o da comunidade acad\u00eamica sobre o processo de auto avalia\u00e7\u00e3o institucional, apontando-a como uma constru\u00e7\u00e3o coletiva, onde a comunidade participa da sua elabora\u00e7\u00e3o, aplica\u00e7\u00e3o, diagn\u00f3stico e utiliza os seus resultados para os ajustes de erros e aprimoramento de processos.<\/p>\n<p>O cap\u00edtulo ainda apresenta a Comiss\u00e3o Pr\u00f3pria de Avalia\u00e7\u00e3o, como \u00f3rg\u00e3o respons\u00e1vel pelo planejamento\u00a0e execu\u00e7\u00e3o da avalia\u00e7\u00e3o institucional, apontando sua natureza\u00a0consultiva, deliberativa e normativa.<\/p>\n<p>Ademais, o cap\u00edtulo apresenta a import\u00e2ncia da avalia\u00e7\u00e3o permanente do Projeto Pol\u00edtico Pedag\u00f3gico, conclamando a comunidade acad\u00eamica para a efetiva participa\u00e7\u00e3o neste processo.<\/p>\n<p>Para ler este cap\u00edtulo, em sua \u00edntegra, acesse:\u00a0<a href=\"http:\/\/www.ifbaiano.edu.br\/unidades\/catu\/files\/2015\/09\/CapIX_Avalia\u00e7\u00e3o-Institucional.pdf\">CapIX_Avalia\u00e7\u00e3o Institucional<\/a><\/p>\n<p>Colabore com constru\u00e7\u00e3o do PPP, enviado cr\u00edticas, sugest\u00f5es e considera\u00e7\u00f5es, at\u00e9 o dia 12 de mar\u00e7o, atrav\u00e9s do link:.<\/p>\n<p><a href=\"https:\/\/opina.ifbaiano.edu.br\/index.php\/survey\/index\/sid\/516381\/newtest\/Y\/lang\/pt-BR\">https:\/\/opina.ifbaiano.edu.br\/index.php\/survey\/index\/sid\/516381\/newtest\/Y\/lang\/pt-BR<\/a><\/p>\n<p><em>&#8220;Vamos colaborar para a constru\u00e7\u00e3o de um documento que represente as vozes dos membros da comunidade acad\u00eamica!\u201d<\/em><\/p>\n<p><em>GT de Elabora\u00e7\u00e3o do PPP<\/em><\/p>\n<p>&nbsp;<\/p>\n","protected":false},"excerpt":{"rendered":"<p>Texto em constru\u00e7\u00e3o. Contamos com a sua colabora\u00e7\u00e3o! O Cap\u00edtulo Auto Avalia\u00e7\u00e3o Institucional traz a compreens\u00e3o da comunidade acad\u00eamica sobre o processo de auto avalia\u00e7\u00e3o institucional, apontando-a como uma constru\u00e7\u00e3o coletiva, onde a comunidade participa da sua elabora\u00e7\u00e3o, aplica\u00e7\u00e3o, diagn\u00f3stico e utiliza os seus resultados para os ajustes de erros e aprimoramento de processos. O [&hellip;]<\/p>\n","protected":false},"author":20,"featured_media":0,"parent":0,"menu_order":0,"comment_status":"open","ping_status":"open","template":"","meta":[],"_links":{"self":[{"href":"https:\/\/www.ifbaiano.edu.br\/unidades\/catu\/wp-json\/wp\/v2\/pages\/11277"}],"collection":[{"href":"https:\/\/www.ifbaiano.edu.br\/unidades\/catu\/wp-json\/wp\/v2\/pages"}],"about":[{"href":"https:\/\/www.ifbaiano.edu.br\/unidades\/catu\/wp-json\/wp\/v2\/types\/page"}],"author":[{"embeddable":true,"href":"https:\/\/www.ifbaiano.edu.br\/unidades\/catu\/wp-json\/wp\/v2\/users\/20"}],"replies":[{"embeddable":true,"href":"https:\/\/www.ifbaiano.edu.br\/unidades\/catu\/wp-json\/wp\/v2\/comments?post=11277"}],"version-history":[{"count":4,"href":"https:\/\/www.ifbaiano.edu.br\/unidades\/catu\/wp-json\/wp\/v2\/pages\/11277\/revisions"}],"predecessor-version":[{"id":15240,"href":"https:\/\/www.ifbaiano.edu.br\/unidades\/catu\/wp-json\/wp\/v2\/pages\/11277\/revisions\/15240"}],"wp:attachment":[{"href":"https:\/\/www.ifbaiano.edu.br\/unidades\/catu\/wp-json\/wp\/v2\/media?parent=11277"}],"curies":[{"name":"wp","href":"https:\/\/api.w.org\/{rel}","templated":true}]}}

Avaliação Institucional

<p><span style="color: #ff0000">Texto em construção. Contamos com a sua colaboração!</span></p>
<p>O Capítulo Auto Avaliação Institucional traz a compreensão da comunidade acadêmica sobre o processo de auto avaliação institucional, apontando-a como uma construção coletiva, onde a comunidade participa da sua elaboração, aplicação, diagnóstico e utiliza os seus resultados para os ajustes de erros e aprimoramento de processos.</p>
<p>O capítulo ainda apresenta a Comissão Própria de Avaliação, como órgão responsável pelo planejamento e execução da avaliação institucional, apontando sua natureza consultiva, deliberativa e normativa.</p>
<p>Ademais, o capítulo apresenta a importância da avaliação permanente do Projeto Político Pedagógico, conclamando a comunidade acadêmica para a efetiva participação neste processo.</p>
<p>Para ler este capítulo, em sua íntegra, acesse: <a href="http://www.ifbaiano.edu.br/unidades/catu/files/2015/09/CapIX_Avaliação-Institucional.pdf">CapIX_Avaliação Institucional</a></p>
<p>Colabore com construção do PPP, enviado críticas, sugestões e considerações, até o dia 12 de março, através do link:.</p>
<p><a href="https://opina.ifbaiano.edu.br/index.php/survey/index/sid/516381/newtest/Y/lang/pt-BR">https://opina.ifbaiano.edu.br/index.php/survey/index/sid/516381/newtest/Y/lang/pt-BR</a></p>
<p><em>&#8220;Vamos colaborar para a construção de um documento que represente as vozes dos membros da comunidade acadêmica!”</em></p>
<p><em>GT de Elaboração do PPP</em></p>
<p>&nbsp;</p>

<p>Texto em construção. Contamos com a sua colaboração! O Capítulo Auto Avaliação Institucional traz a compreensão da comunidade acadêmica sobre o processo de auto avaliação institucional, apontando-a como uma construção coletiva, onde a comunidade participa da sua elaboração, aplicação, diagnóstico e utiliza os seus resultados para os ajustes de erros e aprimoramento de processos. O [&hellip;]</p>
