{"id":11578,"date":"2022-04-14T12:07:07","date_gmt":"2022-04-14T15:07:07","guid":{"rendered":"http:\/\/www.ifbaiano.edu.br\/unidades\/catu\/?page_id=11578"},"modified":"2022-04-14T12:07:07","modified_gmt":"2022-04-14T15:07:07","slug":"nuape","status":"publish","type":"page","link":"https:\/\/www.ifbaiano.edu.br\/unidades\/catu\/nuape\/","title":{"rendered":"NUAPE"},"content":{"rendered":"\n<p><\/p>\n\n\n\n<figure class=\"wp-block-gallery columns-1 is-cropped wp-block-gallery-1 is-layout-flex\"><ul class=\"blocks-gallery-grid\"><li class=\"blocks-gallery-item\"><figure><img decoding=\"async\" loading=\"lazy\" width=\"1920\" height=\"1080\" src=\"https:\/\/www.ifbaiano.edu.br\/unidades\/catu\/files\/2022\/04\/nuap.png\" alt=\"\" data-id=\"20445\" data-link=\"https:\/\/www.ifbaiano.edu.br\/unidades\/catu\/nuape\/nuap\/\" class=\"wp-image-20445\" \/><\/figure><\/li><\/ul><\/figure>\n\n\n\n<p>O N\u00facleo de Apoio ao Processo de Ensino-Aprendizagem, Perman\u00eancia e \u00caxito (NUAPE), subordinado \u00e0 Coordena\u00e7\u00e3o de Ensino, tem como miss\u00e3o desenvolver atividades de coordena\u00e7\u00e3o pedag\u00f3gica e orienta\u00e7\u00e3o educacional dos cursos integrados diurnos e noturnos do Campus Catu, contribuindo para a melhoria do processo educativo.<\/p>\n\n\n\n<p><strong>Compete ao NUAPE:<\/strong><\/p>\n\n\n\n<ul><li>Realizar orienta\u00e7\u00e3o pedag\u00f3gica individual e coletiva dos estudantes repetentes e estudantes aprovados pelo Conselho de Classe;<\/li><li>Auxiliar na organiza\u00e7\u00e3o do trabalho pedag\u00f3gico junto aos docentes, como: an\u00e1lise e monitoramento dos planos de ensino, apoio para a elabora\u00e7\u00e3o e articula\u00e7\u00e3o de projetos did\u00e1ticos;<\/li><li>Elaborar relat\u00f3rios t\u00e9cnicos referentes ao processo de ensino-aprendizagem;<\/li><li>Prestar assessoria pedag\u00f3gica \u00e0s coordena\u00e7\u00f5es de curso;<\/li><li>Prestar atendimento aos pais de alunos em rela\u00e7\u00e3o \u00e0s quest\u00f5es de ensino-aprendizagem;<\/li><li>Assessorar as reuni\u00f5es dos Conselhos de Classe, mediante informa\u00e7\u00f5es de resultados feita pela secretaria;<\/li><li>Assessorar o nivelamento para estudantes ingressantes;<\/li><li>Organizar as aulas de refor\u00e7o para estudantes com baixo desempenho acad\u00eamico;<\/li><li>Acompanhar o atendimento domiciliar;<\/li><li>Realizar pesquisas diagn\u00f3stico para levantamento do perfil da turma;<\/li><li>Organizar a Jornada Pedag\u00f3gica;<\/li><li>Organizar o cronograma de provas finais.<\/li><\/ul>\n\n\n\n<p><strong>Equipe:<\/strong><\/p>\n\n\n\n<p><strong>Cassiano Ferreira Nascimento &#8211; T\u00e9cnico em Assuntos Educacionais<\/strong><\/p>\n\n\n\n<p><strong><em>E-mail<\/em>:<\/strong>&nbsp;cassiano.nascimento@ifbaiano.edu.br &nbsp; <\/p>\n\n\n\n<hr class=\"wp-block-separator has-text-color has-background has-light-green-cyan-background-color has-light-green-cyan-color is-style-wide\" \/>\n\n\n\n<p><strong>Ferdinando Melo &#8211; Pedagogo<\/strong><\/p>\n\n\n\n<p><strong><em>E-mail:<\/em><\/strong>&nbsp;ferdinando.melo@ifbaiano.edu.br &nbsp; <\/p>\n\n\n\n<hr class=\"wp-block-separator has-text-color has-background has-light-green-cyan-background-color has-light-green-cyan-color is-style-wide\" \/>\n\n\n\n<p><strong>Rafael Rosa da Rocha &#8211; T\u00e9cnico em Assuntos Educacionais<\/strong><\/p>\n\n\n\n<p><em><strong>E-mail:<\/strong><\/em>&nbsp;rafael.rocha@ifbaiano.edu.br &nbsp; <\/p>\n\n\n\n<hr class=\"wp-block-separator has-text-color has-background has-light-green-cyan-background-color has-light-green-cyan-color is-style-wide\" \/>\n\n\n\n<p><strong>S\u00f4nia da Silva Cabral &#8211; Pedagoga<\/strong><\/p>\n\n\n\n<p><em><strong>E-mail:<\/strong>&nbsp;<\/em>sonia.cabral@ifbaiano.edu.br &nbsp;<\/p>\n\n\n\n<hr class=\"wp-block-separator has-text-color has-background has-light-green-cyan-background-color has-light-green-cyan-color is-style-wide\" \/>\n\n\n\n<p><\/p>\n\n\n\n<p><strong>Hor\u00e1rios de Atendimento:<\/strong><\/p>\n\n\n\n<p>Segunda&nbsp;a&nbsp;sexta: das 08h00 \u00e0s 22h00<\/p>\n\n\n\n<hr class=\"wp-block-separator has-text-color has-background has-vivid-purple-background-color has-vivid-purple-color is-style-wide\" \/>\n\n\n\n<p><strong>Contatos:<\/strong><\/p>\n\n\n\n<p>(71) 3641-7924&nbsp;(Pavilh\u00e3o II)<\/p>\n\n\n\n<p>(71) 3641-7947&nbsp;(Sala de atendimento individual \u2013 Pavilh\u00e3o II)<\/p>\n\n\n\n<p>(71) 98265-1502&nbsp;(Celular institucional e&nbsp;<em>WhatsApp<\/em>&nbsp;do NUAPE)<\/p>\n\n\n\n<p><em><strong>E-mail<\/strong><\/em>:&nbsp;<a href=\"https:\/\/www.ifbaiano.edu.br\/unidades\/catu\/nuape\/nuape@catu.ifbaiano.edu.br\" target=\"_blank\" rel=\"noreferrer noopener\">nuape@catu.ifbaiano.edu.br<\/a><\/p>\n\n\n\n<p><\/p>\n","protected":false},"excerpt":{"rendered":"<p>O N\u00facleo de Apoio ao Processo de Ensino-Aprendizagem, Perman\u00eancia e \u00caxito (NUAPE), subordinado \u00e0 Coordena\u00e7\u00e3o de Ensino, tem como miss\u00e3o desenvolver atividades de coordena\u00e7\u00e3o pedag\u00f3gica e orienta\u00e7\u00e3o educacional dos cursos integrados diurnos e noturnos do Campus Catu, contribuindo para a melhoria do processo educativo. Compete ao NUAPE: Realizar orienta\u00e7\u00e3o pedag\u00f3gica individual e coletiva dos estudantes [&hellip;]<\/p>\n","protected":false},"author":27,"featured_media":0,"parent":0,"menu_order":0,"comment_status":"open","ping_status":"open","template":"","meta":[],"_links":{"self":[{"href":"https:\/\/www.ifbaiano.edu.br\/unidades\/catu\/wp-json\/wp\/v2\/pages\/11578"}],"collection":[{"href":"https:\/\/www.ifbaiano.edu.br\/unidades\/catu\/wp-json\/wp\/v2\/pages"}],"about":[{"href":"https:\/\/www.ifbaiano.edu.br\/unidades\/catu\/wp-json\/wp\/v2\/types\/page"}],"author":[{"embeddable":true,"href":"https:\/\/www.ifbaiano.edu.br\/unidades\/catu\/wp-json\/wp\/v2\/users\/27"}],"replies":[{"embeddable":true,"href":"https:\/\/www.ifbaiano.edu.br\/unidades\/catu\/wp-json\/wp\/v2\/comments?post=11578"}],"version-history":[{"count":22,"href":"https:\/\/www.ifbaiano.edu.br\/unidades\/catu\/wp-json\/wp\/v2\/pages\/11578\/revisions"}],"predecessor-version":[{"id":20446,"href":"https:\/\/www.ifbaiano.edu.br\/unidades\/catu\/wp-json\/wp\/v2\/pages\/11578\/revisions\/20446"}],"wp:attachment":[{"href":"https:\/\/www.ifbaiano.edu.br\/unidades\/catu\/wp-json\/wp\/v2\/media?parent=11578"}],"curies":[{"name":"wp","href":"https:\/\/api.w.org\/{rel}","templated":true}]}}

<p></p>



<figure class="wp-block-gallery columns-1 is-cropped wp-block-gallery-1 is-layout-flex"><ul class="blocks-gallery-grid"><li class="blocks-gallery-item"><figure><img decoding="async" loading="lazy" width="1920" height="1080" src="https://www.ifbaiano.edu.br/unidades/catu/files/2022/04/nuap.png" alt="" data-id="20445" data-link="https://www.ifbaiano.edu.br/unidades/catu/nuape/nuap/" class="wp-image-20445" /></figure></li></ul></figure>



<p>O Núcleo de Apoio ao Processo de Ensino-Aprendizagem, Permanência e Êxito (NUAPE), subordinado à Coordenação de Ensino, tem como missão desenvolver atividades de coordenação pedagógica e orientação educacional dos cursos integrados diurnos e noturnos do Campus Catu, contribuindo para a melhoria do processo educativo.</p>



<p><strong>Compete ao NUAPE:</strong></p>



<ul><li>Realizar orientação pedagógica individual e coletiva dos estudantes repetentes e estudantes aprovados pelo Conselho de Classe;</li><li>Auxiliar na organização do trabalho pedagógico junto aos docentes, como: análise e monitoramento dos planos de ensino, apoio para a elaboração e articulação de projetos didáticos;</li><li>Elaborar relatórios técnicos referentes ao processo de ensino-aprendizagem;</li><li>Prestar assessoria pedagógica às coordenações de curso;</li><li>Prestar atendimento aos pais de alunos em relação às questões de ensino-aprendizagem;</li><li>Assessorar as reuniões dos Conselhos de Classe, mediante informações de resultados feita pela secretaria;</li><li>Assessorar o nivelamento para estudantes ingressantes;</li><li>Organizar as aulas de reforço para estudantes com baixo desempenho acadêmico;</li><li>Acompanhar o atendimento domiciliar;</li><li>Realizar pesquisas diagnóstico para levantamento do perfil da turma;</li><li>Organizar a Jornada Pedagógica;</li><li>Organizar o cronograma de provas finais.</li></ul>



<p><strong>Equipe:</strong></p>



<p><strong>Cassiano Ferreira Nascimento &#8211; Técnico em Assuntos Educacionais</strong></p>



<p><strong><em>E-mail</em>:</strong>&nbsp;cassiano.nascimento@ifbaiano.edu.br &nbsp; </p>



<hr class="wp-block-separator has-text-color has-background has-light-green-cyan-background-color has-light-green-cyan-color is-style-wide" />



<p><strong>Ferdinando Melo &#8211; Pedagogo</strong></p>



<p><strong><em>E-mail:</em></strong>&nbsp;ferdinando.melo@ifbaiano.edu.br &nbsp; </p>



<hr class="wp-block-separator has-text-color has-background has-light-green-cyan-background-color has-light-green-cyan-color is-style-wide" />



<p><strong>Rafael Rosa da Rocha &#8211; Técnico em Assuntos Educacionais</strong></p>



<p><em><strong>E-mail:</strong></em>&nbsp;rafael.rocha@ifbaiano.edu.br &nbsp; </p>



<hr class="wp-block-separator has-text-color has-background has-light-green-cyan-background-color has-light-green-cyan-color is-style-wide" />



<p><strong>Sônia da Silva Cabral &#8211; Pedagoga</strong></p>



<p><em><strong>E-mail:</strong>&nbsp;</em>sonia.cabral@ifbaiano.edu.br &nbsp;</p>



<hr class="wp-block-separator has-text-color has-background has-light-green-cyan-background-color has-light-green-cyan-color is-style-wide" />



<p></p>



<p><strong>Horários de Atendimento:</strong></p>



<p>Segunda&nbsp;a&nbsp;sexta: das 08h00 às 22h00</p>



<hr class="wp-block-separator has-text-color has-background has-vivid-purple-background-color has-vivid-purple-color is-style-wide" />



<p><strong>Contatos:</strong></p>



<p>(71) 3641-7924&nbsp;(Pavilhão II)</p>



<p>(71) 3641-7947&nbsp;(Sala de atendimento individual – Pavilhão II)</p>



<p>(71) 98265-1502&nbsp;(Celular institucional e&nbsp;<em>WhatsApp</em>&nbsp;do NUAPE)</p>



<p><em><strong>E-mail</strong></em>:&nbsp;<a href="https://www.ifbaiano.edu.br/unidades/catu/nuape/nuape@catu.ifbaiano.edu.br" target="_blank" rel="noreferrer noopener">nuape@catu.ifbaiano.edu.br</a></p>



<p></p>

<p>O Núcleo de Apoio ao Processo de Ensino-Aprendizagem, Permanência e Êxito (NUAPE), subordinado à Coordenação de Ensino, tem como missão desenvolver atividades de coordenação pedagógica e orientação educacional dos cursos integrados diurnos e noturnos do Campus Catu, contribuindo para a melhoria do processo educativo. Compete ao NUAPE: Realizar orientação pedagógica individual e coletiva dos estudantes [&hellip;]</p>
