{"id":11629,"date":"2026-02-24T17:52:52","date_gmt":"2026-02-24T20:52:52","guid":{"rendered":"http:\/\/www.ifbaiano.edu.br\/unidades\/catu\/?page_id=11629"},"modified":"2026-02-24T17:52:52","modified_gmt":"2026-02-24T20:52:52","slug":"projetos-pedagogicos-dos-cursos","status":"publish","type":"page","link":"https:\/\/www.ifbaiano.edu.br\/unidades\/catu\/projetos-pedagogicos-dos-cursos\/","title":{"rendered":"Projetos Pedag\u00f3gicos dos Cursos"},"content":{"rendered":"\n<p><\/p>\n\n\n\n<p class=\"has-text-align-center\"><strong>CURSOS SUBSEQUENTES<\/strong> <strong><em>(PPCS Atualizados 2026)<\/em><\/strong><\/p>\n\n\n\n<p><a href=\"https:\/\/www.ifbaiano.edu.br\/unidades\/catu\/files\/2026\/02\/PPC-do-Curso-Tecnico-em-Petroleo-e-Gas-Modalidade-Subsequente.pdf\" target=\"_blank\" rel=\"noreferrer noopener\">PPC do Curso T\u00e9cnico em Petr\u00f3leo e G\u00e1s Modalidade Subsequente 2026<\/a><\/p>\n\n\n\n<hr class=\"wp-block-separator has-text-color has-vivid-cyan-blue-color has-css-opacity has-vivid-cyan-blue-background-color has-background is-style-wide\" \/>\n\n\n\n<p class=\"has-text-align-center\"><strong>ENSINO M\u00c9DIO INTEGRADO<\/strong> <strong><em>(PPCS Atualizados a partir de 2020)<\/em><\/strong><\/p>\n\n\n\n<p><a href=\"https:\/\/www.ifbaiano.edu.br\/unidades\/catu\/files\/2024\/04\/Projeto-Pedagogico-de-Curso-Tecnico-em-Agropecuaria-Integrado-ao-Ensino-Medio.pdf\" target=\"_blank\" rel=\"noreferrer noopener\">Curso T\u00e9cnico em Agropecu\u00e1ria Integrado ao Ensino M\u00e9dio<\/a> (Altera\u00e7\u00e3o \u2013 Aprovada em&nbsp;08-08-2023)<\/p>\n\n\n\n<p><a rel=\"noreferrer noopener\" href=\"https:\/\/www.ifbaiano.edu.br\/unidades\/catu\/files\/2022\/02\/PPC-Curso-Tec.-em-Agropecuaria-Integrado-Alteracao-Aprovada-30-03-20.pdf\" target=\"_blank\">Curso&nbsp;T\u00e9cnico em Agropecu\u00e1ria Integrado ao Ensino M\u00e9dio<\/a> (PPC Reformulado Aprovado em 29-07-2021)<\/p>\n\n\n\n<p><a rel=\"noreferrer noopener\" href=\"https:\/\/www.ifbaiano.edu.br\/unidades\/catu\/files\/2022\/02\/PPC-Curso-Tec.-em-Agropecuaria-Integrado-Reformulado-Aprovado-29-07-21.pdf\" target=\"_blank\">Curso&nbsp;T\u00e9cnico em Agropecu\u00e1ria Integrado ao Ensino M\u00e9dio <\/a>(Altera\u00e7\u00e3o &#8211; Aprovada em 30-03-2020)<\/p>\n\n\n\n<p><a href=\"https:\/\/www.ifbaiano.edu.br\/unidades\/catu\/files\/2022\/02\/PPC-Tecnico-em-Quimica-Duracao-Curso-3-anos.pdf\" target=\"_blank\" rel=\"noreferrer noopener\">Curso T\u00e9cnico em Qu\u00edmica Integrado ao Ensino M\u00e9dio<\/a> &#8211; (PPC de 03 anos, vigente para o 1\u00ba e 2\u00ba ano)<\/p>\n\n\n\n<p><a rel=\"noreferrer noopener\" href=\"https:\/\/www.ifbaiano.edu.br\/unidades\/catu\/files\/2022\/02\/PPC-Tecnico-em-Quimica-Duracao-Curso-4-anos.pdf\" target=\"_blank\">Curso T\u00e9cnico em Qu\u00edmica Integrado ao Ensino M\u00e9dio<\/a> &#8211; (PPC de 04 anos, vigente para o 3\u00ba e 4\u00ba ano)<\/p>\n\n\n\n<p><a href=\"https:\/\/www.ifbaiano.edu.br\/unidades\/catu\/files\/2024\/12\/PPC-Tecnico-em-Quimica-Duracao-Curso-3-anos.pdf\" target=\"_blank\" rel=\"noreferrer noopener\">PPC &#8211; T\u00e9cnico em Qu\u00edmica &#8211; Dura\u00e7\u00e3o Curso 3 anos<\/a><\/p>\n\n\n\n<p><a href=\"https:\/\/www.ifbaiano.edu.br\/unidades\/catu\/files\/2024\/12\/PPC-TEC.-ALIMENTOS-2022.pdf\" target=\"_blank\" rel=\"noreferrer noopener\">PPC &#8211; T\u00c9CNICO ALIMENTOS 2022<\/a><\/p>\n\n\n\n<p><a href=\"https:\/\/www.ifbaiano.edu.br\/unidades\/catu\/files\/2024\/12\/REFORMULACAO-PPC-AGOPECUARIA-INTEGRADO.pdf\" target=\"_blank\" rel=\"noreferrer noopener\">REFORMULA\u00c7\u00c3O PPC AGOPECUARIA INTEGRADO<\/a><br><\/p>\n\n\n\n<hr class=\"wp-block-separator has-text-color has-vivid-green-cyan-color has-css-opacity has-vivid-green-cyan-background-color has-background is-style-wide\" \/>\n\n\n\n<p class=\"has-text-align-center\"><strong>CURSOS SUBSEQUENTES<\/strong><\/p>\n\n\n\n<p><a rel=\"noreferrer noopener\" href=\"https:\/\/www.ifbaiano.edu.br\/unidades\/catu\/files\/2022\/09\/Projeto-Pedagogico-Curso-de-Petroleo-e-Gas-ALTERADO-EM-13-11-2019.pdf\" target=\"_blank\">Curso T\u00e9cnico em Petr\u00f3leo e G\u00e1s<\/a> (PPC Alterado em 13-11-2019 \/ Aprovado em 14-08-2020)<\/p>\n\n\n\n<p><a href=\"https:\/\/www.ifbaiano.edu.br\/unidades\/catu\/files\/2025\/03\/PPC-Tecnico-em-Agrimensura-Subsequente-vigente-2020.pdf\" target=\"_blank\" rel=\"noreferrer noopener\">PPC T\u00e9cnico em Agrimensura<\/a> (PPC Alterado em xx-xx-xxxx \/ Aprovado em xx-xx-xx)<\/p>\n\n\n\n<p><a href=\"https:\/\/www.ifbaiano.edu.br\/unidades\/catu\/files\/2024\/12\/PPC-AGROPECUARIA-SUB-ALTERACAO-APROVADA-EM-08.09.2020.pdf\" target=\"_blank\" rel=\"noreferrer noopener\">PPC AGROPECUARIA SUB ALTERA\u00c7\u00c3O APROVADA EM 08.09.2020<\/a><\/p>\n\n\n\n<p><a href=\"https:\/\/www.ifbaiano.edu.br\/unidades\/catu\/files\/2024\/12\/PPC-TECNICO-EM-GASTRONOMIA-EJA-EPT.pdf\" target=\"_blank\" rel=\"noreferrer noopener\">PPC &#8211; TECNICO EM GASTRONOMIA EJA-EPT<\/a><\/p>\n\n\n\n<hr class=\"wp-block-separator has-text-color has-vivid-purple-color has-css-opacity has-vivid-purple-background-color has-background is-style-wide\" \/>\n\n\n\n<p class=\"has-text-align-center\"><strong>CURSOS SUPERIORES<\/strong><\/p>\n\n\n\n<p><a rel=\"noreferrer noopener\" href=\"https:\/\/www.ifbaiano.edu.br\/unidades\/catu\/files\/2024\/12\/PPC-Licenciatura-em-Quimica-2017-2018-Alteracao-2020-Matriz.pdf\" target=\"_blank\">PPC &#8211; Licenciatura em Qu\u00edmica &#8211; 2017-2018<\/a> &#8211; Altera\u00e7\u00e3o 2020-Matriz<\/p>\n\n\n\n<p><a rel=\"noreferrer noopener\" href=\"https:\/\/www.ifbaiano.edu.br\/unidades\/catu\/files\/2024\/12\/PPC-Tecnologia-em-Analise-e-Desenvolvimento-de-Sistemas-ADS.pdf\" target=\"_blank\">PPC &#8211; Tecnologia em An\u00e1lise e Desenvolvimento de Sistemas &#8211; (ADS)<\/a><\/p>\n\n\n\n<p><a href=\"https:\/\/www.ifbaiano.edu.br\/unidades\/catu\/files\/2024\/12\/PPC-GRADUACAO-GASTRONOMIA-Fevereiro-2019.pdf\" target=\"_blank\" rel=\"noreferrer noopener\">PPC &#8211; GRADUA\u00c7\u00c3O GASTRONOMIA<\/a> &#8211; Fevereiro 2019<\/p>\n\n\n\n<hr class=\"wp-block-separator has-text-color has-vivid-red-color has-css-opacity has-vivid-red-background-color has-background is-style-wide\" \/>\n\n\n\n<p class=\"has-text-align-center\"><strong>CURSOS SUBSEQUENTES &#8211; EAD<\/strong><\/p>\n\n\n\n<p><a rel=\"noreferrer noopener\" href=\"https:\/\/www.ifbaiano.edu.br\/unidades\/catu\/files\/2024\/12\/PPC-Tecnico-Vendas-Subsequente-2022.pdf\" target=\"_blank\">PPC do Curso T\u00e9cnico em Vendas Subsequente EAD<\/a><\/p>\n\n\n\n<p><a rel=\"noreferrer noopener\" href=\"https:\/\/www.ifbaiano.edu.br\/unidades\/catu\/files\/2024\/12\/PPC-Tecnico-Secretaria-Escolar-2022.pdf\" target=\"_blank\">PPC do T\u00e9cnico Secretaria Escolar Subsequente EAD<\/a><\/p>\n\n\n\n<p><a rel=\"noreferrer noopener\" href=\"https:\/\/www.ifbaiano.edu.br\/unidades\/catu\/files\/2024\/12\/Projeto-Pedagogico-do-Curso-Multimeios-Didaticos-2022.pdf\" target=\"_blank\">PPC do Curso T\u00e9cnico em Multimeios Did\u00e1ticos Subsequente \u2013 EAD<\/a><\/p>\n\n\n\n<p><a rel=\"noreferrer noopener\" href=\"https:\/\/www.ifbaiano.edu.br\/unidades\/catu\/files\/2024\/12\/PPC-do-Curso-Tecnico-em-informatica-Subsequente-EAD.pdf\" target=\"_blank\">PPC do Curso T\u00e9cnico em inform\u00e1tica Subsequente EAD<\/a><\/p>\n\n\n\n<p><a rel=\"noreferrer noopener\" href=\"https:\/\/www.ifbaiano.edu.br\/unidades\/catu\/files\/2024\/12\/PPC-do-Curso-Tecnico-em-Redes-de-computadores-Subsequente-EAD.pdf\" target=\"_blank\">PPC do Curso T\u00e9cnico em Redes de Computadores Subsequente \u2013 EAD<\/a><br><\/p>\n\n\n\n<hr class=\"wp-block-separator has-text-color has-vivid-green-cyan-color has-css-opacity has-vivid-green-cyan-background-color has-background is-style-wide\" \/>\n\n\n<p style=\"text-align: center\">PPCs &#8211; ANTIGOS<\/p>\n<p style=\"text-align: center\"><strong>ENSINO M\u00c9DIO INTEGRADO<\/strong><\/p>\n<p style=\"text-align: justify\"><a href=\"http:\/\/www.ifbaiano.edu.br\/unidades\/catu\/files\/2019\/03\/PPC-T\u00e9cnico-em-Agropecu\u00e1ria-Integrado-ao-Ensino-M\u00e9dio.pdf\">Curso&nbsp;T\u00e9cnico em Agropecu\u00e1ria Integrado ao Ensino M\u00e9dio<\/a><\/p>\n<p style=\"text-align: justify\"><a href=\"http:\/\/www.ifbaiano.edu.br\/unidades\/catu\/files\/2019\/03\/PPC-T\u00e9cnico-em-Alimentos-Integrado-ao-Ensino-M\u00e9dio.pdf\">Curso T\u00e9cnico em Alimentos Integrado ao Ensino M\u00e9dio<\/a><\/p>\n<p style=\"text-align: justify\"><a href=\"http:\/\/www.ifbaiano.edu.br\/unidades\/catu\/files\/2019\/03\/PPC-T\u00e9cnico-em-Cozinha-Integrado-ao-Ensino-M\u00e9dio-EJA.pdf\">Curso T\u00e9cnico em Cozinha Integrado ao Ensino M\u00e9dio na Modalidade Educa\u00e7\u00e3o de Jovens e Adultos<\/a><\/p>\n<p style=\"text-align: justify\"><a href=\"http:\/\/www.ifbaiano.edu.br\/unidades\/catu\/files\/2019\/03\/PPC-T\u00e9cnico-em-Qu\u00edmica-Integrado-ao-Ensino-M\u00e9dio.pdf\">Curso&nbsp;T\u00e9cnico em Qu\u00edmica Integrado ao Ensino M\u00e9dio<\/a><\/p>\n<p style=\"text-align: center\"><strong>CURSOS SUBSEQUENTES<\/strong><\/p>\n<p><a href=\"http:\/\/www.ifbaiano.edu.br\/unidades\/catu\/files\/2019\/05\/PCC_Reformulado-Agrimensura-Catu_ATUAL.pdf\">Curso T\u00e9cnico em Agrimensura Subsequente ao Ensino M\u00e9dio<\/a><\/p>\n<p><a href=\"http:\/\/www.ifbaiano.edu.br\/unidades\/catu\/files\/2019\/03\/PPC-Agropecu\u00e1ria.pdf\">Curso T\u00e9cnico em Agropecu\u00e1ria Subsequente ao Ensino M\u00e9dio<\/a><\/p>\n<p><a href=\"http:\/\/www.ifbaiano.edu.br\/unidades\/catu\/files\/2019\/03\/PPC-Petr\u00f3leo-e-G\u00e1s.pdf\">Curso T\u00e9cnico em&nbsp;Petr\u00f3leo e G\u00e1s Subsequente ao Ensino M\u00e9dio<\/a><\/p>\n<p style=\"text-align: center\"><strong>CURSOS SUPERIORES<\/strong><\/p>\n<p style=\"text-align: justify\"><a href=\"http:\/\/www.ifbaiano.edu.br\/unidades\/catu\/files\/2019\/03\/Licenciatura-em-Qu\u00edmica-PPC-2017-2018-pos-consup-12-04-18-final.pdf\">Curso de Licenciatura em Qu\u00edmica<\/a><\/p>\n<p style=\"text-align: justify\"><a href=\"http:\/\/www.ifbaiano.edu.br\/unidades\/catu\/files\/2019\/03\/PPC-Curso-Superior-de-Tecnologia-em-An\u00e1lise-e-Desenvolvimento-de-Sistemas.pdf\">Curso Superior de Tecnologia em An\u00e1lise e Desenvolvimento de Sistemas<\/a><\/p>","protected":false},"excerpt":{"rendered":"<p>CURSOS SUBSEQUENTES (PPCS Atualizados 2026) PPC do Curso T\u00e9cnico em Petr\u00f3leo e G\u00e1s Modalidade Subsequente 2026 ENSINO M\u00c9DIO INTEGRADO (PPCS Atualizados a partir de 2020) Curso T\u00e9cnico em Agropecu\u00e1ria Integrado ao Ensino M\u00e9dio (Altera\u00e7\u00e3o \u2013 Aprovada em&nbsp;08-08-2023) Curso&nbsp;T\u00e9cnico em Agropecu\u00e1ria Integrado ao Ensino M\u00e9dio (PPC Reformulado Aprovado em 29-07-2021) Curso&nbsp;T\u00e9cnico em Agropecu\u00e1ria Integrado ao Ensino [&hellip;]<\/p>\n","protected":false},"author":27,"featured_media":0,"parent":0,"menu_order":0,"comment_status":"open","ping_status":"open","template":"","meta":[],"_links":{"self":[{"href":"https:\/\/www.ifbaiano.edu.br\/unidades\/catu\/wp-json\/wp\/v2\/pages\/11629"}],"collection":[{"href":"https:\/\/www.ifbaiano.edu.br\/unidades\/catu\/wp-json\/wp\/v2\/pages"}],"about":[{"href":"https:\/\/www.ifbaiano.edu.br\/unidades\/catu\/wp-json\/wp\/v2\/types\/page"}],"author":[{"embeddable":true,"href":"https:\/\/www.ifbaiano.edu.br\/unidades\/catu\/wp-json\/wp\/v2\/users\/27"}],"replies":[{"embeddable":true,"href":"https:\/\/www.ifbaiano.edu.br\/unidades\/catu\/wp-json\/wp\/v2\/comments?post=11629"}],"version-history":[{"count":28,"href":"https:\/\/www.ifbaiano.edu.br\/unidades\/catu\/wp-json\/wp\/v2\/pages\/11629\/revisions"}],"predecessor-version":[{"id":26772,"href":"https:\/\/www.ifbaiano.edu.br\/unidades\/catu\/wp-json\/wp\/v2\/pages\/11629\/revisions\/26772"}],"wp:attachment":[{"href":"https:\/\/www.ifbaiano.edu.br\/unidades\/catu\/wp-json\/wp\/v2\/media?parent=11629"}],"curies":[{"name":"wp","href":"https:\/\/api.w.org\/{rel}","templated":true}]}}

Projetos Pedagógicos dos Cursos

<p></p>



<p class="has-text-align-center"><strong>CURSOS SUBSEQUENTES</strong> <strong><em>(PPCS Atualizados 2026)</em></strong></p>



<p><a href="https://www.ifbaiano.edu.br/unidades/catu/files/2026/02/PPC-do-Curso-Tecnico-em-Petroleo-e-Gas-Modalidade-Subsequente.pdf" target="_blank" rel="noreferrer noopener">PPC do Curso Técnico em Petróleo e Gás Modalidade Subsequente 2026</a></p>



<hr class="wp-block-separator has-text-color has-vivid-cyan-blue-color has-css-opacity has-vivid-cyan-blue-background-color has-background is-style-wide" />



<p class="has-text-align-center"><strong>ENSINO MÉDIO INTEGRADO</strong> <strong><em>(PPCS Atualizados a partir de 2020)</em></strong></p>



<p><a href="https://www.ifbaiano.edu.br/unidades/catu/files/2024/04/Projeto-Pedagogico-de-Curso-Tecnico-em-Agropecuaria-Integrado-ao-Ensino-Medio.pdf" target="_blank" rel="noreferrer noopener">Curso Técnico em Agropecuária Integrado ao Ensino Médio</a> (Alteração – Aprovada em&nbsp;08-08-2023)</p>



<p><a rel="noreferrer noopener" href="https://www.ifbaiano.edu.br/unidades/catu/files/2022/02/PPC-Curso-Tec.-em-Agropecuaria-Integrado-Alteracao-Aprovada-30-03-20.pdf" target="_blank">Curso&nbsp;Técnico em Agropecuária Integrado ao Ensino Médio</a> (PPC Reformulado Aprovado em 29-07-2021)</p>



<p><a rel="noreferrer noopener" href="https://www.ifbaiano.edu.br/unidades/catu/files/2022/02/PPC-Curso-Tec.-em-Agropecuaria-Integrado-Reformulado-Aprovado-29-07-21.pdf" target="_blank">Curso&nbsp;Técnico em Agropecuária Integrado ao Ensino Médio </a>(Alteração &#8211; Aprovada em 30-03-2020)</p>



<p><a href="https://www.ifbaiano.edu.br/unidades/catu/files/2022/02/PPC-Tecnico-em-Quimica-Duracao-Curso-3-anos.pdf" target="_blank" rel="noreferrer noopener">Curso Técnico em Química Integrado ao Ensino Médio</a> &#8211; (PPC de 03 anos, vigente para o 1º e 2º ano)</p>



<p><a rel="noreferrer noopener" href="https://www.ifbaiano.edu.br/unidades/catu/files/2022/02/PPC-Tecnico-em-Quimica-Duracao-Curso-4-anos.pdf" target="_blank">Curso Técnico em Química Integrado ao Ensino Médio</a> &#8211; (PPC de 04 anos, vigente para o 3º e 4º ano)</p>



<p><a href="https://www.ifbaiano.edu.br/unidades/catu/files/2024/12/PPC-Tecnico-em-Quimica-Duracao-Curso-3-anos.pdf" target="_blank" rel="noreferrer noopener">PPC &#8211; Técnico em Química &#8211; Duração Curso 3 anos</a></p>



<p><a href="https://www.ifbaiano.edu.br/unidades/catu/files/2024/12/PPC-TEC.-ALIMENTOS-2022.pdf" target="_blank" rel="noreferrer noopener">PPC &#8211; TÉCNICO ALIMENTOS 2022</a></p>



<p><a href="https://www.ifbaiano.edu.br/unidades/catu/files/2024/12/REFORMULACAO-PPC-AGOPECUARIA-INTEGRADO.pdf" target="_blank" rel="noreferrer noopener">REFORMULAÇÃO PPC AGOPECUARIA INTEGRADO</a><br></p>



<hr class="wp-block-separator has-text-color has-vivid-green-cyan-color has-css-opacity has-vivid-green-cyan-background-color has-background is-style-wide" />



<p class="has-text-align-center"><strong>CURSOS SUBSEQUENTES</strong></p>



<p><a rel="noreferrer noopener" href="https://www.ifbaiano.edu.br/unidades/catu/files/2022/09/Projeto-Pedagogico-Curso-de-Petroleo-e-Gas-ALTERADO-EM-13-11-2019.pdf" target="_blank">Curso Técnico em Petróleo e Gás</a> (PPC Alterado em 13-11-2019 / Aprovado em 14-08-2020)</p>



<p><a href="https://www.ifbaiano.edu.br/unidades/catu/files/2025/03/PPC-Tecnico-em-Agrimensura-Subsequente-vigente-2020.pdf" target="_blank" rel="noreferrer noopener">PPC Técnico em Agrimensura</a> (PPC Alterado em xx-xx-xxxx / Aprovado em xx-xx-xx)</p>



<p><a href="https://www.ifbaiano.edu.br/unidades/catu/files/2024/12/PPC-AGROPECUARIA-SUB-ALTERACAO-APROVADA-EM-08.09.2020.pdf" target="_blank" rel="noreferrer noopener">PPC AGROPECUARIA SUB ALTERAÇÃO APROVADA EM 08.09.2020</a></p>



<p><a href="https://www.ifbaiano.edu.br/unidades/catu/files/2024/12/PPC-TECNICO-EM-GASTRONOMIA-EJA-EPT.pdf" target="_blank" rel="noreferrer noopener">PPC &#8211; TECNICO EM GASTRONOMIA EJA-EPT</a></p>



<hr class="wp-block-separator has-text-color has-vivid-purple-color has-css-opacity has-vivid-purple-background-color has-background is-style-wide" />



<p class="has-text-align-center"><strong>CURSOS SUPERIORES</strong></p>



<p><a rel="noreferrer noopener" href="https://www.ifbaiano.edu.br/unidades/catu/files/2024/12/PPC-Licenciatura-em-Quimica-2017-2018-Alteracao-2020-Matriz.pdf" target="_blank">PPC &#8211; Licenciatura em Química &#8211; 2017-2018</a> &#8211; Alteração 2020-Matriz</p>



<p><a rel="noreferrer noopener" href="https://www.ifbaiano.edu.br/unidades/catu/files/2024/12/PPC-Tecnologia-em-Analise-e-Desenvolvimento-de-Sistemas-ADS.pdf" target="_blank">PPC &#8211; Tecnologia em Análise e Desenvolvimento de Sistemas &#8211; (ADS)</a></p>



<p><a href="https://www.ifbaiano.edu.br/unidades/catu/files/2024/12/PPC-GRADUACAO-GASTRONOMIA-Fevereiro-2019.pdf" target="_blank" rel="noreferrer noopener">PPC &#8211; GRADUAÇÃO GASTRONOMIA</a> &#8211; Fevereiro 2019</p>



<hr class="wp-block-separator has-text-color has-vivid-red-color has-css-opacity has-vivid-red-background-color has-background is-style-wide" />



<p class="has-text-align-center"><strong>CURSOS SUBSEQUENTES &#8211; EAD</strong></p>



<p><a rel="noreferrer noopener" href="https://www.ifbaiano.edu.br/unidades/catu/files/2024/12/PPC-Tecnico-Vendas-Subsequente-2022.pdf" target="_blank">PPC do Curso Técnico em Vendas Subsequente EAD</a></p>



<p><a rel="noreferrer noopener" href="https://www.ifbaiano.edu.br/unidades/catu/files/2024/12/PPC-Tecnico-Secretaria-Escolar-2022.pdf" target="_blank">PPC do Técnico Secretaria Escolar Subsequente EAD</a></p>



<p><a rel="noreferrer noopener" href="https://www.ifbaiano.edu.br/unidades/catu/files/2024/12/Projeto-Pedagogico-do-Curso-Multimeios-Didaticos-2022.pdf" target="_blank">PPC do Curso Técnico em Multimeios Didáticos Subsequente – EAD</a></p>



<p><a rel="noreferrer noopener" href="https://www.ifbaiano.edu.br/unidades/catu/files/2024/12/PPC-do-Curso-Tecnico-em-informatica-Subsequente-EAD.pdf" target="_blank">PPC do Curso Técnico em informática Subsequente EAD</a></p>



<p><a rel="noreferrer noopener" href="https://www.ifbaiano.edu.br/unidades/catu/files/2024/12/PPC-do-Curso-Tecnico-em-Redes-de-computadores-Subsequente-EAD.pdf" target="_blank">PPC do Curso Técnico em Redes de Computadores Subsequente – EAD</a><br></p>



<hr class="wp-block-separator has-text-color has-vivid-green-cyan-color has-css-opacity has-vivid-green-cyan-background-color has-background is-style-wide" />


<p style="text-align: center">PPCs &#8211; ANTIGOS</p>
<p style="text-align: center"><strong>ENSINO MÉDIO INTEGRADO</strong></p>
<p style="text-align: justify"><a href="http://www.ifbaiano.edu.br/unidades/catu/files/2019/03/PPC-Técnico-em-Agropecuária-Integrado-ao-Ensino-Médio.pdf">Curso&nbsp;Técnico em Agropecuária Integrado ao Ensino Médio</a></p>
<p style="text-align: justify"><a href="http://www.ifbaiano.edu.br/unidades/catu/files/2019/03/PPC-Técnico-em-Alimentos-Integrado-ao-Ensino-Médio.pdf">Curso Técnico em Alimentos Integrado ao Ensino Médio</a></p>
<p style="text-align: justify"><a href="http://www.ifbaiano.edu.br/unidades/catu/files/2019/03/PPC-Técnico-em-Cozinha-Integrado-ao-Ensino-Médio-EJA.pdf">Curso Técnico em Cozinha Integrado ao Ensino Médio na Modalidade Educação de Jovens e Adultos</a></p>
<p style="text-align: justify"><a href="http://www.ifbaiano.edu.br/unidades/catu/files/2019/03/PPC-Técnico-em-Química-Integrado-ao-Ensino-Médio.pdf">Curso&nbsp;Técnico em Química Integrado ao Ensino Médio</a></p>
<p style="text-align: center"><strong>CURSOS SUBSEQUENTES</strong></p>
<p><a href="http://www.ifbaiano.edu.br/unidades/catu/files/2019/05/PCC_Reformulado-Agrimensura-Catu_ATUAL.pdf">Curso Técnico em Agrimensura Subsequente ao Ensino Médio</a></p>
<p><a href="http://www.ifbaiano.edu.br/unidades/catu/files/2019/03/PPC-Agropecuária.pdf">Curso Técnico em Agropecuária Subsequente ao Ensino Médio</a></p>
<p><a href="http://www.ifbaiano.edu.br/unidades/catu/files/2019/03/PPC-Petróleo-e-Gás.pdf">Curso Técnico em&nbsp;Petróleo e Gás Subsequente ao Ensino Médio</a></p>
<p style="text-align: center"><strong>CURSOS SUPERIORES</strong></p>
<p style="text-align: justify"><a href="http://www.ifbaiano.edu.br/unidades/catu/files/2019/03/Licenciatura-em-Química-PPC-2017-2018-pos-consup-12-04-18-final.pdf">Curso de Licenciatura em Química</a></p>
<p style="text-align: justify"><a href="http://www.ifbaiano.edu.br/unidades/catu/files/2019/03/PPC-Curso-Superior-de-Tecnologia-em-Análise-e-Desenvolvimento-de-Sistemas.pdf">Curso Superior de Tecnologia em Análise e Desenvolvimento de Sistemas</a></p>

<p>CURSOS SUBSEQUENTES (PPCS Atualizados 2026) PPC do Curso Técnico em Petróleo e Gás Modalidade Subsequente 2026 ENSINO MÉDIO INTEGRADO (PPCS Atualizados a partir de 2020) Curso Técnico em Agropecuária Integrado ao Ensino Médio (Alteração – Aprovada em&nbsp;08-08-2023) Curso&nbsp;Técnico em Agropecuária Integrado ao Ensino Médio (PPC Reformulado Aprovado em 29-07-2021) Curso&nbsp;Técnico em Agropecuária Integrado ao Ensino [&hellip;]</p>
