{"id":14607,"date":"2016-09-27T13:30:18","date_gmt":"2016-09-27T13:30:18","guid":{"rendered":"http:\/\/www.ifbaiano.edu.br\/unidades\/catu\/?page_id=14607"},"modified":"2016-09-27T16:40:56","modified_gmt":"2016-09-27T16:40:56","slug":"licitacoes-e-contratos","status":"publish","type":"page","link":"https:\/\/www.ifbaiano.edu.br\/unidades\/catu\/licitacoes-e-contratos\/","title":{"rendered":"Licita\u00e7\u00f5es e contratos"},"content":{"rendered":"<p align=\"center\"><span style=\"color: #343434\"><span style=\"font-family: 'Open Sans', sans-serif\"><span><strong>EXTRATO DA CHAMADA P\u00daBLICA n\u00ba 01\/2016 &#8211; DISPENSA DE LICITA\u00c7\u00c3O 15\/2016<\/strong><\/span><\/span><\/span><\/p>\n<p align=\"justify\"><span style=\"color: #343434\"><span style=\"font-family: 'Open Sans', sans-serif\">O Instituto Federal Baiano \u2013<\/span><\/span><em><span style=\"color: #343434\"><span style=\"font-family: 'Open Sans', sans-serif\">Campus<\/span><\/span><\/em><em><span style=\"color: #343434\"><span style=\"font-family: 'Open Sans', sans-serif\"> Catu<\/span><\/span><\/em><span style=\"color: #343434\"><span style=\"font-family: 'Open Sans', sans-serif\"> torna p\u00fablico, para conhecimento dos interessados, que realizar\u00e1 a Chamada P\u00fablica n\u00ba 01\/2016, <\/span><\/span><span style=\"color: #343434\"><span style=\"font-family: 'Open Sans', sans-serif\">processo n\u00ba 23.329000546\/2016-39<\/span><\/span><span style=\"color: #343434\"><span style=\"font-family: 'Open Sans', sans-serif\">. Objeto: Aquisi\u00e7\u00e3o de g\u00eaneros aliment\u00edcios da agricultura familiar para atendimento ao programa Nacional de Alimenta\u00e7\u00e3o Escolar \u2013 PNAE, conforme as pe\u00e7as t\u00e9cnicas constantes no Instrumento Convocat\u00f3rio e seus anexos, partes integrantes desta Chamada P\u00fablica. O Edital encontra-se dispon\u00edvel na sede do Campus e no s\u00edtio <\/span><\/span><span style=\"color: #343434\"><span style=\"font-family: 'Open Sans', sans-serif\"><span style=\"text-decoration: underline\">http:\/\/www.ifbaiano.edu.br\/unidades\/<\/span><\/span><\/span><span style=\"color: #343434\"><span style=\"font-family: 'Open Sans', sans-serif\"><span style=\"text-decoration: underline\">Catu<\/span><\/span><\/span><span style=\"color: #343434\"><span style=\"font-family: 'Open Sans', sans-serif\">. Sess\u00e3o de abertura: <\/span><\/span><span style=\"color: #343434\"><span style=\"font-family: 'Open Sans', sans-serif\">20<\/span><\/span><span style=\"color: #343434\"><span style=\"font-family: 'Open Sans', sans-serif\">\/<\/span><\/span><span style=\"color: #343434\"><span style=\"font-family: 'Open Sans', sans-serif\">10<\/span><\/span><span style=\"color: #343434\"><span style=\"font-family: 'Open Sans', sans-serif\">\/2016, \u00e0s 09h, Hor\u00e1rio Local, na sede do Instituto Federal Baiano \u2013 <\/span><\/span><em><span style=\"color: #343434\"><span style=\"font-family: 'Open Sans', sans-serif\">Campus <\/span><\/span><\/em><em><span style=\"color: #343434\"><span style=\"font-family: 'Open Sans', sans-serif\">Catu<\/span><\/span><\/em><span style=\"color: #343434\"><span style=\"font-family: 'Open Sans', sans-serif\">, localizado na Rua <\/span><\/span><span style=\"color: #343434\"><span style=\"font-family: 'Open Sans', sans-serif\">Bar\u00e3o de Cama\u00e7ari, n\u00ba 118, Bairro Bar\u00e3o de Cama\u00e7ari, cep. 48.110.000, Catu<\/span><\/span><span style=\"color: #343434\"><span style=\"font-family: 'Open Sans', sans-serif\"> \u2013 Bahia.<\/span><\/span><\/p>\n<p align=\"justify\"><a href=\"http:\/\/www.ifbaiano.edu.br\/unidades\/catu\/files\/2016\/09\/1-Anexo-I-PROJETO-B%C3%81SICO-TERMO-DE-REFERENCIA-PNAE-II1.pdf\" target=\"_blank\">Anexo I &#8211; PROJETO B\u00c1SICO &#8211; TERMO DE REFERENCIA PNAE II<\/a><\/p>\n<p align=\"justify\"><a href=\"http:\/\/www.ifbaiano.edu.br\/unidades\/catu\/files\/2016\/09\/2-Anexo-II-Projeto-de-Vendas-PNAE.pdf\" target=\"_blank\">Anexo II &#8211; Projeto de Vendas PNAE<\/a><\/p>\n<p align=\"justify\"><a href=\"http:\/\/www.ifbaiano.edu.br\/unidades\/catu\/files\/2016\/09\/3-Anexo-III-Declara%C3%A7%C3%A3o-de-Origem-dos-Produtos.pdf\" target=\"_blank\">Anexo III- Declara\u00e7\u00e3o de Origem dos Produtos<\/a><\/p>\n<p align=\"justify\"><a href=\"http:\/\/www.ifbaiano.edu.br\/unidades\/catu\/files\/2016\/09\/4-Anexo-IV-Modelo-de-Termo-de-Recebimento.pdf\" target=\"_blank\">Anexo IV &#8211; Modelo de Termo de Recebimento<\/a><\/p>\n<p align=\"justify\"><a href=\"http:\/\/www.ifbaiano.edu.br\/unidades\/catu\/files\/2016\/09\/5-Anexo-V-Minuta-do-Contrato-PNAE-2016.pdf\" target=\"_blank\">Anexo V &#8211; Minuta do Contrato PNAE 2016<\/a><\/p>\n<p align=\"justify\"><a href=\"http:\/\/www.ifbaiano.edu.br\/unidades\/catu\/files\/2016\/09\/6-ANEXO-VI-Modelo-de-declara%C3%A7%C3%A3o-de-atendimento-ao-limite-individual.pdf\" target=\"_blank\">Anexo VI &#8211; Modelo de declara\u00e7\u00e3o de atendimento ao limite individual<\/a><\/p>\n<p align=\"justify\"><a href=\"http:\/\/www.ifbaiano.edu.br\/unidades\/catu\/files\/2016\/09\/Edital-de-Chamada-P%C3%BAblica-01.2016-IFBAIANO-CATU-PNAE.pdf\" target=\"_blank\">Edital de Chamada P\u00fablica 01.2016 IFBAIANO CATU PNAE<\/a><\/p>\n<p align=\"justify\">\n","protected":false},"excerpt":{"rendered":"<p>EXTRATO DA CHAMADA P\u00daBLICA n\u00ba 01\/2016 &#8211; DISPENSA DE LICITA\u00c7\u00c3O 15\/2016 O Instituto Federal Baiano \u2013Campus Catu torna p\u00fablico, para conhecimento dos interessados, que realizar\u00e1 a Chamada P\u00fablica n\u00ba 01\/2016, processo n\u00ba 23.329000546\/2016-39. Objeto: Aquisi\u00e7\u00e3o de g\u00eaneros aliment\u00edcios da agricultura familiar para atendimento ao programa Nacional de Alimenta\u00e7\u00e3o Escolar \u2013 PNAE, conforme as pe\u00e7as t\u00e9cnicas [&hellip;]<\/p>\n","protected":false},"author":20,"featured_media":0,"parent":0,"menu_order":0,"comment_status":"open","ping_status":"open","template":"","meta":[],"_links":{"self":[{"href":"https:\/\/www.ifbaiano.edu.br\/unidades\/catu\/wp-json\/wp\/v2\/pages\/14607"}],"collection":[{"href":"https:\/\/www.ifbaiano.edu.br\/unidades\/catu\/wp-json\/wp\/v2\/pages"}],"about":[{"href":"https:\/\/www.ifbaiano.edu.br\/unidades\/catu\/wp-json\/wp\/v2\/types\/page"}],"author":[{"embeddable":true,"href":"https:\/\/www.ifbaiano.edu.br\/unidades\/catu\/wp-json\/wp\/v2\/users\/20"}],"replies":[{"embeddable":true,"href":"https:\/\/www.ifbaiano.edu.br\/unidades\/catu\/wp-json\/wp\/v2\/comments?post=14607"}],"version-history":[{"count":9,"href":"https:\/\/www.ifbaiano.edu.br\/unidades\/catu\/wp-json\/wp\/v2\/pages\/14607\/revisions"}],"predecessor-version":[{"id":14634,"href":"https:\/\/www.ifbaiano.edu.br\/unidades\/catu\/wp-json\/wp\/v2\/pages\/14607\/revisions\/14634"}],"wp:attachment":[{"href":"https:\/\/www.ifbaiano.edu.br\/unidades\/catu\/wp-json\/wp\/v2\/media?parent=14607"}],"curies":[{"name":"wp","href":"https:\/\/api.w.org\/{rel}","templated":true}]}}

Licitações e contratos

<p align="center"><span style="color: #343434"><span style="font-family: 'Open Sans', sans-serif"><span><strong>EXTRATO DA CHAMADA PÚBLICA nº 01/2016 &#8211; DISPENSA DE LICITAÇÃO 15/2016</strong></span></span></span></p>
<p align="justify"><span style="color: #343434"><span style="font-family: 'Open Sans', sans-serif">O Instituto Federal Baiano –</span></span><em><span style="color: #343434"><span style="font-family: 'Open Sans', sans-serif">Campus</span></span></em><em><span style="color: #343434"><span style="font-family: 'Open Sans', sans-serif"> Catu</span></span></em><span style="color: #343434"><span style="font-family: 'Open Sans', sans-serif"> torna público, para conhecimento dos interessados, que realizará a Chamada Pública nº 01/2016, </span></span><span style="color: #343434"><span style="font-family: 'Open Sans', sans-serif">processo nº 23.329000546/2016-39</span></span><span style="color: #343434"><span style="font-family: 'Open Sans', sans-serif">. Objeto: Aquisição de gêneros alimentícios da agricultura familiar para atendimento ao programa Nacional de Alimentação Escolar – PNAE, conforme as peças técnicas constantes no Instrumento Convocatório e seus anexos, partes integrantes desta Chamada Pública. O Edital encontra-se disponível na sede do Campus e no sítio </span></span><span style="color: #343434"><span style="font-family: 'Open Sans', sans-serif"><span style="text-decoration: underline">http://www.ifbaiano.edu.br/unidades/</span></span></span><span style="color: #343434"><span style="font-family: 'Open Sans', sans-serif"><span style="text-decoration: underline">Catu</span></span></span><span style="color: #343434"><span style="font-family: 'Open Sans', sans-serif">. Sessão de abertura: </span></span><span style="color: #343434"><span style="font-family: 'Open Sans', sans-serif">20</span></span><span style="color: #343434"><span style="font-family: 'Open Sans', sans-serif">/</span></span><span style="color: #343434"><span style="font-family: 'Open Sans', sans-serif">10</span></span><span style="color: #343434"><span style="font-family: 'Open Sans', sans-serif">/2016, às 09h, Horário Local, na sede do Instituto Federal Baiano – </span></span><em><span style="color: #343434"><span style="font-family: 'Open Sans', sans-serif">Campus </span></span></em><em><span style="color: #343434"><span style="font-family: 'Open Sans', sans-serif">Catu</span></span></em><span style="color: #343434"><span style="font-family: 'Open Sans', sans-serif">, localizado na Rua </span></span><span style="color: #343434"><span style="font-family: 'Open Sans', sans-serif">Barão de Camaçari, nº 118, Bairro Barão de Camaçari, cep. 48.110.000, Catu</span></span><span style="color: #343434"><span style="font-family: 'Open Sans', sans-serif"> – Bahia.</span></span></p>
<p align="justify"><a href="http://www.ifbaiano.edu.br/unidades/catu/files/2016/09/1-Anexo-I-PROJETO-B%C3%81SICO-TERMO-DE-REFERENCIA-PNAE-II1.pdf" target="_blank">Anexo I &#8211; PROJETO BÁSICO &#8211; TERMO DE REFERENCIA PNAE II</a></p>
<p align="justify"><a href="http://www.ifbaiano.edu.br/unidades/catu/files/2016/09/2-Anexo-II-Projeto-de-Vendas-PNAE.pdf" target="_blank">Anexo II &#8211; Projeto de Vendas PNAE</a></p>
<p align="justify"><a href="http://www.ifbaiano.edu.br/unidades/catu/files/2016/09/3-Anexo-III-Declara%C3%A7%C3%A3o-de-Origem-dos-Produtos.pdf" target="_blank">Anexo III- Declaração de Origem dos Produtos</a></p>
<p align="justify"><a href="http://www.ifbaiano.edu.br/unidades/catu/files/2016/09/4-Anexo-IV-Modelo-de-Termo-de-Recebimento.pdf" target="_blank">Anexo IV &#8211; Modelo de Termo de Recebimento</a></p>
<p align="justify"><a href="http://www.ifbaiano.edu.br/unidades/catu/files/2016/09/5-Anexo-V-Minuta-do-Contrato-PNAE-2016.pdf" target="_blank">Anexo V &#8211; Minuta do Contrato PNAE 2016</a></p>
<p align="justify"><a href="http://www.ifbaiano.edu.br/unidades/catu/files/2016/09/6-ANEXO-VI-Modelo-de-declara%C3%A7%C3%A3o-de-atendimento-ao-limite-individual.pdf" target="_blank">Anexo VI &#8211; Modelo de declaração de atendimento ao limite individual</a></p>
<p align="justify"><a href="http://www.ifbaiano.edu.br/unidades/catu/files/2016/09/Edital-de-Chamada-P%C3%BAblica-01.2016-IFBAIANO-CATU-PNAE.pdf" target="_blank">Edital de Chamada Pública 01.2016 IFBAIANO CATU PNAE</a></p>
<p align="justify">

<p>EXTRATO DA CHAMADA PÚBLICA nº 01/2016 &#8211; DISPENSA DE LICITAÇÃO 15/2016 O Instituto Federal Baiano –Campus Catu torna público, para conhecimento dos interessados, que realizará a Chamada Pública nº 01/2016, processo nº 23.329000546/2016-39. Objeto: Aquisição de gêneros alimentícios da agricultura familiar para atendimento ao programa Nacional de Alimentação Escolar – PNAE, conforme as peças técnicas [&hellip;]</p>
