{"id":15371,"date":"2017-03-29T00:46:32","date_gmt":"2017-03-29T00:46:32","guid":{"rendered":"http:\/\/www.ifbaiano.edu.br\/unidades\/catu\/?page_id=15371"},"modified":"2017-03-29T01:06:21","modified_gmt":"2017-03-29T01:06:21","slug":"orientacoes-para-o-processo-de-compras","status":"publish","type":"page","link":"https:\/\/www.ifbaiano.edu.br\/unidades\/catu\/orientacoes-para-o-processo-de-compras\/","title":{"rendered":"Orienta\u00e7\u00f5es para o Processo de Compras"},"content":{"rendered":"<p>O Instituto Federal Baiano (IF Baiano) disponibiliza as seguintes orienta\u00e7\u00f5es para o processo de compras:<\/p>\n<p><a href=\"http:\/\/www.ifbaiano.edu.br\/unidades\/catu\/files\/2017\/03\/MEMORANDO-CIRCULAR-41-2014-IF-GAB.pdf\" target=\"_blank\">Memorando Circular n\u00ba 41-2014-IF BAIANO-GAB<\/a><\/p>\n<p><a href=\"http:\/\/www.ifbaiano.edu.br\/unidades\/catu\/files\/2017\/03\/Of\u00edcio-Circular-n\u00ba-100-2014-IF-BAIANO-GAB.pdf\" target=\"_blank\">Of\u00edcio Circular n\u00ba 100-2014 IF BAIANO-GAB<\/a><\/p>\n<p><a href=\"http:\/\/www.ifbaiano.edu.br\/unidades\/catu\/files\/2017\/03\/orientacoes_cotacao.pdf\" target=\"_blank\">Orienta\u00e7\u00f5es para Cota\u00e7\u00e3o<\/a><\/p>\n<p><a href=\"http:\/\/www.ifbaiano.edu.br\/unidades\/catu\/files\/2017\/03\/CARTILHA-DE-TRAMITE-PROCESSUAL-ARRUMA\u00c7\u00c3O-DE-PROCESSO.pdf\" target=\"_blank\">Cartilha de Tramite Processual &#8211; Arruma\u00e7\u00e3o de Processo<\/a><\/p>\n","protected":false},"excerpt":{"rendered":"<p>O Instituto Federal Baiano (IF Baiano) disponibiliza as seguintes orienta\u00e7\u00f5es para o processo de compras: Memorando Circular n\u00ba 41-2014-IF BAIANO-GAB Of\u00edcio Circular n\u00ba 100-2014 IF BAIANO-GAB Orienta\u00e7\u00f5es para Cota\u00e7\u00e3o Cartilha de Tramite Processual &#8211; Arruma\u00e7\u00e3o de Processo<\/p>\n","protected":false},"author":20,"featured_media":0,"parent":0,"menu_order":0,"comment_status":"closed","ping_status":"closed","template":"","meta":[],"_links":{"self":[{"href":"https:\/\/www.ifbaiano.edu.br\/unidades\/catu\/wp-json\/wp\/v2\/pages\/15371"}],"collection":[{"href":"https:\/\/www.ifbaiano.edu.br\/unidades\/catu\/wp-json\/wp\/v2\/pages"}],"about":[{"href":"https:\/\/www.ifbaiano.edu.br\/unidades\/catu\/wp-json\/wp\/v2\/types\/page"}],"author":[{"embeddable":true,"href":"https:\/\/www.ifbaiano.edu.br\/unidades\/catu\/wp-json\/wp\/v2\/users\/20"}],"replies":[{"embeddable":true,"href":"https:\/\/www.ifbaiano.edu.br\/unidades\/catu\/wp-json\/wp\/v2\/comments?post=15371"}],"version-history":[{"count":7,"href":"https:\/\/www.ifbaiano.edu.br\/unidades\/catu\/wp-json\/wp\/v2\/pages\/15371\/revisions"}],"predecessor-version":[{"id":15385,"href":"https:\/\/www.ifbaiano.edu.br\/unidades\/catu\/wp-json\/wp\/v2\/pages\/15371\/revisions\/15385"}],"wp:attachment":[{"href":"https:\/\/www.ifbaiano.edu.br\/unidades\/catu\/wp-json\/wp\/v2\/media?parent=15371"}],"curies":[{"name":"wp","href":"https:\/\/api.w.org\/{rel}","templated":true}]}}