{"id":17217,"date":"2019-03-20T12:10:25","date_gmt":"2019-03-20T12:10:25","guid":{"rendered":"http:\/\/www.ifbaiano.edu.br\/unidades\/catu\/?page_id=17217"},"modified":"2020-10-28T16:33:23","modified_gmt":"2020-10-28T19:33:23","slug":"pregao","status":"publish","type":"page","link":"https:\/\/www.ifbaiano.edu.br\/unidades\/catu\/licitacoes-e-contratos\/pregao\/","title":{"rendered":"Preg\u00e3o"},"content":{"rendered":"<p class=\"western\" align=\"justify\"><b><\/b>O Instituto Federal Baiano (IF Baiano) &#8211; Campus Catu, atrav\u00e9s da Diretoria Administrativa e o Setor de Compras e Licita\u00e7\u00f5es, possui, entre outras, a atribui\u00e7\u00e3o de gerir os processos de aquisi\u00e7\u00e3o de materiais e contrata\u00e7\u00e3o de obras e servi\u00e7os, conforme as Leis Federais <a href=\"http:\/\/www.planalto.gov.br\/ccivil_03\/leis\/L8666cons.htm\" target=\"_blank\" rel=\"noopener noreferrer\">n\u00ba 8.666\/93<\/a>, <a href=\"http:\/\/www.planalto.gov.br\/ccivil_03\/leis\/2002\/L10520.htm\" target=\"_blank\" rel=\"noopener noreferrer\">n\u00ba 10.520\/02<\/a>, <a href=\"http:\/\/www.planalto.gov.br\/ccivil_03\/_Ato2011-2014\/2011\/Lei\/l12462.htm\" target=\"_blank\" rel=\"noopener noreferrer\">n\u00ba 12.462\/2011<\/a>, entre outros.<\/p>\n<p>Os resultados das licita\u00e7\u00f5es do IF Baiano &#8211; Campus Catu, s\u00e3o publicados no Site do Sistema Comprasnet. Para saber informa\u00e7\u00f5es sobre um processo espec\u00edfico, click no n\u00famero dos preg\u00f5es informado abaixo, informe o c\u00f3digo que aparece e acesse os documentos disponibilizados por meio de Download no pr\u00f3prio Sistema.<\/p>\n<h2>PREG\u00c3O ELETR\u00d4NICO 2020<\/h2>\n<p><strong>PREG\u00c3O N\u00b0 01\/2020<\/strong><\/p>\n<p><strong>Processo n\u00ba 23329.250444.2020-49<\/strong><\/p>\n<p><strong>Objeto:<\/strong> Contrata\u00e7\u00e3o de servi\u00e7o de Manuten\u00e7\u00e3o de Equipamentos Climatiza\u00e7\u00e3o, Refrigera\u00e7\u00e3o e Cozinha Industrial<br \/>\n<strong>Edital e anexos:<\/strong><br \/>\n<a href=\"http:\/\/comprasnet.gov.br\/ConsultaLicitacoes\/Download\/Download.asp?coduasg=158443&amp;modprp=5&amp;numprp=12020\" target=\"_blank\" rel=\"noopener noreferrer\">http:\/\/comprasnet.gov.br\/ConsultaLicitacoes\/Download\/Download.asp?coduasg=158443&amp;modprp=5&amp;numprp=12020<\/a><br \/>\n<strong>Link comprasnet:<br \/>\n<\/strong><a href=\"http:\/\/comprasnet.gov.br\/livre\/Pregao\/ata2.asp?co_no_uasg=158443&amp;numprp=12020&amp;f_lstSrp=&amp;f_Uf=&amp;f_numPrp=12020&amp;f_codUasg=158443&amp;f_tpPregao=E&amp;f_lstICMS=&amp;f_dtAberturaIni=&amp;f_dtAberturaFim=\" target=\"_blank\" rel=\"noopener noreferrer\">http:\/\/comprasnet.gov.br\/livre\/Pregao\/ata2.asp?co_no_uasg=158443&amp;numprp=12020&amp;f_lstSrp=&amp;f_Uf=&amp;f_numPrp=12020&amp;f_codUasg=158443&amp;f_tpPregao=E&amp;f_lstICMS=&amp;f_dtAberturaIni=&amp;f_dtAberturaFim=<\/a><strong><br \/>\n<\/strong><\/p>\n<p><strong>PREG\u00c3O N\u00b0 02\/2020<\/strong><\/p>\n<p><strong>Processo n\u00ba 23329.250561.2020-11<\/strong><\/p>\n<p><strong>Objeto:<\/strong> Aquisi\u00e7\u00e3o de g\u00e1s liquefeito do petr\u00f3leo (Fracassado)<br \/>\n<strong>Edital e anexos:<br \/>\n<\/strong><a href=\"http:\/\/comprasnet.gov.br\/ConsultaLicitacoes\/Download\/Download.asp?coduasg=158443&amp;modprp=5&amp;numprp=22020\" target=\"_blank\" rel=\"noopener noreferrer\">http:\/\/comprasnet.gov.br\/ConsultaLicitacoes\/Download\/Download.asp?coduasg=158443&amp;modprp=5&amp;numprp=22020<\/a><br \/>\n<strong>Link comprasnet:<br \/>\n<\/strong><a href=\"http:\/\/comprasnet.gov.br\/livre\/Pregao\/ataEletDeserto.asp?coduasg=158443&amp;numPrp=22020&amp;f_lstSrp=&amp;f_Uf=&amp;f_numPrp=22020&amp;f_coduasg=158443&amp;f_tpPregao=E&amp;f_lstICMS=&amp;f_dtAberturaIni=&amp;f_dtAberturaFim=\" target=\"_blank\" rel=\"noopener noreferrer\">http:\/\/comprasnet.gov.br\/livre\/Pregao\/ataEletDeserto.asp?coduasg=158443&amp;numPrp=22020&amp;f_lstSrp=&amp;f_Uf=&amp;f_numPrp=22020&amp;f_coduasg=158443&amp;f_tpPregao=E&amp;f_lstICMS=&amp;f_dtAberturaIni=&amp;f_dtAberturaFim=<\/a><\/p>\n<p><strong>PREG\u00c3O N\u00b0 03\/2020<\/strong><\/p>\n<p><strong>Processo n\u00ba 23329.250561.2020-11<\/strong><\/p>\n<p><strong>Objeto:<\/strong> Ra\u00e7\u00e3o Animal<br \/>\n<strong>Edital e anexos:<br \/>\n<\/strong><a href=\"http:\/\/www.comprasnet.gov.br\/ConsultaLicitacoes\/Download\/Download.asp?coduasg=158443&amp;numprp=000032020&amp;modprp=5\" target=\"_blank\" rel=\"noopener noreferrer\">http:\/\/www.comprasnet.gov.br\/ConsultaLicitacoes\/Download\/Download.asp?coduasg=158443&amp;numprp=000032020&amp;modprp=5<\/a><br \/>\n<strong>Link comprasnet:<br \/>\n<\/strong><a href=\"http:\/\/comprasnet.gov.br\/livre\/Pregao\/ata2.asp?co_no_uasg=158443&amp;numprp=32020&amp;f_lstSrp=&amp;f_Uf=&amp;f_numPrp=32020&amp;f_codUasg=158443&amp;f_tpPregao=E&amp;f_lstICMS=&amp;f_dtAberturaIni=&amp;f_dtAberturaFim=\" target=\"_blank\" rel=\"noopener noreferrer\">http:\/\/comprasnet.gov.br\/livre\/Pregao\/ata2.asp?co_no_uasg=158443&amp;numprp=32020&amp;f_lstSrp=&amp;f_Uf=&amp;f_numPrp=32020&amp;f_codUasg=158443&amp;f_tpPregao=E&amp;f_lstICMS=&amp;f_dtAberturaIni=&amp;f_dtAberturaFim=<\/a><\/p>\n<p><strong><br \/>\nPREG\u00c3O N\u00b0 04\/2020<\/strong><\/p>\n<p><strong>Processo n\u00ba 23329.250561.2020-11<\/strong><\/p>\n<p><strong>Objeto:<\/strong> Aquisi\u00e7\u00e3o de g\u00e1s liquefeito do petr\u00f3leo (Repeti\u00e7\u00e3o)<br \/>\n<strong>Edital e anexos:<br \/>\n<\/strong><a href=\"http:\/\/www.comprasnet.gov.br\/ConsultaLicitacoes\/Download\/Download.asp?coduasg=158443&amp;numprp=000042020&amp;modprp=5\" target=\"_blank\" rel=\"noopener noreferrer\">http:\/\/www.comprasnet.gov.br\/ConsultaLicitacoes\/Download\/Download.asp?coduasg=158443&amp;numprp=000042020&amp;modprp=5<\/a><br \/>\n<strong>Link comprasnet:<br \/>\n<\/strong><a href=\"http:\/\/www.comprasnet.gov.br\/ConsultaLicitacoes\/Download\/Download.asp?coduasg=158443&amp;numprp=000042020&amp;modprp=5\" target=\"_blank\" rel=\"noopener noreferrer\">http:\/\/comprasnet.gov.br\/livre\/Pregao\/ata2.asp?co_no_uasg=158443&amp;numprp=42020&amp;f_lstSrp=&amp;f_Uf=&amp;f_numPrp=42020&amp;f_codUasg=158443&amp;f_tpPregao=E&amp;f_lstICMS=&amp;f_dtAberturaIni=&amp;f_dtAberturaFim=<\/a><\/p>\n<p><strong><br \/>\nPREG\u00c3O N\u00b0 05\/2020<\/strong><\/p>\n<p><strong>Processo n\u00ba 23329.250638\/2020-44<\/strong><\/p>\n<p><strong>Objeto:<\/strong> Aquisi\u00e7\u00e3o de g\u00eaneros aliment\u00edcios<br \/>\n<strong>Edital e anexos:<br \/>\n<\/strong><a href=\"http:\/\/www.comprasnet.gov.br\/ConsultaLicitacoes\/Download\/Download.asp?coduasg=158443&amp;numprp=000052020&amp;modprp=5\" target=\"_blank\" rel=\"noopener noreferrer\">http:\/\/www.comprasnet.gov.br\/ConsultaLicitacoes\/Download\/Download.asp?coduasg=158443&amp;numprp=000052020&amp;modprp=5<\/a><strong><br \/>\n<\/strong><strong>Link comprasnet:<br \/>\n<\/strong><a href=\"http:\/\/comprasnet.gov.br\/livre\/Pregao\/ata2.asp?co_no_uasg=158443&amp;numprp=52020&amp;f_lstSrp=&amp;f_Uf=&amp;f_numPrp=52020&amp;f_codUasg=158443&amp;f_tpPregao=E&amp;f_lstICMS=&amp;f_dtAberturaIni=&amp;f_dtAberturaFim=\" target=\"_blank\" rel=\"noopener noreferrer\">http:\/\/comprasnet.gov.br\/livre\/Pregao\/ata2.asp?co_no_uasg=158443&amp;numprp=52020&amp;f_lstSrp=&amp;f_Uf=&amp;f_numPrp=52020&amp;f_codUasg=158443&amp;f_tpPregao=E&amp;f_lstICMS=&amp;f_dtAberturaIni=&amp;f_dtAberturaFim=<\/a><strong><br \/>\n<\/strong><\/p>\n<p><strong><br \/>\nPREG\u00c3O N\u00b0 06\/2020<\/strong><\/p>\n<p><strong>Processo n\u00ba 23329.250625.2020-75<\/strong><\/p>\n<p><strong>Objeto:<\/strong> Aquisi\u00e7\u00e3o de Nitrog\u00eanio L\u00edquido (Fracassado)<br \/>\n<strong>Edital e anexos:<br \/>\n<\/strong><a href=\"http:\/\/comprasnet.gov.br\/ConsultaLicitacoes\/Download\/Download.asp?coduasg=158443&amp;modprp=5&amp;numprp=62020\" target=\"_blank\" rel=\"noopener noreferrer\">http:\/\/comprasnet.gov.br\/ConsultaLicitacoes\/Download\/Download.asp?coduasg=158443&amp;modprp=5&amp;numprp=62020<\/a><strong><br \/>\n<\/strong><strong>Link comprasnet:<br \/>\n<\/strong><a href=\"http:\/\/comprasnet.gov.br\/ConsultaLicitacoes\/Download\/Download.asp?coduasg=158443&amp;modprp=5&amp;numprp=62020\" target=\"_blank\" rel=\"noopener noreferrer\">http:\/\/comprasnet.gov.br\/livre\/Pregao\/ata2.asp?co_no_uasg=158443&amp;numprp=62020&amp;f_lstSrp=&amp;f_Uf=&amp;f_numPrp=62020&amp;f_codUasg=158443&amp;f_tpPregao=E&amp;f_lstICMS=&amp;f_dtAberturaIni=&amp;f_dtAberturaFim=<\/a><br \/>\n<strong><br \/>\n<\/strong><\/p>\n<p><strong>PREG\u00c3O N\u00b0 07\/2020<\/strong><\/p>\n<p><strong>Processo n\u00ba 23329.250625.2020-75<\/strong><\/p>\n<p><strong>Objeto:<\/strong> Aquisi\u00e7\u00e3o de Nitrog\u00eanio L\u00edquido (Repeti\u00e7\u00e3o)<br \/>\n<strong>Edital e anexos:<br \/>\n<\/strong><a href=\"http:\/\/comprasnet.gov.br\/ConsultaLicitacoes\/Download\/Download.asp?coduasg=158443&amp;modprp=5&amp;numprp=72020\" target=\"_blank\" rel=\"noopener noreferrer\">http:\/\/comprasnet.gov.br\/ConsultaLicitacoes\/Download\/Download.asp?coduasg=158443&amp;modprp=5&amp;numprp=72020<\/a><\/p>\n<p><strong>Link comprasnet: <\/strong>Abertura das propostas em 30\/10\/2020<\/p>\n<p><span style=\"color: #ffffff\"><strong>PREG\u00c3O N\u00b0 07\/2020<\/strong><\/span><\/p>\n<p><span style=\"color: #ffffff\"><strong>Processo n\u00ba 23329.250625.2020-75<\/strong><\/span><\/p>\n<p><span style=\"color: #ffffff\"><strong>Objeto:<\/strong> Aquisi\u00e7\u00e3o de Nitrog\u00eanio L\u00edquido (Repeti\u00e7\u00e3o)<\/span><\/p>\n<p><span style=\"color: #ffffff\"><strong>Link comprasnet: <\/strong>Abertura das propostas em 30\/10\/2020<\/span><\/p>\n<h2>PREG\u00c3O ELETR\u00d4NICO 2019<\/h2>\n<p>Em constru\u00e7\u00e3o<\/p>\n<p><span style=\"color: #ffffff\"><strong>PREG\u00c3O N\u00b0 07\/2020<\/strong><\/span><\/p>\n<p><span style=\"color: #ffffff\"><strong>Processo n\u00ba 23329.250625.2020-75<\/strong><\/span><\/p>\n<p><span style=\"color: #ffffff\"><strong>Objeto:<\/strong> Aquisi\u00e7\u00e3o de Nitrog\u00eanio L\u00edquido (Repeti\u00e7\u00e3o)<\/span><\/p>\n<p><span style=\"color: #ffffff\"><strong>Link comprasnet: <\/strong>Abertura das propostas em 30\/10\/2020<\/span><\/p>\n<h2>PREG\u00c3O ELETR\u00d4NICO 2018<\/h2>\n<p><strong>PREG\u00c3O N\u00b0 01\/2018<\/strong><\/p>\n<p>Objeto: Aquisi\u00e7\u00e3o de itens de consumo dos tipos copa e cozinha, servi\u00e7o m\u00e9dico e limpeza para atendimento \u00e0 resid\u00eancia estudantil, setor m\u00e9dico e ao refeit\u00f3rio deste campus, mediante Sistema de Registro de Pre\u00e7o, conforme condi\u00e7\u00f5es e especifica\u00e7\u00f5es constantes neste Termo de Refer\u00eancia.<\/p>\n<p><a href=\"http:\/\/comprasnet.gov.br\/ConsultaLicitacoes\/Download\/Download.asp?coduasg=158443&amp;numprp=12018&amp;modprp=5&amp;bidbird=N\" target=\"_blank\" rel=\"noopener noreferrer\">Preg\u00e3o 01\/2018<\/a><\/p>\n<hr \/>\n<p><strong>PREG\u00c3O N\u00b0 02\/2018<\/strong><\/p>\n<p>Objeto: Aquisi\u00e7\u00e3o de Reagentes Qu\u00edmicos, conforme condi\u00e7\u00f5es, quantidades, exig\u00eancias e estimativas estabelecidas constantes no Termo de Refer\u00eancia.<\/p>\n<p>Link do Comprasnet para acesso \u00e0 p\u00e1gina do preg\u00e3o 02\/2018:<\/p>\n<p><a href=\"http:\/\/comprasnet.gov.br\/ConsultaLicitacoes\/Download\/Download.asp?coduasg=158443&amp;numprp=22018&amp;modprp=5&amp;bidbird=N\" target=\"_blank\" rel=\"noopener noreferrer\">Preg\u00e3o 02\/2018<\/a><\/p>\n<hr \/>\n<p><strong>PREG\u00c3O N\u00b0 03\/2018<\/strong><\/p>\n<p>Objeto: Aquisi\u00e7\u00e3o de g\u00e1s liquefeito de petr\u00f3leo para atender al\u00e9m do refeit\u00f3rio, diversos outros setores do Campus Catu<\/p>\n<p><a href=\"http:\/\/comprasnet.gov.br\/ConsultaLicitacoes\/Download\/Download.asp?coduasg=158443&amp;numprp=32018&amp;modprp=5&amp;bidbird=N\" target=\"_blank\" rel=\"noopener noreferrer\">Preg\u00e3o 03\/2018<\/a><\/p>\n<hr \/>\n<p><strong>PREG\u00c3O N\u00b0 05\/2018 (fracassado)<\/strong><\/p>\n<p>Objeto: Aquisi\u00e7\u00e3o de g\u00eanero aliment\u00edcio do tipo p\u00e3o, visando atender as necessidades do N\u00facleo de Nutri\u00e7\u00e3o e Sa\u00fade (Refeit\u00f3rio) do IF BAIANO Campus Catu.<\/p>\n<p><a href=\"http:\/\/comprasnet.gov.br\/ConsultaLicitacoes\/Download\/Download.asp?coduasg=158443&amp;numprp=52018&amp;modprp=5&amp;bidbird=N\" target=\"_blank\" rel=\"noopener noreferrer\">Preg\u00e3o N\u00ba 5\/2018<\/a><\/p>\n<hr \/>\n<p><strong>PREG\u00c3O N\u00b0 06\/2018<\/strong><\/p>\n<p>Objeto: Aquisi\u00e7\u00e3o de g\u00eaneros aliment\u00edcios do tipo g\u00eaneros secos, carnes e hortifr\u00fati.<\/p>\n<p><a href=\"http:\/\/comprasnet.gov.br\/ConsultaLicitacoes\/Download\/Download.asp?coduasg=158443&amp;numprp=62018&amp;modprp=5&amp;bidbird=N\" target=\"_blank\" rel=\"noopener noreferrer\">Preg\u00e3o 06\/2018<\/a><\/p>\n<hr \/>\n<p><strong>PREG\u00c3O N\u00b0 08\/2018<\/strong><\/p>\n<p>Objeto: Aquisi\u00e7\u00e3o de insumos destinados para fabrica\u00e7\u00e3o de ra\u00e7\u00e3o animal, aves de corte e vacinas, visando atender as necessidades da Coordena\u00e7\u00e3o da Unidade Educativa de Campo do IF BAIANO Campus Catu, conforme especifica\u00e7\u00f5es e quantitativos constantes no Anexo I Termo de Refer\u00eancia.<\/p>\n<p><a href=\"http:\/\/comprasnet.gov.br\/ConsultaLicitacoes\/Download\/Download.asp?coduasg=158443&amp;numprp=82018&amp;modprp=5&amp;bidbird=N\" target=\"_blank\" rel=\"noopener noreferrer\">Preg\u00e3o N\u00ba 8\/2018<\/a><\/p>\n<hr \/>\n<p><strong>PREG\u00c3O N\u00b0 09\/2018<\/strong><\/p>\n<p>Objeto: Contrata\u00e7\u00e3o de empresa para presta\u00e7\u00e3o de servi\u00e7os na confec\u00e7\u00e3o de materiais gr\u00e1ficos para o Instituto Federal de Educa\u00e7\u00e3o, Ci\u00eancia e Tecnologia Baiano Campus Catu, cujas especifica\u00e7\u00f5es se encontram descritas de forma clara e precisa no Termo de Refer\u00eancia.<\/p>\n<p><a href=\"http:\/\/comprasnet.gov.br\/ConsultaLicitacoes\/Download\/Download.asp?coduasg=158443&amp;numprp=92018&amp;modprp=5&amp;bidbird=N\" target=\"_blank\" rel=\"noopener noreferrer\">Preg\u00e3o N\u00ba 09\/2018<\/a><\/p>\n<hr \/>\n<p><strong>PREG\u00c3O N\u00b0 10\/2018<\/strong><\/p>\n<p>Objeto: Aquisi\u00e7\u00e3o de g\u00eanero aliment\u00edcio do tipo p\u00e3o, conforme condi\u00e7\u00f5es, quantidades e exig\u00eancias estabelecidas no Edital e seus anexos.<\/p>\n<p><a href=\"http:\/\/comprasnet.gov.br\/ConsultaLicitacoes\/Download\/Download.asp?coduasg=158443&amp;numprp=102018&amp;modprp=5&amp;bidbird=N\" target=\"_blank\" rel=\"noopener noreferrer\">Preg\u00e3o N\u00ba 10\/2018<\/a><\/p>\n<hr \/>\n<p><strong>PREG\u00c3O N\u00b0 11\/2018<\/strong><\/p>\n<p>Objeto: Aquisi\u00e7\u00e3o de um Distribuidor de Esterco L\u00edquido, conforme condi\u00e7\u00f5es, quantidades e exig\u00eancias estabelecidas no Termo de Refer\u00eancia.<\/p>\n<p><a href=\"http:\/\/comprasnet.gov.br\/ConsultaLicitacoes\/Download\/Download.asp?coduasg=158443&amp;numprp=112018&amp;modprp=5&amp;bidbird=N\" target=\"_blank\" rel=\"noopener noreferrer\">Preg\u00e3o N\u00ba 11\/2018<\/a><\/p>\n<hr \/>\n<p><strong>PREG\u00c3O N\u00b0 12\/2018<\/strong><\/p>\n<p>Objeto: Aquisi\u00e7\u00e3o de G\u00eaneros aliment\u00edcios remanescentes do preg\u00e3o 06\/2018, os quais atender\u00e3o as necessidades do N\u00facleo de Nutri\u00e7\u00e3o e Sa\u00fade e das aulas pr\u00e1ticas dos cursos T\u00e9cnico em alimentos e Gastronomia , nas disciplinas de Tecnologia de Vegetais, Habilidades e T\u00e9cnicas B\u00e1sicas de Cozinha e Cozinha Regional Brasileira do Campus Catu.<\/p>\n<p><a href=\"http:\/\/comprasnet.gov.br\/ConsultaLicitacoes\/Download\/Download.asp?coduasg=158443&amp;numprp=122018&amp;modprp=5&amp;bidbird=N\" target=\"_blank\" rel=\"noopener noreferrer\">Preg\u00e3o N\u00ba 12\/2018<\/a><\/p>\n<hr \/>\n<p><strong>PREG\u00c3O N\u00b0 14\/2018<\/strong><\/p>\n<p>Objeto: Aquisi\u00e7\u00e3o de instrumentos musicais e acess\u00f3rios para a cria\u00e7\u00e3o da Banda de M\u00fasica do Campus Catu.<\/p>\n<p><a href=\"http:\/\/comprasnet.gov.br\/ConsultaLicitacoes\/Download\/Download.asp?coduasg=158443&amp;numprp=142018&amp;modprp=5&amp;bidbird=N\" target=\"_blank\" rel=\"noopener noreferrer\">Preg\u00e3o N\u00ba 14\/2018<\/a><\/p>\n<hr \/>\n<p><strong>PREG\u00c3O N\u00b0 15\/2018<\/strong><\/p>\n<p>Objeto: Contrata\u00e7\u00e3o de pessoa jur\u00eddica para a implanta\u00e7\u00e3o de sistema de Circuito Fechado de TV (CFTV) por C\u00e2meras IP nas depend\u00eancias da sede do IF Baiano Campus Catu, compreendendo o fornecimento de equipamentos e materiais e a presta\u00e7\u00e3o de servi\u00e7os, necess\u00e1rios \u00e0 composi\u00e7\u00e3o de solu\u00e7\u00e3o completa e funcional, em conformidade com a descri\u00e7\u00e3o do Termo de Refer\u00eancia.<\/p>\n<p><a href=\"http:\/\/comprasnet.gov.br\/ConsultaLicitacoes\/Download\/Download.asp?coduasg=158443&amp;numprp=152018&amp;modprp=5&amp;bidbird=N\" target=\"_blank\" rel=\"noopener noreferrer\">Preg\u00e3o N\u00ba 15\/2018<\/a><\/p>\n","protected":false},"excerpt":{"rendered":"<p>O Instituto Federal Baiano (IF Baiano) &#8211; Campus Catu, atrav\u00e9s da Diretoria Administrativa e o Setor de Compras e Licita\u00e7\u00f5es, possui, entre outras, a atribui\u00e7\u00e3o de gerir os processos de aquisi\u00e7\u00e3o de materiais e contrata\u00e7\u00e3o de obras e servi\u00e7os, conforme as Leis Federais n\u00ba 8.666\/93, n\u00ba 10.520\/02, n\u00ba 12.462\/2011, entre outros. Os resultados das licita\u00e7\u00f5es [&hellip;]<\/p>\n","protected":false},"author":74,"featured_media":0,"parent":14607,"menu_order":0,"comment_status":"closed","ping_status":"closed","template":"","meta":[],"_links":{"self":[{"href":"https:\/\/www.ifbaiano.edu.br\/unidades\/catu\/wp-json\/wp\/v2\/pages\/17217"}],"collection":[{"href":"https:\/\/www.ifbaiano.edu.br\/unidades\/catu\/wp-json\/wp\/v2\/pages"}],"about":[{"href":"https:\/\/www.ifbaiano.edu.br\/unidades\/catu\/wp-json\/wp\/v2\/types\/page"}],"author":[{"embeddable":true,"href":"https:\/\/www.ifbaiano.edu.br\/unidades\/catu\/wp-json\/wp\/v2\/users\/74"}],"replies":[{"embeddable":true,"href":"https:\/\/www.ifbaiano.edu.br\/unidades\/catu\/wp-json\/wp\/v2\/comments?post=17217"}],"version-history":[{"count":50,"href":"https:\/\/www.ifbaiano.edu.br\/unidades\/catu\/wp-json\/wp\/v2\/pages\/17217\/revisions"}],"predecessor-version":[{"id":18428,"href":"https:\/\/www.ifbaiano.edu.br\/unidades\/catu\/wp-json\/wp\/v2\/pages\/17217\/revisions\/18428"}],"up":[{"embeddable":true,"href":"https:\/\/www.ifbaiano.edu.br\/unidades\/catu\/wp-json\/wp\/v2\/pages\/14607"}],"wp:attachment":[{"href":"https:\/\/www.ifbaiano.edu.br\/unidades\/catu\/wp-json\/wp\/v2\/media?parent=17217"}],"curies":[{"name":"wp","href":"https:\/\/api.w.org\/{rel}","templated":true}]}}