{"id":18133,"date":"2020-06-03T10:10:28","date_gmt":"2020-06-03T13:10:28","guid":{"rendered":"https:\/\/www.ifbaiano.edu.br\/unidades\/catu\/?page_id=18133"},"modified":"2020-06-03T10:10:28","modified_gmt":"2020-06-03T13:10:28","slug":"guia-do-usuario","status":"publish","type":"page","link":"https:\/\/www.ifbaiano.edu.br\/unidades\/catu\/biblioteca-4\/guia-do-usuario\/","title":{"rendered":"Guia do usu\u00e1rio"},"content":{"rendered":"\n<p><strong>EMPR\u00c9STIMO<\/strong><br>EMPR\u00c9STIMO DOMICILIAR<br>Os usu\u00e1rios da biblioteca (devidamente cadastrados) podem realizar o empr\u00e9stimo domiciliar de at\u00e9 03 (tr\u00eas) obras de diferentes t\u00edtulos por um per\u00edodo de 07 (sete) dias corridos.<\/p>\n\n\n\n<p>EMPR\u00c9STIMO PARA CONSULTA LOCAL<br>A Biblioteca est\u00e1 de portas abertas para toda a comunidade e o usu\u00e1rio tem acesso \u00e0s estantes, peri\u00f3dicos, livros, mapas dentre outros materiais dispon\u00edveis.<\/p>\n\n\n\n<p><strong>RENOVA\u00c7\u00c3O<\/strong><br>A renova\u00e7\u00e3o da obra poder\u00e1 ser realizada presencialmente no balc\u00e3o de atendimento da biblioteca ou online, utilizando o Pergamum.<br><br>ONLINE<br>A obra pode ser renovada pela internet, por meio do Pergamum, estando dentro do prazo de devolu\u00e7\u00e3o por at\u00e9 tr\u00eas vezes consecutivas, exceto: <br>     \u2022 Prazo de devolu\u00e7\u00e3o vencido \u2013 n\u00e3o ser\u00e1 poss\u00edvel efetivar a renova\u00e7\u00e3o.<br>     \u2022 Dentro do prazo de devolu\u00e7\u00e3o \/ obra reservada &#8211; a renova\u00e7\u00e3o n\u00e3o \u00e9 permitida.<\/p>\n\n\n\n<p>BALC\u00c3O DE ATENDIMENTO<br>A renova\u00e7\u00e3o pode ser feita no balc\u00e3o de atendimento da biblioteca. Para isso, ser\u00e1 necess\u00e1rio apresentar a obra.<\/p>\n\n\n\n<p><strong>PENALIDADE<\/strong><br>O usu\u00e1rio \u00e9 respons\u00e1vel pelas obras em seu poder e tem a obriga\u00e7\u00e3o de devolv\u00ea-las dentro do prazo. Caso isso n\u00e3o ocorra, os usu\u00e1rios com obras em atraso ficam suspensos do servi\u00e7o de empr\u00e9stimo domiciliar.<\/p>\n\n\n\n<p>Conforme prev\u00ea o art. 23 do Regulamento Geral das Bibliotecas do IF Baiano, o usu\u00e1rio \u201cindenizar\u00e1 obrigatoriamente a biblioteca, mediante substitui\u00e7\u00e3o do mesmo material\u201d em casos de danos e\/ou extravio.<br>A substitui\u00e7\u00e3o do material dever\u00e1 ocorre no prazo de 30 dias corridos.<\/p>\n\n\n\n<p><strong>REGULAMENTO UNIFICADO DAS BIBLIOTECAS DO IF BAIANO<\/strong><br>Para conhecer o Regulamento na \u00edntegra, <a href=\"https:\/\/www.ifbaiano.edu.br\/unidades\/catu\/files\/2020\/06\/Regulamento-das-Bibliotecas-do-IF-Baiano.pdf\" target=\"_blank\" rel=\"noreferrer noopener\" aria-label=\"clique aqui (abre numa nova aba)\">clique aqui<\/a>.<\/p>\n","protected":false},"excerpt":{"rendered":"<p>EMPR\u00c9STIMOEMPR\u00c9STIMO DOMICILIAROs usu\u00e1rios da biblioteca (devidamente cadastrados) podem realizar o empr\u00e9stimo domiciliar de at\u00e9 03 (tr\u00eas) obras de diferentes t\u00edtulos por um per\u00edodo de 07 (sete) dias corridos. EMPR\u00c9STIMO PARA CONSULTA LOCALA Biblioteca est\u00e1 de portas abertas para toda a comunidade e o usu\u00e1rio tem acesso \u00e0s estantes, peri\u00f3dicos, livros, mapas dentre outros materiais dispon\u00edveis. [&hellip;]<\/p>\n","protected":false},"author":74,"featured_media":0,"parent":3079,"menu_order":0,"comment_status":"closed","ping_status":"closed","template":"","meta":[],"_links":{"self":[{"href":"https:\/\/www.ifbaiano.edu.br\/unidades\/catu\/wp-json\/wp\/v2\/pages\/18133"}],"collection":[{"href":"https:\/\/www.ifbaiano.edu.br\/unidades\/catu\/wp-json\/wp\/v2\/pages"}],"about":[{"href":"https:\/\/www.ifbaiano.edu.br\/unidades\/catu\/wp-json\/wp\/v2\/types\/page"}],"author":[{"embeddable":true,"href":"https:\/\/www.ifbaiano.edu.br\/unidades\/catu\/wp-json\/wp\/v2\/users\/74"}],"replies":[{"embeddable":true,"href":"https:\/\/www.ifbaiano.edu.br\/unidades\/catu\/wp-json\/wp\/v2\/comments?post=18133"}],"version-history":[{"count":1,"href":"https:\/\/www.ifbaiano.edu.br\/unidades\/catu\/wp-json\/wp\/v2\/pages\/18133\/revisions"}],"predecessor-version":[{"id":18135,"href":"https:\/\/www.ifbaiano.edu.br\/unidades\/catu\/wp-json\/wp\/v2\/pages\/18133\/revisions\/18135"}],"up":[{"embeddable":true,"href":"https:\/\/www.ifbaiano.edu.br\/unidades\/catu\/wp-json\/wp\/v2\/pages\/3079"}],"wp:attachment":[{"href":"https:\/\/www.ifbaiano.edu.br\/unidades\/catu\/wp-json\/wp\/v2\/media?parent=18133"}],"curies":[{"name":"wp","href":"https:\/\/api.w.org\/{rel}","templated":true}]}}