{"id":18136,"date":"2025-05-13T07:34:18","date_gmt":"2025-05-13T10:34:18","guid":{"rendered":"https:\/\/www.ifbaiano.edu.br\/unidades\/catu\/?page_id=18136"},"modified":"2025-05-13T07:34:19","modified_gmt":"2025-05-13T10:34:19","slug":"ficha-catalografica","status":"publish","type":"page","link":"https:\/\/www.ifbaiano.edu.br\/unidades\/catu\/biblioteca-4\/ficha-catalografica\/","title":{"rendered":"Ficha Catalogr\u00e1fica"},"content":{"rendered":"\n<p>A Cataloga\u00e7\u00e3o na Fonte \u00e9 a elabora\u00e7\u00e3o da ficha catalogr\u00e1fica impressa no verso da p\u00e1gina de rosto de um livro, tese ou disserta\u00e7\u00e3o. Essa ficha, recomendada pela ABNT, deve ser feita quando a obra est\u00e1 em fase de impress\u00e3o e \u00e9 obrigat\u00f3ria para efeito de dep\u00f3sito legal.<\/p>\n\n\n\n<hr class=\"wp-block-separator has-text-color has-vivid-cyan-blue-color has-css-opacity has-vivid-cyan-blue-background-color has-background is-style-wide\" \/>\n\n\n\n<p>\u00bbFormul\u00e1rio online para solicita\u00e7\u00e3o da ficha catalogr\u00e1fica, <a rel=\"noreferrer noopener\" href=\"http:\/\/pergamum.ifbaiano.edu.br\/pergamum\/biblioteca_s\/php\/login_usu.php?flag=index.php\" target=\"_blank\"><strong>clique aqui<\/strong><\/a><\/p>\n\n\n\n<p>A ficha catalogr\u00e1fica ficar\u00e1 pronta em at\u00e9 05 (cinco) dias.<\/p>\n\n\n\n<p>D\u00favidas com rela\u00e7\u00e3o ao preenchimento, <a href=\"\/\/bit.ly\/FichaCatalografica\" target=\"_blank\" rel=\"noreferrer noopener\"><strong>clique aqui<\/strong><\/a><\/p>\n\n\n\n<p class=\"has-black-color has-text-color\"><strong>Informa\u00e7\u00f5es :<\/strong> <strong><strong>biblioteca@catu.ifbaiano.edu.br<\/strong><\/strong><\/p>\n\n\n\n<p>Telefone.: (<strong>71) 98275-4503<\/strong><\/p>\n","protected":false},"excerpt":{"rendered":"<p>A Cataloga\u00e7\u00e3o na Fonte \u00e9 a elabora\u00e7\u00e3o da ficha catalogr\u00e1fica impressa no verso da p\u00e1gina de rosto de um livro, tese ou disserta\u00e7\u00e3o. Essa ficha, recomendada pela ABNT, deve ser feita quando a obra est\u00e1 em fase de impress\u00e3o e \u00e9 obrigat\u00f3ria para efeito de dep\u00f3sito legal. \u00bbFormul\u00e1rio online para solicita\u00e7\u00e3o da ficha catalogr\u00e1fica, clique [&hellip;]<\/p>\n","protected":false},"author":74,"featured_media":0,"parent":3079,"menu_order":0,"comment_status":"closed","ping_status":"closed","template":"","meta":[],"_links":{"self":[{"href":"https:\/\/www.ifbaiano.edu.br\/unidades\/catu\/wp-json\/wp\/v2\/pages\/18136"}],"collection":[{"href":"https:\/\/www.ifbaiano.edu.br\/unidades\/catu\/wp-json\/wp\/v2\/pages"}],"about":[{"href":"https:\/\/www.ifbaiano.edu.br\/unidades\/catu\/wp-json\/wp\/v2\/types\/page"}],"author":[{"embeddable":true,"href":"https:\/\/www.ifbaiano.edu.br\/unidades\/catu\/wp-json\/wp\/v2\/users\/74"}],"replies":[{"embeddable":true,"href":"https:\/\/www.ifbaiano.edu.br\/unidades\/catu\/wp-json\/wp\/v2\/comments?post=18136"}],"version-history":[{"count":7,"href":"https:\/\/www.ifbaiano.edu.br\/unidades\/catu\/wp-json\/wp\/v2\/pages\/18136\/revisions"}],"predecessor-version":[{"id":25949,"href":"https:\/\/www.ifbaiano.edu.br\/unidades\/catu\/wp-json\/wp\/v2\/pages\/18136\/revisions\/25949"}],"up":[{"embeddable":true,"href":"https:\/\/www.ifbaiano.edu.br\/unidades\/catu\/wp-json\/wp\/v2\/pages\/3079"}],"wp:attachment":[{"href":"https:\/\/www.ifbaiano.edu.br\/unidades\/catu\/wp-json\/wp\/v2\/media?parent=18136"}],"curies":[{"name":"wp","href":"https:\/\/api.w.org\/{rel}","templated":true}]}}

Ficha Catalográfica

<p>A Catalogação na Fonte é a elaboração da ficha catalográfica impressa no verso da página de rosto de um livro, tese ou dissertação. Essa ficha, recomendada pela ABNT, deve ser feita quando a obra está em fase de impressão e é obrigatória para efeito de depósito legal.</p>



<hr class="wp-block-separator has-text-color has-vivid-cyan-blue-color has-css-opacity has-vivid-cyan-blue-background-color has-background is-style-wide" />



<p>»Formulário online para solicitação da ficha catalográfica, <a rel="noreferrer noopener" href="http://pergamum.ifbaiano.edu.br/pergamum/biblioteca_s/php/login_usu.php?flag=index.php" target="_blank"><strong>clique aqui</strong></a></p>



<p>A ficha catalográfica ficará pronta em até 05 (cinco) dias.</p>



<p>Dúvidas com relação ao preenchimento, <a href="//bit.ly/FichaCatalografica" target="_blank" rel="noreferrer noopener"><strong>clique aqui</strong></a></p>



<p class="has-black-color has-text-color"><strong>Informações :</strong> <strong><strong>biblioteca@catu.ifbaiano.edu.br</strong></strong></p>



<p>Telefone.: (<strong>71) 98275-4503</strong></p>

<p>A Catalogação na Fonte é a elaboração da ficha catalográfica impressa no verso da página de rosto de um livro, tese ou dissertação. Essa ficha, recomendada pela ABNT, deve ser feita quando a obra está em fase de impressão e é obrigatória para efeito de depósito legal. »Formulário online para solicitação da ficha catalográfica, clique [&hellip;]</p>
