{"id":18181,"date":"2020-08-25T16:30:38","date_gmt":"2020-08-25T19:30:38","guid":{"rendered":"https:\/\/www.ifbaiano.edu.br\/unidades\/catu\/?page_id=18181"},"modified":"2021-03-01T14:49:41","modified_gmt":"2021-03-01T17:49:41","slug":"pac-2021","status":"publish","type":"page","link":"https:\/\/www.ifbaiano.edu.br\/unidades\/catu\/pac-2021\/","title":{"rendered":"PAC 2021"},"content":{"rendered":"\n<p>Divulga\u00e7\u00e3o do Plano Anual de Contrata\u00e7\u00f5es (PAC) \u2013 2021<\/p>\n\n\n\n<p>O IF Baiano \u2013&nbsp;<em>Campus<\/em>&nbsp;Catu apresenta o Plano Anual de Contrata\u00e7\u00f5es (PAC) correspondente \u00e0s contrata\u00e7\u00f5es que pretende realizar ou renovar durante o exerc\u00edcio 2021. O PAC foi elaborado no ano de 2020 em cumprimento \u00e0 Instru\u00e7\u00e3o Normativa n\u00ba 01\/2019 do Minist\u00e9rio da Economia.<\/p>\n\n\n\n<p>O&nbsp;<em>Campus<\/em>&nbsp;Catu buscou mobilizar todas as Coordena\u00e7\u00f5es Acad\u00eamicas e Unidades Administrativas para a identifica\u00e7\u00e3o de itens de despesas de custeio e capital e, os quais constam em seu PAC.<\/p>\n\n\n\n<p>A rela\u00e7\u00e3o apresentada n\u00e3o gera a obriga\u00e7\u00e3o de contrata\u00e7\u00e3o na sua totalidade, pois est\u00e1 condicionada a disponibiliza\u00e7\u00e3o de recursos or\u00e7ament\u00e1rios. Sendo assim, alguns itens apresentados poder\u00e3o ser contratados em quantidades menores ou at\u00e9 mesmo serem suprimidos.<\/p>\n\n\n\n<p><a href=\"https:\/\/meudrive.ifbaiano.edu.br\/owncloud\/index.php\/s\/eXmwSPekjMLIK7d\" data-type=\"URL\" data-id=\"https:\/\/meudrive.ifbaiano.edu.br\/owncloud\/index.php\/s\/eXmwSPekjMLIK7d\" target=\"_blank\" rel=\"noreferrer noopener\">Clique aqui para acessar o PAC 2021 \u2013 (formato PDF e planilha eletr\u00f4nica)<\/a><\/p>\n\n\n\n<p>A consulta aos itens do PAC tamb\u00e9m poder\u00e1 ser realizada atrav\u00e9s do Painel de Compras, seguindo os seguintes passos:<\/p>\n\n\n\n<ul><li>Acesse o novo Painel de Compras por meio do endere\u00e7o eletr\u00f4nico:&nbsp;<a rel=\"noreferrer noopener\" target=\"_blank\" href=\"http:\/\/paineldecompras.economia.gov.br\/\">http:\/\/paineldecompras.economia.gov.br\/<\/a>;<\/li><li>Na barra de op\u00e7\u00f5es prim\u00e1ria, clique no bot\u00e3o \u201cPainel de Compras\u201d ou no bot\u00e3o central \u201cAcessar Compras\u201d;<\/li><li>Em seguida, na barra de op\u00e7\u00f5es secund\u00e1ria, clique no bot\u00e3o \u201cPlano Anual de Contrata\u00e7\u00f5es\u201d;<\/li><li>Na coluna esquerda, clique em \u201cOcultar Filtros\u201d, caso os filtros estejam ocultos;<\/li><li>Selecione o filtro \u201cC\u00f3digo\/nome da UASG\u201d (UASG significa \u201cUnidade Administrativa de Servi\u00e7os Gerais\u201d);<\/li><li>No campo de edi\u00e7\u00e3o \u201cPesquisar na caixa de listagem\u201d, informe o c\u00f3digo 158443 (este \u00e9 o c\u00f3digo refere-se ao n\u00famero UASG do&nbsp;<em>Campus<\/em>&nbsp;Catu).<\/li><\/ul>\n","protected":false},"excerpt":{"rendered":"<p>Divulga\u00e7\u00e3o do Plano Anual de Contrata\u00e7\u00f5es (PAC) \u2013 2021 O IF Baiano \u2013&nbsp;Campus&nbsp;Catu apresenta o Plano Anual de Contrata\u00e7\u00f5es (PAC) correspondente \u00e0s contrata\u00e7\u00f5es que pretende realizar ou renovar durante o exerc\u00edcio 2021. O PAC foi elaborado no ano de 2020 em cumprimento \u00e0 Instru\u00e7\u00e3o Normativa n\u00ba 01\/2019 do Minist\u00e9rio da Economia. O&nbsp;Campus&nbsp;Catu buscou mobilizar todas [&hellip;]<\/p>\n","protected":false},"author":74,"featured_media":0,"parent":0,"menu_order":0,"comment_status":"closed","ping_status":"closed","template":"","meta":[],"_links":{"self":[{"href":"https:\/\/www.ifbaiano.edu.br\/unidades\/catu\/wp-json\/wp\/v2\/pages\/18181"}],"collection":[{"href":"https:\/\/www.ifbaiano.edu.br\/unidades\/catu\/wp-json\/wp\/v2\/pages"}],"about":[{"href":"https:\/\/www.ifbaiano.edu.br\/unidades\/catu\/wp-json\/wp\/v2\/types\/page"}],"author":[{"embeddable":true,"href":"https:\/\/www.ifbaiano.edu.br\/unidades\/catu\/wp-json\/wp\/v2\/users\/74"}],"replies":[{"embeddable":true,"href":"https:\/\/www.ifbaiano.edu.br\/unidades\/catu\/wp-json\/wp\/v2\/comments?post=18181"}],"version-history":[{"count":4,"href":"https:\/\/www.ifbaiano.edu.br\/unidades\/catu\/wp-json\/wp\/v2\/pages\/18181\/revisions"}],"predecessor-version":[{"id":19393,"href":"https:\/\/www.ifbaiano.edu.br\/unidades\/catu\/wp-json\/wp\/v2\/pages\/18181\/revisions\/19393"}],"wp:attachment":[{"href":"https:\/\/www.ifbaiano.edu.br\/unidades\/catu\/wp-json\/wp\/v2\/media?parent=18181"}],"curies":[{"name":"wp","href":"https:\/\/api.w.org\/{rel}","templated":true}]}}

<p>Divulgação do Plano Anual de Contratações (PAC) – 2021</p>



<p>O IF Baiano –&nbsp;<em>Campus</em>&nbsp;Catu apresenta o Plano Anual de Contratações (PAC) correspondente às contratações que pretende realizar ou renovar durante o exercício 2021. O PAC foi elaborado no ano de 2020 em cumprimento à Instrução Normativa nº 01/2019 do Ministério da Economia.</p>



<p>O&nbsp;<em>Campus</em>&nbsp;Catu buscou mobilizar todas as Coordenações Acadêmicas e Unidades Administrativas para a identificação de itens de despesas de custeio e capital e, os quais constam em seu PAC.</p>



<p>A relação apresentada não gera a obrigação de contratação na sua totalidade, pois está condicionada a disponibilização de recursos orçamentários. Sendo assim, alguns itens apresentados poderão ser contratados em quantidades menores ou até mesmo serem suprimidos.</p>



<p><a href="https://meudrive.ifbaiano.edu.br/owncloud/index.php/s/eXmwSPekjMLIK7d" data-type="URL" data-id="https://meudrive.ifbaiano.edu.br/owncloud/index.php/s/eXmwSPekjMLIK7d" target="_blank" rel="noreferrer noopener">Clique aqui para acessar o PAC 2021 – (formato PDF e planilha eletrônica)</a></p>



<p>A consulta aos itens do PAC também poderá ser realizada através do Painel de Compras, seguindo os seguintes passos:</p>



<ul><li>Acesse o novo Painel de Compras por meio do endereço eletrônico:&nbsp;<a rel="noreferrer noopener" target="_blank" href="http://paineldecompras.economia.gov.br/">http://paineldecompras.economia.gov.br/</a>;</li><li>Na barra de opções primária, clique no botão “Painel de Compras” ou no botão central “Acessar Compras”;</li><li>Em seguida, na barra de opções secundária, clique no botão “Plano Anual de Contratações”;</li><li>Na coluna esquerda, clique em “Ocultar Filtros”, caso os filtros estejam ocultos;</li><li>Selecione o filtro “Código/nome da UASG” (UASG significa “Unidade Administrativa de Serviços Gerais”);</li><li>No campo de edição “Pesquisar na caixa de listagem”, informe o código 158443 (este é o código refere-se ao número UASG do&nbsp;<em>Campus</em>&nbsp;Catu).</li></ul>

<p>Divulgação do Plano Anual de Contratações (PAC) – 2021 O IF Baiano –&nbsp;Campus&nbsp;Catu apresenta o Plano Anual de Contratações (PAC) correspondente às contratações que pretende realizar ou renovar durante o exercício 2021. O PAC foi elaborado no ano de 2020 em cumprimento à Instrução Normativa nº 01/2019 do Ministério da Economia. O&nbsp;Campus&nbsp;Catu buscou mobilizar todas [&hellip;]</p>
