{"id":19387,"date":"2021-09-01T14:55:20","date_gmt":"2021-09-01T17:55:20","guid":{"rendered":"https:\/\/www.ifbaiano.edu.br\/unidades\/catu\/?page_id=19387"},"modified":"2021-09-01T15:01:33","modified_gmt":"2021-09-01T18:01:33","slug":"pac-2022","status":"publish","type":"page","link":"https:\/\/www.ifbaiano.edu.br\/unidades\/catu\/pac-2022\/","title":{"rendered":"PAC 2022"},"content":{"rendered":"\n<p><strong>Divulga\u00e7\u00e3o do Plano Anual de Contrata\u00e7\u00f5es (PAC) \u2013 2022<\/strong><\/p>\n\n\n\n<hr class=\"wp-block-separator has-text-color has-background has-vivid-green-cyan-background-color has-vivid-green-cyan-color is-style-wide\" \/>\n\n\n\n<p>O IF Baiano \u2013 Campus Catu apresenta o Plano Anual de Contrata\u00e7\u00f5es (PAC) correspondente \u00e0s contrata\u00e7\u00f5es que pretende realizar ou renovar durante o exerc\u00edcio 2022. O PAC foi elaborado no ano de 2021 em cumprimento \u00e0 Instru\u00e7\u00e3o Normativa n\u00ba 01\/2019 do Minist\u00e9rio da Economia.<\/p>\n\n\n\n<p>O Campus Catu buscou mobilizar todas as Coordena\u00e7\u00f5es Acad\u00eamicas e Unidades Administrativas para a identifica\u00e7\u00e3o de itens de despesas de custeio e capital e, os quais constam em seu PAC.<\/p>\n\n\n\n<p>A rela\u00e7\u00e3o apresentada n\u00e3o gera a obriga\u00e7\u00e3o de contrata\u00e7\u00e3o na sua totalidade, pois est\u00e1 condicionada a disponibiliza\u00e7\u00e3o de recursos or\u00e7ament\u00e1rios. Sendo assim, alguns itens apresentados poder\u00e3o ser contratados em quantidades menores ou at\u00e9 mesmo serem suprimidos.<\/p>\n\n\n\n<p><strong><a href=\"https:\/\/meudrive.ifbaiano.edu.br\/owncloud\/index.php\/s\/YvQiNrRMTiwuWuq\" target=\"_blank\" rel=\"noreferrer noopener\">Clique aqui para acessar o PAC 2022<\/a><\/strong><\/p>\n\n\n\n<p>A consulta aos itens do PAC tamb\u00e9m poder\u00e1 ser realizada atrav\u00e9s do Painel de Compras, seguindo os seguintes passos:<\/p>\n\n\n\n<p>Acesse o novo Painel de Compras por meio do endere\u00e7o eletr\u00f4nico:\u00a0<a rel=\"noreferrer noopener\" target=\"_blank\" href=\"http:\/\/paineldecompras.economia.gov.br\/\">http:\/\/paineldecompras.economia.gov.br\/<\/a>;<br>Na barra de op\u00e7\u00f5es prim\u00e1ria, clique no bot\u00e3o \u201cPainel de Compras\u201d ou no bot\u00e3o central \u201cAcessar Compras\u201d;<br>Em seguida, na barra de op\u00e7\u00f5es secund\u00e1ria, clique no bot\u00e3o \u201cPlano Anual de Contrata\u00e7\u00f5es\u201d;<br>Na coluna esquerda, clique em \u201cOcultar Filtros\u201d, caso os filtros estejam ocultos;<br>Selecione o filtro \u201cC\u00f3digo\/nome da UASG\u201d (UASG significa \u201cUnidade Administrativa de Servi\u00e7os Gerais\u201d);<br>No campo de edi\u00e7\u00e3o \u201cPesquisar na caixa de listagem\u201d, informe o c\u00f3digo 158443 (este \u00e9 o c\u00f3digo refere-se ao n\u00famero UASG do Campus Catu).<\/p>\n","protected":false},"excerpt":{"rendered":"<p>Divulga\u00e7\u00e3o do Plano Anual de Contrata\u00e7\u00f5es (PAC) \u2013 2022 O IF Baiano \u2013 Campus Catu apresenta o Plano Anual de Contrata\u00e7\u00f5es (PAC) correspondente \u00e0s contrata\u00e7\u00f5es que pretende realizar ou renovar durante o exerc\u00edcio 2022. O PAC foi elaborado no ano de 2021 em cumprimento \u00e0 Instru\u00e7\u00e3o Normativa n\u00ba 01\/2019 do Minist\u00e9rio da Economia. O Campus [&hellip;]<\/p>\n","protected":false},"author":141,"featured_media":0,"parent":0,"menu_order":0,"comment_status":"closed","ping_status":"closed","template":"","meta":[],"_links":{"self":[{"href":"https:\/\/www.ifbaiano.edu.br\/unidades\/catu\/wp-json\/wp\/v2\/pages\/19387"}],"collection":[{"href":"https:\/\/www.ifbaiano.edu.br\/unidades\/catu\/wp-json\/wp\/v2\/pages"}],"about":[{"href":"https:\/\/www.ifbaiano.edu.br\/unidades\/catu\/wp-json\/wp\/v2\/types\/page"}],"author":[{"embeddable":true,"href":"https:\/\/www.ifbaiano.edu.br\/unidades\/catu\/wp-json\/wp\/v2\/users\/141"}],"replies":[{"embeddable":true,"href":"https:\/\/www.ifbaiano.edu.br\/unidades\/catu\/wp-json\/wp\/v2\/comments?post=19387"}],"version-history":[{"count":2,"href":"https:\/\/www.ifbaiano.edu.br\/unidades\/catu\/wp-json\/wp\/v2\/pages\/19387\/revisions"}],"predecessor-version":[{"id":19394,"href":"https:\/\/www.ifbaiano.edu.br\/unidades\/catu\/wp-json\/wp\/v2\/pages\/19387\/revisions\/19394"}],"wp:attachment":[{"href":"https:\/\/www.ifbaiano.edu.br\/unidades\/catu\/wp-json\/wp\/v2\/media?parent=19387"}],"curies":[{"name":"wp","href":"https:\/\/api.w.org\/{rel}","templated":true}]}}

<p><strong>Divulgação do Plano Anual de Contratações (PAC) – 2022</strong></p>



<hr class="wp-block-separator has-text-color has-background has-vivid-green-cyan-background-color has-vivid-green-cyan-color is-style-wide" />



<p>O IF Baiano – Campus Catu apresenta o Plano Anual de Contratações (PAC) correspondente às contratações que pretende realizar ou renovar durante o exercício 2022. O PAC foi elaborado no ano de 2021 em cumprimento à Instrução Normativa nº 01/2019 do Ministério da Economia.</p>



<p>O Campus Catu buscou mobilizar todas as Coordenações Acadêmicas e Unidades Administrativas para a identificação de itens de despesas de custeio e capital e, os quais constam em seu PAC.</p>



<p>A relação apresentada não gera a obrigação de contratação na sua totalidade, pois está condicionada a disponibilização de recursos orçamentários. Sendo assim, alguns itens apresentados poderão ser contratados em quantidades menores ou até mesmo serem suprimidos.</p>



<p><strong><a href="https://meudrive.ifbaiano.edu.br/owncloud/index.php/s/YvQiNrRMTiwuWuq" target="_blank" rel="noreferrer noopener">Clique aqui para acessar o PAC 2022</a></strong></p>



<p>A consulta aos itens do PAC também poderá ser realizada através do Painel de Compras, seguindo os seguintes passos:</p>



<p>Acesse o novo Painel de Compras por meio do endereço eletrônico: <a rel="noreferrer noopener" target="_blank" href="http://paineldecompras.economia.gov.br/">http://paineldecompras.economia.gov.br/</a>;<br>Na barra de opções primária, clique no botão “Painel de Compras” ou no botão central “Acessar Compras”;<br>Em seguida, na barra de opções secundária, clique no botão “Plano Anual de Contratações”;<br>Na coluna esquerda, clique em “Ocultar Filtros”, caso os filtros estejam ocultos;<br>Selecione o filtro “Código/nome da UASG” (UASG significa “Unidade Administrativa de Serviços Gerais”);<br>No campo de edição “Pesquisar na caixa de listagem”, informe o código 158443 (este é o código refere-se ao número UASG do Campus Catu).</p>

<p>Divulgação do Plano Anual de Contratações (PAC) – 2022 O IF Baiano – Campus Catu apresenta o Plano Anual de Contratações (PAC) correspondente às contratações que pretende realizar ou renovar durante o exercício 2022. O PAC foi elaborado no ano de 2021 em cumprimento à Instrução Normativa nº 01/2019 do Ministério da Economia. O Campus [&hellip;]</p>
