{"id":19879,"date":"2025-11-12T17:44:50","date_gmt":"2025-11-12T20:44:50","guid":{"rendered":"https:\/\/www.ifbaiano.edu.br\/unidades\/catu\/?page_id=19879"},"modified":"2025-11-12T17:45:28","modified_gmt":"2025-11-12T20:45:28","slug":"editais-chamadas-publicas-do-campus","status":"publish","type":"page","link":"https:\/\/www.ifbaiano.edu.br\/unidades\/catu\/editais-chamadas-publicas-do-campus\/","title":{"rendered":"Editais\/Chamadas P\u00fablicas do Campus"},"content":{"rendered":"\n<p><br><a rel=\"noreferrer noopener\" href=\"https:\/\/www.ifbaiano.edu.br\/unidades\/catu\/files\/2025\/11\/Edital-Chamada-Publica-05-2025-PNAE.pdf\" target=\"_blank\">Edital Chamada P\u00fablica n\u00ba 05\/2025 &#8211; PNAE<\/a> &#8211; <strong>12\/11\/25<\/strong><br><a rel=\"noreferrer noopener\" href=\"https:\/\/www.ifbaiano.edu.br\/unidades\/catu\/files\/2025\/10\/Comunicado-de-venda-Publica-02-2025.pdf\" target=\"_blank\">COMUNICADO DE VENDA P\u00daBLICA N\u00ba 02\/2025<\/a> &#8211; <strong>24\/10\/25<\/strong><\/p>\n\n\n\n<p><a rel=\"noreferrer noopener\" href=\"https:\/\/www.ifbaiano.edu.br\/unidades\/catu\/files\/2025\/10\/EDITAL-28-2025-VENDA-DE-SEMOVENTES-E-EXCEDENTES-DE-PRODUCAO-FLUXO-CONTINUO.pdf\" target=\"_blank\">EDITAL 28\/2025- VENDA DE SEMOVENTES E EXCEDENTES DE PRODU\u00c7\u00c3O &#8211; FLUXO CONT\u00cdNUO<\/a><br><a rel=\"noreferrer noopener\" href=\"https:\/\/www.ifbaiano.edu.br\/unidades\/catu\/files\/2025\/10\/FLUXO-CONTINUO-COMUNICADO-DE-VENDA-PUBLICA-No-01-2025.pdf\" target=\"_blank\">FLUXO CONT\u00cdNUO &#8211; COMUNICADO DE VENDA P\u00daBLICA N\u00ba 01\/2025<\/a><br><a rel=\"noreferrer noopener\" href=\"https:\/\/www.ifbaiano.edu.br\/unidades\/catu\/files\/2024\/10\/Edital-Chamada-Publica-no-03.2024-PNAE.pdf\" target=\"_blank\">Edital Chamada P\u00fablica n\u00ba 03\/2024 &#8211; PNAE<\/a><\/p>\n\n\n\n<p><a rel=\"noreferrer noopener\" href=\"https:\/\/www.ifbaiano.edu.br\/unidades\/catu\/files\/2024\/10\/1a-Retificacao-da-Chamada-Publica-No-001-2024.pdf\" target=\"_blank\">1\u00aa Retifica\u00e7\u00e3o da Chamada P\u00fablica N\u00ba 001\/2024<\/a><\/p>\n\n\n\n<p><a rel=\"noreferrer noopener\" href=\"https:\/\/www.ifbaiano.edu.br\/unidades\/catu\/files\/2024\/09\/Edital-Chamada-publica-cessao-espaco-fisico-festa-ex-alunos.pdf\" target=\"_blank\">Edital Chamada P\u00fablica n\u00ba 001\/2024 &#8211; Cess\u00e3o espa\u00e7o f\u00edsico festa ex-alunos<\/a><\/p>\n\n\n\n<p><a rel=\"noreferrer noopener\" href=\"https:\/\/www.ifbaiano.edu.br\/unidades\/catu\/files\/2024\/08\/Edital-no-22-2024-Alienacao-e-Desfazimento-de-Semoventes-do-Campus-Catu.pdf\" target=\"_blank\">Edital n\u00ba 22\/2024 &#8211; Chamada P\u00fablica para Aliena\u00e7\u00e3o e Desfazimento de Semoventes do Campus Catu<\/a><\/p>\n\n\n\n<p><a rel=\"noreferrer noopener\" href=\"https:\/\/www.ifbaiano.edu.br\/unidades\/catu\/files\/2023\/05\/Edital-no-05-2023-Chamamento-Publico-Cessao-de-Imovel.pdf\" target=\"_blank\">Edital n\u00ba 05 \/2023 &#8211; Chamamento P\u00fablico Cess\u00e3o de Im\u00f3vel<\/a><\/p>\n\n\n\n<p><a rel=\"noreferrer noopener\" href=\"https:\/\/www.ifbaiano.edu.br\/unidades\/catu\/files\/2023\/05\/REGULAMENTO-DA-CESSAO-DE-USO-ADMINISTRACAO-DOS-IMOVEIS-RESIDENCIAIS.pdf\" target=\"_blank\">Regulamento da Cess\u00e3o de uso Administra\u00e7\u00e3o dos Im\u00f3veis Residenciais<\/a> <\/p>\n\n\n\n<p><a rel=\"noreferrer noopener\" href=\"https:\/\/www.ifbaiano.edu.br\/unidades\/catu\/files\/2023\/03\/Edital-no-216-de-29-de-marco-de-2013-Cursos-FIC.pdf\" target=\"_blank\">Edital n\u00ba 216 de 29 de mar\u00e7o de 2013 &#8211; Cursos FIC<\/a> &#8211; <strong>31\/03\/23<\/strong><\/p>\n\n\n\n<p><a rel=\"noreferrer noopener\" href=\"https:\/\/www.ifbaiano.edu.br\/unidades\/catu\/files\/2023\/01\/Oficio-25-2023-Publicacao-de-resultado-Chamada-Publica-n\u00b0-01-2023.pdf\" target=\"_blank\">Of\u00edcio 25\/2023 &#8211; Publica\u00e7\u00e3o de resultado &#8211; Chamada P\u00fablica n\u00b0 01-2023<\/a><\/p>\n\n\n\n<p><a rel=\"noreferrer noopener\" href=\"https:\/\/www.ifbaiano.edu.br\/unidades\/catu\/files\/2023\/01\/Chamada-Publica-Desfazimento-01-2023.pdf\" target=\"_blank\">Chamada P\u00fablica n\u00ba 01\/2023 &#8211; Habilita\u00e7\u00e3o de Associa\u00e7\u00f5es e Cooperativas de Catadores de Material Recicl\u00e1vel<\/a><\/p>\n\n\n\n<p><a rel=\"noreferrer noopener\" href=\"https:\/\/www.ifbaiano.edu.br\/unidades\/catu\/files\/2022\/03\/Edital-de-Chamada-Publica-Semoventes.pdf\" target=\"_blank\">EDITAL N\u00ba 002 de 28 de mar\u00e7o de 2022 &#8211; Chamada  P\u00fablica para Aliena\u00e7\u00e3o de Bens Semoventes<\/a><\/p>\n\n\n\n<p><a rel=\"noreferrer noopener\" href=\"https:\/\/www.ifbaiano.edu.br\/unidades\/catu\/files\/2021\/12\/Edital-no-23-de-Chamada-Publica-para-Alienacao-de-Semoventes.pdf\" target=\"_blank\">Edital n\u00ba 23 de Chamada P\u00fablica para Aliena\u00e7\u00e3o de Semoventes<\/a><\/p>\n\n\n\n<p><a rel=\"noreferrer noopener\" href=\"https:\/\/www.ifbaiano.edu.br\/unidades\/catu\/files\/2021\/12\/Edital-Chamada-Publica-PNAE.pdf\" target=\"_blank\">Edital Chamada P\u00fablica &#8211; PNAE<\/a><\/p>\n\n\n\n<p><a href=\"https:\/\/www.ifbaiano.edu.br\/unidades\/catu\/files\/2021\/12\/Anexos-I-a-VII-PNAE.pdf\" target=\"_blank\" rel=\"noreferrer noopener\">Anexos I a VII &#8211; PNAE<\/a><\/p>\n\n\n\n<p><a rel=\"noreferrer noopener\" href=\"https:\/\/www.ifbaiano.edu.br\/unidades\/catu\/files\/2021\/11\/Edital-no-20-Semoventes.pdf\" target=\"_blank\">EDITAL N\u00ba 20 de 16 de novembro de 2021 &#8211; Chamada P\u00fablica para Aliena\u00e7\u00e3o de Bens Semoventes<\/a><\/p>\n","protected":false},"excerpt":{"rendered":"<p>Edital Chamada P\u00fablica n\u00ba 05\/2025 &#8211; PNAE &#8211; 12\/11\/25COMUNICADO DE VENDA P\u00daBLICA N\u00ba 02\/2025 &#8211; 24\/10\/25 EDITAL 28\/2025- VENDA DE SEMOVENTES E EXCEDENTES DE PRODU\u00c7\u00c3O &#8211; FLUXO CONT\u00cdNUOFLUXO CONT\u00cdNUO &#8211; COMUNICADO DE VENDA P\u00daBLICA N\u00ba 01\/2025Edital Chamada P\u00fablica n\u00ba 03\/2024 &#8211; PNAE 1\u00aa Retifica\u00e7\u00e3o da Chamada P\u00fablica N\u00ba 001\/2024 Edital Chamada P\u00fablica n\u00ba 001\/2024 &#8211; [&hellip;]<\/p>\n","protected":false},"author":141,"featured_media":0,"parent":0,"menu_order":0,"comment_status":"closed","ping_status":"closed","template":"","meta":[],"_links":{"self":[{"href":"https:\/\/www.ifbaiano.edu.br\/unidades\/catu\/wp-json\/wp\/v2\/pages\/19879"}],"collection":[{"href":"https:\/\/www.ifbaiano.edu.br\/unidades\/catu\/wp-json\/wp\/v2\/pages"}],"about":[{"href":"https:\/\/www.ifbaiano.edu.br\/unidades\/catu\/wp-json\/wp\/v2\/types\/page"}],"author":[{"embeddable":true,"href":"https:\/\/www.ifbaiano.edu.br\/unidades\/catu\/wp-json\/wp\/v2\/users\/141"}],"replies":[{"embeddable":true,"href":"https:\/\/www.ifbaiano.edu.br\/unidades\/catu\/wp-json\/wp\/v2\/comments?post=19879"}],"version-history":[{"count":19,"href":"https:\/\/www.ifbaiano.edu.br\/unidades\/catu\/wp-json\/wp\/v2\/pages\/19879\/revisions"}],"predecessor-version":[{"id":26572,"href":"https:\/\/www.ifbaiano.edu.br\/unidades\/catu\/wp-json\/wp\/v2\/pages\/19879\/revisions\/26572"}],"wp:attachment":[{"href":"https:\/\/www.ifbaiano.edu.br\/unidades\/catu\/wp-json\/wp\/v2\/media?parent=19879"}],"curies":[{"name":"wp","href":"https:\/\/api.w.org\/{rel}","templated":true}]}}

Editais/Chamadas Públicas do Campus

<p><br><a rel="noreferrer noopener" href="https://www.ifbaiano.edu.br/unidades/catu/files/2025/11/Edital-Chamada-Publica-05-2025-PNAE.pdf" target="_blank">Edital Chamada Pública nº 05/2025 &#8211; PNAE</a> &#8211; <strong>12/11/25</strong><br><a rel="noreferrer noopener" href="https://www.ifbaiano.edu.br/unidades/catu/files/2025/10/Comunicado-de-venda-Publica-02-2025.pdf" target="_blank">COMUNICADO DE VENDA PÚBLICA Nº 02/2025</a> &#8211; <strong>24/10/25</strong></p>



<p><a rel="noreferrer noopener" href="https://www.ifbaiano.edu.br/unidades/catu/files/2025/10/EDITAL-28-2025-VENDA-DE-SEMOVENTES-E-EXCEDENTES-DE-PRODUCAO-FLUXO-CONTINUO.pdf" target="_blank">EDITAL 28/2025- VENDA DE SEMOVENTES E EXCEDENTES DE PRODUÇÃO &#8211; FLUXO CONTÍNUO</a><br><a rel="noreferrer noopener" href="https://www.ifbaiano.edu.br/unidades/catu/files/2025/10/FLUXO-CONTINUO-COMUNICADO-DE-VENDA-PUBLICA-No-01-2025.pdf" target="_blank">FLUXO CONTÍNUO &#8211; COMUNICADO DE VENDA PÚBLICA Nº 01/2025</a><br><a rel="noreferrer noopener" href="https://www.ifbaiano.edu.br/unidades/catu/files/2024/10/Edital-Chamada-Publica-no-03.2024-PNAE.pdf" target="_blank">Edital Chamada Pública nº 03/2024 &#8211; PNAE</a></p>



<p><a rel="noreferrer noopener" href="https://www.ifbaiano.edu.br/unidades/catu/files/2024/10/1a-Retificacao-da-Chamada-Publica-No-001-2024.pdf" target="_blank">1ª Retificação da Chamada Pública Nº 001/2024</a></p>



<p><a rel="noreferrer noopener" href="https://www.ifbaiano.edu.br/unidades/catu/files/2024/09/Edital-Chamada-publica-cessao-espaco-fisico-festa-ex-alunos.pdf" target="_blank">Edital Chamada Pública nº 001/2024 &#8211; Cessão espaço físico festa ex-alunos</a></p>



<p><a rel="noreferrer noopener" href="https://www.ifbaiano.edu.br/unidades/catu/files/2024/08/Edital-no-22-2024-Alienacao-e-Desfazimento-de-Semoventes-do-Campus-Catu.pdf" target="_blank">Edital nº 22/2024 &#8211; Chamada Pública para Alienação e Desfazimento de Semoventes do Campus Catu</a></p>



<p><a rel="noreferrer noopener" href="https://www.ifbaiano.edu.br/unidades/catu/files/2023/05/Edital-no-05-2023-Chamamento-Publico-Cessao-de-Imovel.pdf" target="_blank">Edital nº 05 /2023 &#8211; Chamamento Público Cessão de Imóvel</a></p>



<p><a rel="noreferrer noopener" href="https://www.ifbaiano.edu.br/unidades/catu/files/2023/05/REGULAMENTO-DA-CESSAO-DE-USO-ADMINISTRACAO-DOS-IMOVEIS-RESIDENCIAIS.pdf" target="_blank">Regulamento da Cessão de uso Administração dos Imóveis Residenciais</a> </p>



<p><a rel="noreferrer noopener" href="https://www.ifbaiano.edu.br/unidades/catu/files/2023/03/Edital-no-216-de-29-de-marco-de-2013-Cursos-FIC.pdf" target="_blank">Edital nº 216 de 29 de março de 2013 &#8211; Cursos FIC</a> &#8211; <strong>31/03/23</strong></p>



<p><a rel="noreferrer noopener" href="https://www.ifbaiano.edu.br/unidades/catu/files/2023/01/Oficio-25-2023-Publicacao-de-resultado-Chamada-Publica-n°-01-2023.pdf" target="_blank">Ofício 25/2023 &#8211; Publicação de resultado &#8211; Chamada Pública n° 01-2023</a></p>



<p><a rel="noreferrer noopener" href="https://www.ifbaiano.edu.br/unidades/catu/files/2023/01/Chamada-Publica-Desfazimento-01-2023.pdf" target="_blank">Chamada Pública nº 01/2023 &#8211; Habilitação de Associações e Cooperativas de Catadores de Material Reciclável</a></p>



<p><a rel="noreferrer noopener" href="https://www.ifbaiano.edu.br/unidades/catu/files/2022/03/Edital-de-Chamada-Publica-Semoventes.pdf" target="_blank">EDITAL Nº 002 de 28 de março de 2022 &#8211; Chamada  Pública para Alienação de Bens Semoventes</a></p>



<p><a rel="noreferrer noopener" href="https://www.ifbaiano.edu.br/unidades/catu/files/2021/12/Edital-no-23-de-Chamada-Publica-para-Alienacao-de-Semoventes.pdf" target="_blank">Edital nº 23 de Chamada Pública para Alienação de Semoventes</a></p>



<p><a rel="noreferrer noopener" href="https://www.ifbaiano.edu.br/unidades/catu/files/2021/12/Edital-Chamada-Publica-PNAE.pdf" target="_blank">Edital Chamada Pública &#8211; PNAE</a></p>



<p><a href="https://www.ifbaiano.edu.br/unidades/catu/files/2021/12/Anexos-I-a-VII-PNAE.pdf" target="_blank" rel="noreferrer noopener">Anexos I a VII &#8211; PNAE</a></p>



<p><a rel="noreferrer noopener" href="https://www.ifbaiano.edu.br/unidades/catu/files/2021/11/Edital-no-20-Semoventes.pdf" target="_blank">EDITAL Nº 20 de 16 de novembro de 2021 &#8211; Chamada Pública para Alienação de Bens Semoventes</a></p>

<p>Edital Chamada Pública nº 05/2025 &#8211; PNAE &#8211; 12/11/25COMUNICADO DE VENDA PÚBLICA Nº 02/2025 &#8211; 24/10/25 EDITAL 28/2025- VENDA DE SEMOVENTES E EXCEDENTES DE PRODUÇÃO &#8211; FLUXO CONTÍNUOFLUXO CONTÍNUO &#8211; COMUNICADO DE VENDA PÚBLICA Nº 01/2025Edital Chamada Pública nº 03/2024 &#8211; PNAE 1ª Retificação da Chamada Pública Nº 001/2024 Edital Chamada Pública nº 001/2024 &#8211; [&hellip;]</p>
