{"id":20650,"date":"2022-05-04T09:47:16","date_gmt":"2022-05-04T12:47:16","guid":{"rendered":"https:\/\/www.ifbaiano.edu.br\/unidades\/catu\/?page_id=20650"},"modified":"2022-05-05T09:13:54","modified_gmt":"2022-05-05T12:13:54","slug":"setores-do-campus","status":"publish","type":"page","link":"https:\/\/www.ifbaiano.edu.br\/unidades\/catu\/setores-do-campus\/","title":{"rendered":"Setores do Campus"},"content":{"rendered":"\n<p><strong>A Coordena\u00e7\u00e3o de Assuntos Estudantis (CAE)<\/strong><\/p>\n\n\n\n<p>A Coordena\u00e7\u00e3o de Assuntos Estudantis (CAE) comp\u00f5e o Departamento de Ensino do&nbsp;Campus&nbsp;Catu. O setor \u00e9 respons\u00e1vel pelo gerenciamento das Pol\u00edticas Estudantis e da dimens\u00e3o disciplinar dos estudantes. A Coordena\u00e7\u00e3o busca atender as demandas dos estudantes que impliquem no acesso, perman\u00eancia e \u00eaxito na educa\u00e7\u00e3o.<\/p>\n\n\n\n<hr class=\"wp-block-separator has-text-color has-background has-pale-cyan-blue-background-color has-pale-cyan-blue-color is-style-wide\" \/>\n\n\n\n<p><strong>A Secretaria de Registros Acad\u00eamicos (SRA)<\/strong><\/p>\n\n\n\n<p>A Secretaria de Registros Acad\u00eamicos (SRA) \u00e9 um setor vinculado \u00e0 Dire\u00e7\u00e3o Acad\u00eamica, respons\u00e1vel pelo registro, verifica\u00e7\u00e3o, controle, manuten\u00e7\u00e3o e arquivamento de documentos que integram a vida acad\u00eamica dos discentes, desde o ingresso \u00e0 institui\u00e7\u00e3o at\u00e9 a conclus\u00e3o do curso.<\/p>\n\n\n\n<hr class=\"wp-block-separator has-text-color has-background has-pale-cyan-blue-background-color has-pale-cyan-blue-color is-style-wide\" \/>\n\n\n\n<p><strong>O N\u00facleo de Apoio ao Processo de Ensino-Aprendizagem, Perman\u00eancia e \u00caxito (NUAPE)<\/strong><\/p>\n\n\n\n<p>O N\u00facleo de Apoio ao Processo de Ensino-Aprendizagem, Perman\u00eancia e \u00caxito (NUAPE), suboordinado \u00e0 Dire\u00e7\u00e3o Acad\u00eamica, tem como objetivo geral planejar, implementar e acompanhar estrat\u00e9gias pedag\u00f3gicas locais que contribuam para a melhoria da qualidade do processo de aprendizagem, perman\u00eancia e \u00eaxito dos estudantes regularmente matriculados.<\/p>\n\n\n\n<hr class=\"wp-block-separator has-text-color has-background has-pale-cyan-blue-background-color has-pale-cyan-blue-color is-style-wide\" \/>\n\n\n\n<p><strong>O Setor da Biblioteca<\/strong><\/p>\n\n\n\n<p>O Setor da Biblioteca Promove o acesso \u00e0 informa\u00e7\u00e3o para toda a comunidade acad\u00eamica, de forma atualizada, oferecendo servi\u00e7os e produtos necess\u00e1rios ao desenvolvimento das atividades de ensino, pesquisa e extens\u00e3o.<\/p>\n\n\n\n<hr class=\"wp-block-separator has-text-color has-background has-pale-cyan-blue-background-color has-pale-cyan-blue-color is-style-wide\" \/>\n\n\n\n<p><strong>N\u00daCLEO DE ASSIST\u00caNCIA AO PORTADOR DE NECESSIDADES ESPECIAIS (NAPNE)<\/strong><\/p>\n\n\n\n<p>O NAPNE \u00e9 um setor consultivo que realiza:<\/p>\n\n\n\n<p>\u2013 Articula\u00e7\u00e3o entre setores institucionais nas atividades relativas \u00e0 inclus\u00e3o da Pessoa com Necessidades Espec\u00edficas.<\/p>\n\n\n\n<p>\u2013 Defini\u00e7\u00e3o de prioridades no desenvolvimento e disponibiliza\u00e7\u00e3o de materiais pedag\u00f3gicos e equipamentos de Tecnologia Assistiva.<\/p>\n\n\n\n<p>\u2013 Gerenciamento de parcerias para apoio t\u00e9cnico.<\/p>\n\n\n\n<p>\u2013 Promo\u00e7\u00e3o e divulga\u00e7\u00e3o de eventos relacionados.<\/p>\n\n\n\n<hr class=\"wp-block-separator has-text-color has-background has-pale-cyan-blue-background-color has-pale-cyan-blue-color is-style-wide\" \/>\n\n\n\n<p><strong>N\u00facleo de Rela\u00e7\u00f5es Institucionais (NURI)<\/strong><\/p>\n\n\n\n<p>Um dos objetivos do N\u00facleo de Rela\u00e7\u00f5es Institucionais( NURI) \u00e9 dar apoio t\u00e9cnico administrativo a todos os envolvidos no Programa de Est\u00e1gio Curricular do campus Catu; sejam discentes, docentes e\/ou concedentes de est\u00e1gio.<\/p>\n\n\n\n<p><\/p>\n\n\n\n<hr class=\"wp-block-separator has-text-color has-background has-pale-cyan-blue-background-color has-pale-cyan-blue-color is-style-wide\" \/>\n\n\n\n<p><strong>Coordena\u00e7\u00e3o das Unidades Educativas de Campo (CUEC)<\/strong><\/p>\n\n\n\n<p>A Coordena\u00e7\u00e3o das Unidades Educativas de Campo (CUEC) \u00e9 composta por setores de produ\u00e7\u00e3o agr\u00edcola (horticultura, fruticultura, culturas anuais), animal (minhocultura, apicultura, suinocultura, avicultura de corte e de postura, bovinocultura de leite, pastagens e f\u00e1brica de ra\u00e7\u00e3o), e \u00e1reas de expans\u00e3o e\/ou de preserva\u00e7\u00e3o e conserva\u00e7\u00e3o. O objetivo da CUEC \u00e9 apoiar o desenvolvimento de atividades pr\u00e1ticas de cunho did\u00e1tico-pedag\u00f3gica de disciplinas tecnol\u00f3gicas espec\u00edficas dos cursos do Campus Catu.<\/p>\n\n\n\n<hr class=\"wp-block-separator has-text-color has-background has-pale-cyan-blue-background-color has-pale-cyan-blue-color is-style-wide\" \/>\n\n\n\n<p><strong>N\u00facleo de Apoio \u00e0 Comunica\u00e7\u00e3o e Eventos (NACE)<\/strong><\/p>\n\n\n\n<p>\u00c9 um N\u00facleo respons\u00e1vel por apoiar e desenvolver a\u00e7\u00f5es de relacionamento com a imprensa local, divulga\u00e7\u00f5es de campanhas, organiza\u00e7\u00e3o de eventos, produ\u00e7\u00e3o de conte\u00fados midi\u00e1ticos, atualiza\u00e7\u00e3o de informa\u00e7\u00f5es institucionais e m\u00eddias sociais do C<em>ampus <\/em>Catu.<\/p>\n\n\n\n<p>O NACE busca fortalecer a imagem e a identidade do Instituto, por meio de a\u00e7\u00f5es integradas com as diversas \u00e1reas do <em>Campus<\/em>, que possibilitem a interlocu\u00e7\u00e3o com a sociedade, apresentando o instituto e os servi\u00e7os que s\u00e3o ofertados.<\/p>\n\n\n\n<hr class=\"wp-block-separator has-text-color has-background has-pale-cyan-blue-background-color has-pale-cyan-blue-color is-style-wide\" \/>\n","protected":false},"excerpt":{"rendered":"<p>A Coordena\u00e7\u00e3o de Assuntos Estudantis (CAE) A Coordena\u00e7\u00e3o de Assuntos Estudantis (CAE) comp\u00f5e o Departamento de Ensino do&nbsp;Campus&nbsp;Catu. O setor \u00e9 respons\u00e1vel pelo gerenciamento das Pol\u00edticas Estudantis e da dimens\u00e3o disciplinar dos estudantes. A Coordena\u00e7\u00e3o busca atender as demandas dos estudantes que impliquem no acesso, perman\u00eancia e \u00eaxito na educa\u00e7\u00e3o. A Secretaria de Registros Acad\u00eamicos [&hellip;]<\/p>\n","protected":false},"author":141,"featured_media":0,"parent":0,"menu_order":0,"comment_status":"closed","ping_status":"closed","template":"","meta":[],"_links":{"self":[{"href":"https:\/\/www.ifbaiano.edu.br\/unidades\/catu\/wp-json\/wp\/v2\/pages\/20650"}],"collection":[{"href":"https:\/\/www.ifbaiano.edu.br\/unidades\/catu\/wp-json\/wp\/v2\/pages"}],"about":[{"href":"https:\/\/www.ifbaiano.edu.br\/unidades\/catu\/wp-json\/wp\/v2\/types\/page"}],"author":[{"embeddable":true,"href":"https:\/\/www.ifbaiano.edu.br\/unidades\/catu\/wp-json\/wp\/v2\/users\/141"}],"replies":[{"embeddable":true,"href":"https:\/\/www.ifbaiano.edu.br\/unidades\/catu\/wp-json\/wp\/v2\/comments?post=20650"}],"version-history":[{"count":5,"href":"https:\/\/www.ifbaiano.edu.br\/unidades\/catu\/wp-json\/wp\/v2\/pages\/20650\/revisions"}],"predecessor-version":[{"id":20661,"href":"https:\/\/www.ifbaiano.edu.br\/unidades\/catu\/wp-json\/wp\/v2\/pages\/20650\/revisions\/20661"}],"wp:attachment":[{"href":"https:\/\/www.ifbaiano.edu.br\/unidades\/catu\/wp-json\/wp\/v2\/media?parent=20650"}],"curies":[{"name":"wp","href":"https:\/\/api.w.org\/{rel}","templated":true}]}}

<p><strong>A Coordenação de Assuntos Estudantis (CAE)</strong></p>



<p>A Coordenação de Assuntos Estudantis (CAE) compõe o Departamento de Ensino do&nbsp;Campus&nbsp;Catu. O setor é responsável pelo gerenciamento das Políticas Estudantis e da dimensão disciplinar dos estudantes. A Coordenação busca atender as demandas dos estudantes que impliquem no acesso, permanência e êxito na educação.</p>



<hr class="wp-block-separator has-text-color has-background has-pale-cyan-blue-background-color has-pale-cyan-blue-color is-style-wide" />



<p><strong>A Secretaria de Registros Acadêmicos (SRA)</strong></p>



<p>A Secretaria de Registros Acadêmicos (SRA) é um setor vinculado à Direção Acadêmica, responsável pelo registro, verificação, controle, manutenção e arquivamento de documentos que integram a vida acadêmica dos discentes, desde o ingresso à instituição até a conclusão do curso.</p>



<hr class="wp-block-separator has-text-color has-background has-pale-cyan-blue-background-color has-pale-cyan-blue-color is-style-wide" />



<p><strong>O Núcleo de Apoio ao Processo de Ensino-Aprendizagem, Permanência e Êxito (NUAPE)</strong></p>



<p>O Núcleo de Apoio ao Processo de Ensino-Aprendizagem, Permanência e Êxito (NUAPE), suboordinado à Direção Acadêmica, tem como objetivo geral planejar, implementar e acompanhar estratégias pedagógicas locais que contribuam para a melhoria da qualidade do processo de aprendizagem, permanência e êxito dos estudantes regularmente matriculados.</p>



<hr class="wp-block-separator has-text-color has-background has-pale-cyan-blue-background-color has-pale-cyan-blue-color is-style-wide" />



<p><strong>O Setor da Biblioteca</strong></p>



<p>O Setor da Biblioteca Promove o acesso à informação para toda a comunidade acadêmica, de forma atualizada, oferecendo serviços e produtos necessários ao desenvolvimento das atividades de ensino, pesquisa e extensão.</p>



<hr class="wp-block-separator has-text-color has-background has-pale-cyan-blue-background-color has-pale-cyan-blue-color is-style-wide" />



<p><strong>NÚCLEO DE ASSISTÊNCIA AO PORTADOR DE NECESSIDADES ESPECIAIS (NAPNE)</strong></p>



<p>O NAPNE é um setor consultivo que realiza:</p>



<p>– Articulação entre setores institucionais nas atividades relativas à inclusão da Pessoa com Necessidades Específicas.</p>



<p>– Definição de prioridades no desenvolvimento e disponibilização de materiais pedagógicos e equipamentos de Tecnologia Assistiva.</p>



<p>– Gerenciamento de parcerias para apoio técnico.</p>



<p>– Promoção e divulgação de eventos relacionados.</p>



<hr class="wp-block-separator has-text-color has-background has-pale-cyan-blue-background-color has-pale-cyan-blue-color is-style-wide" />



<p><strong>Núcleo de Relações Institucionais (NURI)</strong></p>



<p>Um dos objetivos do Núcleo de Relações Institucionais( NURI) é dar apoio técnico administrativo a todos os envolvidos no Programa de Estágio Curricular do campus Catu; sejam discentes, docentes e/ou concedentes de estágio.</p>



<p></p>



<hr class="wp-block-separator has-text-color has-background has-pale-cyan-blue-background-color has-pale-cyan-blue-color is-style-wide" />



<p><strong>Coordenação das Unidades Educativas de Campo (CUEC)</strong></p>



<p>A Coordenação das Unidades Educativas de Campo (CUEC) é composta por setores de produção agrícola (horticultura, fruticultura, culturas anuais), animal (minhocultura, apicultura, suinocultura, avicultura de corte e de postura, bovinocultura de leite, pastagens e fábrica de ração), e áreas de expansão e/ou de preservação e conservação. O objetivo da CUEC é apoiar o desenvolvimento de atividades práticas de cunho didático-pedagógica de disciplinas tecnológicas específicas dos cursos do Campus Catu.</p>



<hr class="wp-block-separator has-text-color has-background has-pale-cyan-blue-background-color has-pale-cyan-blue-color is-style-wide" />



<p><strong>Núcleo de Apoio à Comunicação e Eventos (NACE)</strong></p>



<p>É um Núcleo responsável por apoiar e desenvolver ações de relacionamento com a imprensa local, divulgações de campanhas, organização de eventos, produção de conteúdos midiáticos, atualização de informações institucionais e mídias sociais do C<em>ampus </em>Catu.</p>



<p>O NACE busca fortalecer a imagem e a identidade do Instituto, por meio de ações integradas com as diversas áreas do <em>Campus</em>, que possibilitem a interlocução com a sociedade, apresentando o instituto e os serviços que são ofertados.</p>



<hr class="wp-block-separator has-text-color has-background has-pale-cyan-blue-background-color has-pale-cyan-blue-color is-style-wide" />

<p>A Coordenação de Assuntos Estudantis (CAE) A Coordenação de Assuntos Estudantis (CAE) compõe o Departamento de Ensino do&nbsp;Campus&nbsp;Catu. O setor é responsável pelo gerenciamento das Políticas Estudantis e da dimensão disciplinar dos estudantes. A Coordenação busca atender as demandas dos estudantes que impliquem no acesso, permanência e êxito na educação. A Secretaria de Registros Acadêmicos [&hellip;]</p>
