{"id":21987,"date":"2025-08-25T09:07:40","date_gmt":"2025-08-25T12:07:40","guid":{"rendered":"https:\/\/www.ifbaiano.edu.br\/unidades\/catu\/?page_id=21987"},"modified":"2025-08-25T09:07:41","modified_gmt":"2025-08-25T12:07:41","slug":"cae","status":"publish","type":"page","link":"https:\/\/www.ifbaiano.edu.br\/unidades\/catu\/cae\/","title":{"rendered":"CAE"},"content":{"rendered":"\n<p class=\"has-text-align-center has-vivid-red-color has-text-color has-large-font-size\">A COORDENA\u00c7\u00c3O DE ASSUNTOS ESTUDANTIS (CAE)<\/p>\n\n\n\n<hr class=\"wp-block-separator has-text-color has-vivid-red-color has-css-opacity has-vivid-red-background-color has-background is-style-wide\" \/>\n\n\n<div class=\"wp-block-image\">\n<figure class=\"aligncenter size-full is-resized\"><img decoding=\"async\" loading=\"lazy\" src=\"https:\/\/www.ifbaiano.edu.br\/unidades\/catu\/files\/2023\/01\/Apresentacao-CAE-o-que-e-a-cae.png\" alt=\"\" class=\"wp-image-22005\" width=\"906\" height=\"509\" \/><\/figure><\/div>\n\n\n<hr class=\"wp-block-separator has-text-color has-luminous-vivid-orange-color has-css-opacity has-luminous-vivid-orange-background-color has-background is-style-wide\" \/>\n\n\n\n<figure class=\"wp-block-image size-full\"><img decoding=\"async\" loading=\"lazy\" width=\"1920\" height=\"1080\" src=\"https:\/\/www.ifbaiano.edu.br\/unidades\/catu\/files\/2023\/01\/Apresentacao-CAE-fale-com-a-cae.png\" alt=\"\" class=\"wp-image-22006\" \/><\/figure>\n\n\n\n<hr class=\"wp-block-separator has-text-color has-vivid-red-color has-css-opacity has-vivid-red-background-color has-background is-style-wide\" \/>\n\n\n\n<p><a href=\"https:\/\/www.ifbaiano.edu.br\/unidades\/catu\/files\/2023\/01\/Apresentacao-CAE.pdf\" target=\"_blank\" rel=\"noreferrer noopener\">APRESENTA\u00c7\u00c3O CAE<\/a><\/p>\n\n\n\n<p><\/p>\n\n\n\n<p>Quer saber mais sobre o &#8220;<strong>REGULAMENTO DISCIPLINAR DISCENTE<\/strong>&#8221; acesse a aba *<strong><em>REGULAMENTOS<\/em><\/strong>* no menu ao lado.<\/p>\n\n\n\n<hr class=\"wp-block-separator has-text-color has-vivid-red-color has-css-opacity has-vivid-red-background-color has-background is-style-wide\" \/>\n\n\n\n<p><a href=\"https:\/\/www.ifbaiano.edu.br\/unidades\/catu\/files\/2023\/02\/Despacho-1_2023-HORARIOS-DE-FUNCIONAMENTO-DO-SETOR-E-ESCALA-NOMINAL.pdf\" target=\"_blank\" rel=\"noreferrer noopener\">HOR\u00c1RIOS DE FUNCIONAMENTO DO SETOR E ESCALA NOMINAL<\/a><\/p>\n\n\n\n<hr class=\"wp-block-separator has-alpha-channel-opacity\" \/>\n\n\n\n<p><a href=\"https:\/\/www.ifbaiano.edu.br\/unidades\/catu\/files\/2025\/08\/Relatorio-Parcial-2025-Coordenacao-De-Assunto-Estudantis-Setor-de-Saude.pdf\" target=\"_blank\" rel=\"noreferrer noopener\">Relat\u00f3rio Parcial 2025 &#8211; Coordena\u00e7\u00e3o De Assunto Estudantis &#8211; Setor de Sa\u00fade<\/a><\/p>\n","protected":false},"excerpt":{"rendered":"<p>A COORDENA\u00c7\u00c3O DE ASSUNTOS ESTUDANTIS (CAE) APRESENTA\u00c7\u00c3O CAE Quer saber mais sobre o &#8220;REGULAMENTO DISCIPLINAR DISCENTE&#8221; acesse a aba *REGULAMENTOS* no menu ao lado. HOR\u00c1RIOS DE FUNCIONAMENTO DO SETOR E ESCALA NOMINAL Relat\u00f3rio Parcial 2025 &#8211; Coordena\u00e7\u00e3o De Assunto Estudantis &#8211; Setor de Sa\u00fade<\/p>\n","protected":false},"author":141,"featured_media":0,"parent":0,"menu_order":0,"comment_status":"closed","ping_status":"closed","template":"","meta":[],"_links":{"self":[{"href":"https:\/\/www.ifbaiano.edu.br\/unidades\/catu\/wp-json\/wp\/v2\/pages\/21987"}],"collection":[{"href":"https:\/\/www.ifbaiano.edu.br\/unidades\/catu\/wp-json\/wp\/v2\/pages"}],"about":[{"href":"https:\/\/www.ifbaiano.edu.br\/unidades\/catu\/wp-json\/wp\/v2\/types\/page"}],"author":[{"embeddable":true,"href":"https:\/\/www.ifbaiano.edu.br\/unidades\/catu\/wp-json\/wp\/v2\/users\/141"}],"replies":[{"embeddable":true,"href":"https:\/\/www.ifbaiano.edu.br\/unidades\/catu\/wp-json\/wp\/v2\/comments?post=21987"}],"version-history":[{"count":7,"href":"https:\/\/www.ifbaiano.edu.br\/unidades\/catu\/wp-json\/wp\/v2\/pages\/21987\/revisions"}],"predecessor-version":[{"id":26364,"href":"https:\/\/www.ifbaiano.edu.br\/unidades\/catu\/wp-json\/wp\/v2\/pages\/21987\/revisions\/26364"}],"wp:attachment":[{"href":"https:\/\/www.ifbaiano.edu.br\/unidades\/catu\/wp-json\/wp\/v2\/media?parent=21987"}],"curies":[{"name":"wp","href":"https:\/\/api.w.org\/{rel}","templated":true}]}}

<p class="has-text-align-center has-vivid-red-color has-text-color has-large-font-size">A COORDENAÇÃO DE ASSUNTOS ESTUDANTIS (CAE)</p>



<hr class="wp-block-separator has-text-color has-vivid-red-color has-css-opacity has-vivid-red-background-color has-background is-style-wide" />


<div class="wp-block-image">
<figure class="aligncenter size-full is-resized"><img decoding="async" loading="lazy" src="https://www.ifbaiano.edu.br/unidades/catu/files/2023/01/Apresentacao-CAE-o-que-e-a-cae.png" alt="" class="wp-image-22005" width="906" height="509" /></figure></div>


<hr class="wp-block-separator has-text-color has-luminous-vivid-orange-color has-css-opacity has-luminous-vivid-orange-background-color has-background is-style-wide" />



<figure class="wp-block-image size-full"><img decoding="async" loading="lazy" width="1920" height="1080" src="https://www.ifbaiano.edu.br/unidades/catu/files/2023/01/Apresentacao-CAE-fale-com-a-cae.png" alt="" class="wp-image-22006" /></figure>



<hr class="wp-block-separator has-text-color has-vivid-red-color has-css-opacity has-vivid-red-background-color has-background is-style-wide" />



<p><a href="https://www.ifbaiano.edu.br/unidades/catu/files/2023/01/Apresentacao-CAE.pdf" target="_blank" rel="noreferrer noopener">APRESENTAÇÃO CAE</a></p>



<p></p>



<p>Quer saber mais sobre o &#8220;<strong>REGULAMENTO DISCIPLINAR DISCENTE</strong>&#8221; acesse a aba *<strong><em>REGULAMENTOS</em></strong>* no menu ao lado.</p>



<hr class="wp-block-separator has-text-color has-vivid-red-color has-css-opacity has-vivid-red-background-color has-background is-style-wide" />



<p><a href="https://www.ifbaiano.edu.br/unidades/catu/files/2023/02/Despacho-1_2023-HORARIOS-DE-FUNCIONAMENTO-DO-SETOR-E-ESCALA-NOMINAL.pdf" target="_blank" rel="noreferrer noopener">HORÁRIOS DE FUNCIONAMENTO DO SETOR E ESCALA NOMINAL</a></p>



<hr class="wp-block-separator has-alpha-channel-opacity" />



<p><a href="https://www.ifbaiano.edu.br/unidades/catu/files/2025/08/Relatorio-Parcial-2025-Coordenacao-De-Assunto-Estudantis-Setor-de-Saude.pdf" target="_blank" rel="noreferrer noopener">Relatório Parcial 2025 &#8211; Coordenação De Assunto Estudantis &#8211; Setor de Saúde</a></p>

<p>A COORDENAÇÃO DE ASSUNTOS ESTUDANTIS (CAE) APRESENTAÇÃO CAE Quer saber mais sobre o &#8220;REGULAMENTO DISCIPLINAR DISCENTE&#8221; acesse a aba *REGULAMENTOS* no menu ao lado. HORÁRIOS DE FUNCIONAMENTO DO SETOR E ESCALA NOMINAL Relatório Parcial 2025 &#8211; Coordenação De Assunto Estudantis &#8211; Setor de Saúde</p>
