{"id":21995,"date":"2025-06-30T10:46:43","date_gmt":"2025-06-30T13:46:43","guid":{"rendered":"https:\/\/www.ifbaiano.edu.br\/unidades\/catu\/?page_id=21995"},"modified":"2025-06-30T10:50:20","modified_gmt":"2025-06-30T13:50:20","slug":"formularios","status":"publish","type":"page","link":"https:\/\/www.ifbaiano.edu.br\/unidades\/catu\/formularios\/","title":{"rendered":"Formul\u00e1rios"},"content":{"rendered":"\n<p><a rel=\"noreferrer noopener\" href=\"https:\/\/www.ifbaiano.edu.br\/unidades\/catu\/files\/2022\/04\/REQUERIMENTO-SRA-NOVO.pdf\" target=\"_blank\">NOVO MODELO DE REQUERIMENTO PDF<\/a><br><a rel=\"noreferrer noopener\" href=\"https:\/\/www.ifbaiano.edu.br\/unidades\/catu\/files\/2022\/04\/REQUERIMENTO-SRA-EDITAVEL.docx\" target=\"_blank\">NOVO MODELO DE REQUERIMENTO EDIT\u00c1VEL<\/a><br><a rel=\"noreferrer noopener\" href=\"https:\/\/www.ifbaiano.edu.br\/unidades\/catu\/files\/2023\/07\/REQUERIMENTO-PARA-CERTICACAO-TECNICA-COLACAO-DE-GRAU-E-EXPEDICAO-E-REGISTRO-DE-DIPLOMA.pdf\" target=\"_blank\">REQUERIMENTO PARA CERTIFICA\u00c7\u00c3O T\u00c9CNICA \u2013 COLA\u00c7\u00c3O DE GRAU E EXPEDI\u00c7\u00c3O E REGISTRO DE DIPLOMA<\/a> <em>(Concluintes de cursos t\u00e9cnicos (integrado e subsequente)<\/em><br><a rel=\"noreferrer noopener\" href=\"https:\/\/www.ifbaiano.edu.br\/unidades\/catu\/files\/2023\/07\/REQUERIMENTO-PARA-CERTICACAO-TECNICA-COLACAO-DE-GRAU-E-EXPEDICAO-E-REGISTRO-DE-DIPLOMA.pdf\" target=\"_blank\">REQUERIMENTO PARA CERTIFICA\u00c7\u00c3O T\u00c9CNICA \u2013 COLA\u00c7\u00c3O DE GRAU E EXPEDI\u00c7\u00c3O E REGISTRO DE DIPLOMA<\/a> <em>(Para os concluintes de cursos de gradua\u00e7\u00e3o e p\u00f3s-gradua\u00e7\u00e3o (especializa\u00e7\u00e3o e mestrado<\/em><strong>)<\/strong> <\/p>\n","protected":false},"excerpt":{"rendered":"<p>NOVO MODELO DE REQUERIMENTO PDFNOVO MODELO DE REQUERIMENTO EDIT\u00c1VELREQUERIMENTO PARA CERTIFICA\u00c7\u00c3O T\u00c9CNICA \u2013 COLA\u00c7\u00c3O DE GRAU E EXPEDI\u00c7\u00c3O E REGISTRO DE DIPLOMA (Concluintes de cursos t\u00e9cnicos (integrado e subsequente)REQUERIMENTO PARA CERTIFICA\u00c7\u00c3O T\u00c9CNICA \u2013 COLA\u00c7\u00c3O DE GRAU E EXPEDI\u00c7\u00c3O E REGISTRO DE DIPLOMA (Para os concluintes de cursos de gradua\u00e7\u00e3o e p\u00f3s-gradua\u00e7\u00e3o (especializa\u00e7\u00e3o e mestrado)<\/p>\n","protected":false},"author":141,"featured_media":0,"parent":0,"menu_order":0,"comment_status":"closed","ping_status":"closed","template":"","meta":[],"_links":{"self":[{"href":"https:\/\/www.ifbaiano.edu.br\/unidades\/catu\/wp-json\/wp\/v2\/pages\/21995"}],"collection":[{"href":"https:\/\/www.ifbaiano.edu.br\/unidades\/catu\/wp-json\/wp\/v2\/pages"}],"about":[{"href":"https:\/\/www.ifbaiano.edu.br\/unidades\/catu\/wp-json\/wp\/v2\/types\/page"}],"author":[{"embeddable":true,"href":"https:\/\/www.ifbaiano.edu.br\/unidades\/catu\/wp-json\/wp\/v2\/users\/141"}],"replies":[{"embeddable":true,"href":"https:\/\/www.ifbaiano.edu.br\/unidades\/catu\/wp-json\/wp\/v2\/comments?post=21995"}],"version-history":[{"count":3,"href":"https:\/\/www.ifbaiano.edu.br\/unidades\/catu\/wp-json\/wp\/v2\/pages\/21995\/revisions"}],"predecessor-version":[{"id":26227,"href":"https:\/\/www.ifbaiano.edu.br\/unidades\/catu\/wp-json\/wp\/v2\/pages\/21995\/revisions\/26227"}],"wp:attachment":[{"href":"https:\/\/www.ifbaiano.edu.br\/unidades\/catu\/wp-json\/wp\/v2\/media?parent=21995"}],"curies":[{"name":"wp","href":"https:\/\/api.w.org\/{rel}","templated":true}]}}

Formulários

<p><a rel="noreferrer noopener" href="https://www.ifbaiano.edu.br/unidades/catu/files/2022/04/REQUERIMENTO-SRA-NOVO.pdf" target="_blank">NOVO MODELO DE REQUERIMENTO PDF</a><br><a rel="noreferrer noopener" href="https://www.ifbaiano.edu.br/unidades/catu/files/2022/04/REQUERIMENTO-SRA-EDITAVEL.docx" target="_blank">NOVO MODELO DE REQUERIMENTO EDITÁVEL</a><br><a rel="noreferrer noopener" href="https://www.ifbaiano.edu.br/unidades/catu/files/2023/07/REQUERIMENTO-PARA-CERTICACAO-TECNICA-COLACAO-DE-GRAU-E-EXPEDICAO-E-REGISTRO-DE-DIPLOMA.pdf" target="_blank">REQUERIMENTO PARA CERTIFICAÇÃO TÉCNICA – COLAÇÃO DE GRAU E EXPEDIÇÃO E REGISTRO DE DIPLOMA</a> <em>(Concluintes de cursos técnicos (integrado e subsequente)</em><br><a rel="noreferrer noopener" href="https://www.ifbaiano.edu.br/unidades/catu/files/2023/07/REQUERIMENTO-PARA-CERTICACAO-TECNICA-COLACAO-DE-GRAU-E-EXPEDICAO-E-REGISTRO-DE-DIPLOMA.pdf" target="_blank">REQUERIMENTO PARA CERTIFICAÇÃO TÉCNICA – COLAÇÃO DE GRAU E EXPEDIÇÃO E REGISTRO DE DIPLOMA</a> <em>(Para os concluintes de cursos de graduação e pós-graduação (especialização e mestrado</em><strong>)</strong> </p>

<p>NOVO MODELO DE REQUERIMENTO PDFNOVO MODELO DE REQUERIMENTO EDITÁVELREQUERIMENTO PARA CERTIFICAÇÃO TÉCNICA – COLAÇÃO DE GRAU E EXPEDIÇÃO E REGISTRO DE DIPLOMA (Concluintes de cursos técnicos (integrado e subsequente)REQUERIMENTO PARA CERTIFICAÇÃO TÉCNICA – COLAÇÃO DE GRAU E EXPEDIÇÃO E REGISTRO DE DIPLOMA (Para os concluintes de cursos de graduação e pós-graduação (especialização e mestrado)</p>
