{"id":22076,"date":"2023-01-31T08:12:52","date_gmt":"2023-01-31T11:12:52","guid":{"rendered":"https:\/\/www.ifbaiano.edu.br\/unidades\/catu\/?page_id=22076"},"modified":"2023-01-31T08:26:31","modified_gmt":"2023-01-31T11:26:31","slug":"editais-vigentes","status":"publish","type":"page","link":"https:\/\/www.ifbaiano.edu.br\/unidades\/catu\/editais-vigentes\/","title":{"rendered":"Editais Vigentes"},"content":{"rendered":"\n<hr class=\"wp-block-separator has-text-color has-background has-vivid-purple-background-color has-vivid-purple-color is-style-wide\" \/>\n\n\n\n<p><a href=\"https:\/\/www.ifbaiano.edu.br\/unidades\/catu\/files\/2023\/01\/Edital-PROPAC.pdf\" target=\"_blank\" rel=\"noreferrer noopener\">PROGRAMA DE INCENTIVO \u00c0 PARTICIPA\u00c7\u00c3O POL\u00cdTICO -ACAD\u00caMICA \u2013 PROPACE<\/a> (Edital n\u00ba 148)<\/p>\n\n\n\n<p><a href=\"https:\/\/www.ifbaiano.edu.br\/unidades\/catu\/files\/2023\/01\/Edital-do-PINCEL.pdf\" target=\"_blank\" rel=\"noreferrer noopener\">PROGRAMA DE INCENTIVO \u00c0 PROGRAMA DE INCENTIVO \u00c0 CULTURA, ESPORTE E LAZER CULTURA, ESPORTE E LAZER \u2013 PINCEL<\/a> (Edital n\u00ba 149)<\/p>\n","protected":false},"excerpt":{"rendered":"<p>PROGRAMA DE INCENTIVO \u00c0 PARTICIPA\u00c7\u00c3O POL\u00cdTICO -ACAD\u00caMICA \u2013 PROPACE (Edital n\u00ba 148) PROGRAMA DE INCENTIVO \u00c0 PROGRAMA DE INCENTIVO \u00c0 CULTURA, ESPORTE E LAZER CULTURA, ESPORTE E LAZER \u2013 PINCEL (Edital n\u00ba 149)<\/p>\n","protected":false},"author":141,"featured_media":0,"parent":0,"menu_order":0,"comment_status":"closed","ping_status":"closed","template":"","meta":[],"_links":{"self":[{"href":"https:\/\/www.ifbaiano.edu.br\/unidades\/catu\/wp-json\/wp\/v2\/pages\/22076"}],"collection":[{"href":"https:\/\/www.ifbaiano.edu.br\/unidades\/catu\/wp-json\/wp\/v2\/pages"}],"about":[{"href":"https:\/\/www.ifbaiano.edu.br\/unidades\/catu\/wp-json\/wp\/v2\/types\/page"}],"author":[{"embeddable":true,"href":"https:\/\/www.ifbaiano.edu.br\/unidades\/catu\/wp-json\/wp\/v2\/users\/141"}],"replies":[{"embeddable":true,"href":"https:\/\/www.ifbaiano.edu.br\/unidades\/catu\/wp-json\/wp\/v2\/comments?post=22076"}],"version-history":[{"count":2,"href":"https:\/\/www.ifbaiano.edu.br\/unidades\/catu\/wp-json\/wp\/v2\/pages\/22076\/revisions"}],"predecessor-version":[{"id":22085,"href":"https:\/\/www.ifbaiano.edu.br\/unidades\/catu\/wp-json\/wp\/v2\/pages\/22076\/revisions\/22085"}],"wp:attachment":[{"href":"https:\/\/www.ifbaiano.edu.br\/unidades\/catu\/wp-json\/wp\/v2\/media?parent=22076"}],"curies":[{"name":"wp","href":"https:\/\/api.w.org\/{rel}","templated":true}]}}

<hr class="wp-block-separator has-text-color has-background has-vivid-purple-background-color has-vivid-purple-color is-style-wide" />



<p><a href="https://www.ifbaiano.edu.br/unidades/catu/files/2023/01/Edital-PROPAC.pdf" target="_blank" rel="noreferrer noopener">PROGRAMA DE INCENTIVO À PARTICIPAÇÃO POLÍTICO -ACADÊMICA – PROPACE</a> (Edital nº 148)</p>



<p><a href="https://www.ifbaiano.edu.br/unidades/catu/files/2023/01/Edital-do-PINCEL.pdf" target="_blank" rel="noreferrer noopener">PROGRAMA DE INCENTIVO À PROGRAMA DE INCENTIVO À CULTURA, ESPORTE E LAZER CULTURA, ESPORTE E LAZER – PINCEL</a> (Edital nº 149)</p>

<p>PROGRAMA DE INCENTIVO À PARTICIPAÇÃO POLÍTICO -ACADÊMICA – PROPACE (Edital nº 148) PROGRAMA DE INCENTIVO À PROGRAMA DE INCENTIVO À CULTURA, ESPORTE E LAZER CULTURA, ESPORTE E LAZER – PINCEL (Edital nº 149)</p>
