{"id":22279,"date":"2025-05-28T07:11:19","date_gmt":"2025-05-28T10:11:19","guid":{"rendered":"https:\/\/www.ifbaiano.edu.br\/unidades\/catu\/?page_id=22279"},"modified":"2025-05-28T07:11:20","modified_gmt":"2025-05-28T10:11:20","slug":"documentacoes-estudantes","status":"publish","type":"page","link":"https:\/\/www.ifbaiano.edu.br\/unidades\/catu\/documentacoes-estudantes\/","title":{"rendered":"Documenta\u00e7\u00f5es\/Estudantes"},"content":{"rendered":"\n<p><a rel=\"noreferrer noopener\" href=\"https:\/\/www.ifbaiano.edu.br\/unidades\/catu\/files\/2025\/05\/ESTATUTO-GREMIO-ESTUDANTIL-COM-REGIME-DISCENTE.pdf\" target=\"_blank\">ESTATUTO GR\u00caMIO ESTUDANTIL COM REGIME DISCENTE<\/a><br><a rel=\"noreferrer noopener\" href=\"https:\/\/www.ifbaiano.edu.br\/unidades\/catu\/files\/2025\/05\/EDITAL-DE-CONVOCACAO-PARA-INSCRICAO-DE-CHAPAS-GREMISTAS-2025-2026.pdf\" target=\"_blank\">EDITAL DE CONVOCA\u00c7\u00c3O PARA INSCRI\u00c7\u00c3O DE CHAPAS GREMISTAS 2025-2026<\/a><\/p>\n\n\n\n<hr class=\"wp-block-separator has-alpha-channel-opacity\" \/>\n\n\n\n<p><a rel=\"noreferrer noopener\" href=\"https:\/\/www.ifbaiano.edu.br\/unidades\/catu\/files\/2024\/08\/Termo-de-posse-gremio-estudantil.pdf\" target=\"_blank\">Termo de posse gr\u00eamio estudantil<\/a><\/p>\n\n\n\n<hr class=\"wp-block-separator has-alpha-channel-opacity\" \/>\n\n\n\n<p><a rel=\"noreferrer noopener\" href=\"https:\/\/www.ifbaiano.edu.br\/unidades\/catu\/files\/2023\/03\/Convocacao-Chapa-Gremista.pdf\" target=\"_blank\">Convoca\u00e7\u00e3o Chapa Gremista<\/a> &#8211; <strong>23\/03\/23<\/strong><\/p>\n\n\n\n<p><a rel=\"noreferrer noopener\" href=\"https:\/\/www.ifbaiano.edu.br\/unidades\/catu\/files\/2023\/03\/Estatuto-do-Gremio-Estudantil-Atualizado.pdf\" target=\"_blank\">Estatuto do Gr\u00eamio Estudantil &#8211; Atualizado<\/a> &#8211; <strong>23\/03\/23<\/strong><\/p>\n\n\n\n<hr class=\"wp-block-separator has-text-color has-vivid-purple-color has-css-opacity has-vivid-purple-background-color has-background is-style-wide\" \/>\n\n\n\n<p><a rel=\"noreferrer noopener\" href=\"https:\/\/www.ifbaiano.edu.br\/unidades\/catu\/files\/2014\/03\/Estatuto-do-Gremio.pdf\" target=\"_blank\">Estatuto do Gr\u00eamio<\/a><\/p>\n\n\n\n<p><a rel=\"noreferrer noopener\" href=\"https:\/\/www.ifbaiano.edu.br\/unidades\/catu\/files\/2014\/03\/Corpo-Diretivo-do-Gremio_Gestao-2014.pdf\" target=\"_blank\">Corpo Diretivo do Gr\u00eamio_Gest\u00e3o 2014<\/a><\/p>\n\n\n\n<p><a href=\"https:\/\/www.ifbaiano.edu.br\/unidades\/catu\/files\/2014\/03\/Corpo-diretivo-do-Gremio-Edson-Lu\u00eds-Souto_IF-Baiano_Campus-Catu_Gestao-2014.pdf\" target=\"_blank\" rel=\"noreferrer noopener\">Corpo Diretivo do Gr\u00eamio Edson Lu\u00eds Souto_IF Baiano_Campus Catu_Gest\u00e3o 2014<\/a><\/p>\n","protected":false},"excerpt":{"rendered":"<p>ESTATUTO GR\u00caMIO ESTUDANTIL COM REGIME DISCENTEEDITAL DE CONVOCA\u00c7\u00c3O PARA INSCRI\u00c7\u00c3O DE CHAPAS GREMISTAS 2025-2026 Termo de posse gr\u00eamio estudantil Convoca\u00e7\u00e3o Chapa Gremista &#8211; 23\/03\/23 Estatuto do Gr\u00eamio Estudantil &#8211; Atualizado &#8211; 23\/03\/23 Estatuto do Gr\u00eamio Corpo Diretivo do Gr\u00eamio_Gest\u00e3o 2014 Corpo Diretivo do Gr\u00eamio Edson Lu\u00eds Souto_IF Baiano_Campus Catu_Gest\u00e3o 2014<\/p>\n","protected":false},"author":141,"featured_media":0,"parent":0,"menu_order":0,"comment_status":"closed","ping_status":"closed","template":"","meta":[],"_links":{"self":[{"href":"https:\/\/www.ifbaiano.edu.br\/unidades\/catu\/wp-json\/wp\/v2\/pages\/22279"}],"collection":[{"href":"https:\/\/www.ifbaiano.edu.br\/unidades\/catu\/wp-json\/wp\/v2\/pages"}],"about":[{"href":"https:\/\/www.ifbaiano.edu.br\/unidades\/catu\/wp-json\/wp\/v2\/types\/page"}],"author":[{"embeddable":true,"href":"https:\/\/www.ifbaiano.edu.br\/unidades\/catu\/wp-json\/wp\/v2\/users\/141"}],"replies":[{"embeddable":true,"href":"https:\/\/www.ifbaiano.edu.br\/unidades\/catu\/wp-json\/wp\/v2\/comments?post=22279"}],"version-history":[{"count":5,"href":"https:\/\/www.ifbaiano.edu.br\/unidades\/catu\/wp-json\/wp\/v2\/pages\/22279\/revisions"}],"predecessor-version":[{"id":26073,"href":"https:\/\/www.ifbaiano.edu.br\/unidades\/catu\/wp-json\/wp\/v2\/pages\/22279\/revisions\/26073"}],"wp:attachment":[{"href":"https:\/\/www.ifbaiano.edu.br\/unidades\/catu\/wp-json\/wp\/v2\/media?parent=22279"}],"curies":[{"name":"wp","href":"https:\/\/api.w.org\/{rel}","templated":true}]}}

Documentações/Estudantes

<p><a rel="noreferrer noopener" href="https://www.ifbaiano.edu.br/unidades/catu/files/2025/05/ESTATUTO-GREMIO-ESTUDANTIL-COM-REGIME-DISCENTE.pdf" target="_blank">ESTATUTO GRÊMIO ESTUDANTIL COM REGIME DISCENTE</a><br><a rel="noreferrer noopener" href="https://www.ifbaiano.edu.br/unidades/catu/files/2025/05/EDITAL-DE-CONVOCACAO-PARA-INSCRICAO-DE-CHAPAS-GREMISTAS-2025-2026.pdf" target="_blank">EDITAL DE CONVOCAÇÃO PARA INSCRIÇÃO DE CHAPAS GREMISTAS 2025-2026</a></p>



<hr class="wp-block-separator has-alpha-channel-opacity" />



<p><a rel="noreferrer noopener" href="https://www.ifbaiano.edu.br/unidades/catu/files/2024/08/Termo-de-posse-gremio-estudantil.pdf" target="_blank">Termo de posse grêmio estudantil</a></p>



<hr class="wp-block-separator has-alpha-channel-opacity" />



<p><a rel="noreferrer noopener" href="https://www.ifbaiano.edu.br/unidades/catu/files/2023/03/Convocacao-Chapa-Gremista.pdf" target="_blank">Convocação Chapa Gremista</a> &#8211; <strong>23/03/23</strong></p>



<p><a rel="noreferrer noopener" href="https://www.ifbaiano.edu.br/unidades/catu/files/2023/03/Estatuto-do-Gremio-Estudantil-Atualizado.pdf" target="_blank">Estatuto do Grêmio Estudantil &#8211; Atualizado</a> &#8211; <strong>23/03/23</strong></p>



<hr class="wp-block-separator has-text-color has-vivid-purple-color has-css-opacity has-vivid-purple-background-color has-background is-style-wide" />



<p><a rel="noreferrer noopener" href="https://www.ifbaiano.edu.br/unidades/catu/files/2014/03/Estatuto-do-Gremio.pdf" target="_blank">Estatuto do Grêmio</a></p>



<p><a rel="noreferrer noopener" href="https://www.ifbaiano.edu.br/unidades/catu/files/2014/03/Corpo-Diretivo-do-Gremio_Gestao-2014.pdf" target="_blank">Corpo Diretivo do Grêmio_Gestão 2014</a></p>



<p><a href="https://www.ifbaiano.edu.br/unidades/catu/files/2014/03/Corpo-diretivo-do-Gremio-Edson-Luís-Souto_IF-Baiano_Campus-Catu_Gestao-2014.pdf" target="_blank" rel="noreferrer noopener">Corpo Diretivo do Grêmio Edson Luís Souto_IF Baiano_Campus Catu_Gestão 2014</a></p>

<p>ESTATUTO GRÊMIO ESTUDANTIL COM REGIME DISCENTEEDITAL DE CONVOCAÇÃO PARA INSCRIÇÃO DE CHAPAS GREMISTAS 2025-2026 Termo de posse grêmio estudantil Convocação Chapa Gremista &#8211; 23/03/23 Estatuto do Grêmio Estudantil &#8211; Atualizado &#8211; 23/03/23 Estatuto do Grêmio Corpo Diretivo do Grêmio_Gestão 2014 Corpo Diretivo do Grêmio Edson Luís Souto_IF Baiano_Campus Catu_Gestão 2014</p>
