{"id":22713,"date":"2025-07-23T09:13:56","date_gmt":"2025-07-23T12:13:56","guid":{"rendered":"https:\/\/www.ifbaiano.edu.br\/unidades\/catu\/?page_id=22713"},"modified":"2025-07-23T09:56:52","modified_gmt":"2025-07-23T12:56:52","slug":"neabi","status":"publish","type":"page","link":"https:\/\/www.ifbaiano.edu.br\/unidades\/catu\/neabi\/","title":{"rendered":"NEABI"},"content":{"rendered":"\n<p>&nbsp;O N\u00facleo de Estudos Afro-brasileiros e Ind\u00edgenas integra a Pol\u00edtica de Diversidade e Inclus\u00e3o do Instituto Federal Baiano, desenvolvendo a\u00e7\u00f5es e estudos relativos \u00e0s quest\u00f5es \u00e9tnico-raciais numa perspectiva interseccional: ra\u00e7a, classe e g\u00eanero.<br>&nbsp;&nbsp; &nbsp; &nbsp;&nbsp;Tem como objetivo salvaguardar e assessorar o cumprimento das leis n\u00ba 10.639\/2003 e n\u00ba 11.645\/2008, que alteram a Lei de Diretrizes e Bases da Educa\u00e7\u00e3o Nacional, incluindo no curr\u00edculo oficial da rede de ensino a obrigatoriedade da abordagem da Hist\u00f3ria e Culturas Afro-brasileira e Ind\u00edgena.<br>Conforme regulamento, o NEABI constitui-se como N\u00facleo de natureza propositiva, consultiva e deliberativa, no tocante \u00e0s quest\u00f5es da diversidade, na perspectiva dos princ\u00edpios multiculturais, tendo como escopo maior o fomento a estudos das quest\u00f5es \u00e9tnico-raciais e o desenvolvimento de a\u00e7\u00f5es de valoriza\u00e7\u00e3o das identidades afro e ind\u00edgenas.<br>&nbsp;&nbsp; &nbsp; &nbsp;Nesse sentido, procura articular e promover a\u00e7\u00f5es e reflex\u00f5es referentes \u00e0s quest\u00f5es de igualdade, de combate ao racismo e de prote\u00e7\u00e3o dos direitos dessas minorias socais, por meio de atividades de ensino, pesquisa e extens\u00e3o. Assim, essas a\u00e7\u00f5es do n\u00facleo direcionam-se a uma educa\u00e7\u00e3o pluricultural e pluri\u00e9tnica para a constru\u00e7\u00e3o da cidadania.<br>&nbsp;&nbsp; &nbsp; &nbsp;No campus Catu do IFBAIANO, o NEABI tem procurado implementar a\u00e7\u00f5es frente \u00e0 comunidade interna e externa a exemplo de: incentivo \u00e0 Comunidade Acad\u00eamica do Campus para desenvolver a\u00e7\u00f5es afirmativas, atividades multi e transdisciplinares em sala de aula e extraclasse, pesquisas e estudos relacionados \u00e0s Rela\u00e7\u00f5es \u00c9tnico-Raciais; realiza\u00e7\u00e3o de eventos (workshops, palestras, semin\u00e1rios), realiza\u00e7\u00e3o de visitas t\u00e9cnicas, entre outras a\u00e7\u00f5es.<br>Ressalta-se que, segundo a Instru\u00e7\u00e3o Normativa 1\/2021 &#8211; RET-PROEN\/RET-GAB\/RET\/IFBAIANO, DE&nbsp;17 de setembro&nbsp;de 2021, CAP\u00cdTULO VI, Art. 18, o Neabi \u00e9 respons\u00e1vel pela de indica\u00e7\u00e3o dos membros integrantes da Comiss\u00e3o Especial de Verifica\u00e7\u00e3o da Autodeclara\u00e7\u00e3o \u00c9tnico-Racial, junto com a Dire\u00e7\u00e3o-geral do campus e a Dire\u00e7\u00e3o Acad\u00eamica. Al\u00e9m disso, cabe ao Neabi participar do acolhimento dos\/as candidatos\/as durante as bancas de heteroidentifica\u00e7\u00e3o e das comiss\u00f5es relacionadas ao acompanhamento das pol\u00edticas de a\u00e7\u00f5es afirmativas nos processos seletivos do campus.<\/p>\n\n\n\n<p>&nbsp;&nbsp; &nbsp; &nbsp;Conhe\u00e7a o NEABI no IFBAIANO &#8211;&nbsp;<a target=\"_blank\" href=\"https:\/\/ifbaiano.edu.br\/portal\/neabi\/\" rel=\"noreferrer noopener\">https:\/\/ifbaiano.edu.br\/portal\/neabi\/<\/a><\/p>\n\n\n\n<p>&nbsp;&nbsp; &nbsp; &nbsp;Coordena\u00e7\u00e3o: C\u00e9lio Santos<br>&nbsp;&nbsp; &nbsp; &nbsp;E-mail:&nbsp;neabi@catu.ifbaiano.edu.br<\/p>\n","protected":false},"excerpt":{"rendered":"<p>&nbsp;O N\u00facleo de Estudos Afro-brasileiros e Ind\u00edgenas integra a Pol\u00edtica de Diversidade e Inclus\u00e3o do Instituto Federal Baiano, desenvolvendo a\u00e7\u00f5es e estudos relativos \u00e0s quest\u00f5es \u00e9tnico-raciais numa perspectiva interseccional: ra\u00e7a, classe e g\u00eanero.&nbsp;&nbsp; &nbsp; &nbsp;&nbsp;Tem como objetivo salvaguardar e assessorar o cumprimento das leis n\u00ba 10.639\/2003 e n\u00ba 11.645\/2008, que alteram a Lei de Diretrizes [&hellip;]<\/p>\n","protected":false},"author":141,"featured_media":0,"parent":0,"menu_order":0,"comment_status":"closed","ping_status":"closed","template":"","meta":[],"_links":{"self":[{"href":"https:\/\/www.ifbaiano.edu.br\/unidades\/catu\/wp-json\/wp\/v2\/pages\/22713"}],"collection":[{"href":"https:\/\/www.ifbaiano.edu.br\/unidades\/catu\/wp-json\/wp\/v2\/pages"}],"about":[{"href":"https:\/\/www.ifbaiano.edu.br\/unidades\/catu\/wp-json\/wp\/v2\/types\/page"}],"author":[{"embeddable":true,"href":"https:\/\/www.ifbaiano.edu.br\/unidades\/catu\/wp-json\/wp\/v2\/users\/141"}],"replies":[{"embeddable":true,"href":"https:\/\/www.ifbaiano.edu.br\/unidades\/catu\/wp-json\/wp\/v2\/comments?post=22713"}],"version-history":[{"count":2,"href":"https:\/\/www.ifbaiano.edu.br\/unidades\/catu\/wp-json\/wp\/v2\/pages\/22713\/revisions"}],"predecessor-version":[{"id":26318,"href":"https:\/\/www.ifbaiano.edu.br\/unidades\/catu\/wp-json\/wp\/v2\/pages\/22713\/revisions\/26318"}],"wp:attachment":[{"href":"https:\/\/www.ifbaiano.edu.br\/unidades\/catu\/wp-json\/wp\/v2\/media?parent=22713"}],"curies":[{"name":"wp","href":"https:\/\/api.w.org\/{rel}","templated":true}]}}

<p>&nbsp;O Núcleo de Estudos Afro-brasileiros e Indígenas integra a Política de Diversidade e Inclusão do Instituto Federal Baiano, desenvolvendo ações e estudos relativos às questões étnico-raciais numa perspectiva interseccional: raça, classe e gênero.<br>&nbsp;&nbsp; &nbsp; &nbsp;&nbsp;Tem como objetivo salvaguardar e assessorar o cumprimento das leis nº 10.639/2003 e nº 11.645/2008, que alteram a Lei de Diretrizes e Bases da Educação Nacional, incluindo no currículo oficial da rede de ensino a obrigatoriedade da abordagem da História e Culturas Afro-brasileira e Indígena.<br>Conforme regulamento, o NEABI constitui-se como Núcleo de natureza propositiva, consultiva e deliberativa, no tocante às questões da diversidade, na perspectiva dos princípios multiculturais, tendo como escopo maior o fomento a estudos das questões étnico-raciais e o desenvolvimento de ações de valorização das identidades afro e indígenas.<br>&nbsp;&nbsp; &nbsp; &nbsp;Nesse sentido, procura articular e promover ações e reflexões referentes às questões de igualdade, de combate ao racismo e de proteção dos direitos dessas minorias socais, por meio de atividades de ensino, pesquisa e extensão. Assim, essas ações do núcleo direcionam-se a uma educação pluricultural e pluriétnica para a construção da cidadania.<br>&nbsp;&nbsp; &nbsp; &nbsp;No campus Catu do IFBAIANO, o NEABI tem procurado implementar ações frente à comunidade interna e externa a exemplo de: incentivo à Comunidade Acadêmica do Campus para desenvolver ações afirmativas, atividades multi e transdisciplinares em sala de aula e extraclasse, pesquisas e estudos relacionados às Relações Étnico-Raciais; realização de eventos (workshops, palestras, seminários), realização de visitas técnicas, entre outras ações.<br>Ressalta-se que, segundo a Instrução Normativa 1/2021 &#8211; RET-PROEN/RET-GAB/RET/IFBAIANO, DE&nbsp;17 de setembro&nbsp;de 2021, CAPÍTULO VI, Art. 18, o Neabi é responsável pela de indicação dos membros integrantes da Comissão Especial de Verificação da Autodeclaração Étnico-Racial, junto com a Direção-geral do campus e a Direção Acadêmica. Além disso, cabe ao Neabi participar do acolhimento dos/as candidatos/as durante as bancas de heteroidentificação e das comissões relacionadas ao acompanhamento das políticas de ações afirmativas nos processos seletivos do campus.</p>



<p>&nbsp;&nbsp; &nbsp; &nbsp;Conheça o NEABI no IFBAIANO &#8211;&nbsp;<a target="_blank" href="https://ifbaiano.edu.br/portal/neabi/" rel="noreferrer noopener">https://ifbaiano.edu.br/portal/neabi/</a></p>



<p>&nbsp;&nbsp; &nbsp; &nbsp;Coordenação: Célio Santos<br>&nbsp;&nbsp; &nbsp; &nbsp;E-mail:&nbsp;neabi@catu.ifbaiano.edu.br</p>

<p>&nbsp;O Núcleo de Estudos Afro-brasileiros e Indígenas integra a Política de Diversidade e Inclusão do Instituto Federal Baiano, desenvolvendo ações e estudos relativos às questões étnico-raciais numa perspectiva interseccional: raça, classe e gênero.&nbsp;&nbsp; &nbsp; &nbsp;&nbsp;Tem como objetivo salvaguardar e assessorar o cumprimento das leis nº 10.639/2003 e nº 11.645/2008, que alteram a Lei de Diretrizes [&hellip;]</p>
