{"id":22714,"date":"2025-10-29T16:35:14","date_gmt":"2025-10-29T19:35:14","guid":{"rendered":"https:\/\/www.ifbaiano.edu.br\/unidades\/catu\/?page_id=22714"},"modified":"2025-10-29T16:36:03","modified_gmt":"2025-10-29T19:36:03","slug":"geni","status":"publish","type":"page","link":"https:\/\/www.ifbaiano.edu.br\/unidades\/catu\/geni\/","title":{"rendered":"Geni \u2013 N\u00facleo de Estudos de G\u00eanero e Sexualidade"},"content":{"rendered":"\n<p>O&nbsp;<strong>Geni<\/strong>&nbsp;\u00e9 um n\u00facleo propositivo e consultivo do Instituto Federal de Educa\u00e7\u00e3o, Ci\u00eancia e Tecnologia Baiano (<strong>IF Baiano<\/strong>), que estimula e promove a\u00e7\u00f5es de&nbsp;<strong>Ensino, Pesquisa e Extens\u00e3o<\/strong>&nbsp;voltadas \u00e0 educa\u00e7\u00e3o para a diversidade de&nbsp;<strong>g\u00eanero e sexualidade<\/strong>.<\/p>\n\n\n\n<p><\/p>\n\n\n\n<h2 class=\"wp-block-heading\"><strong>Composi\u00e7\u00e3o e Prop\u00f3sitos<\/strong><\/h2>\n\n\n\n<p>O Geni \u00e9 formado por&nbsp;<strong>estudantes, servidores e membros externos<\/strong>, que se re\u00fanem para propor discuss\u00f5es sobre como&nbsp;<strong>g\u00eanero e sexualidade<\/strong>&nbsp;s\u00e3o abordados em diferentes contextos, inclusive na educa\u00e7\u00e3o.<\/p>\n\n\n\n<p>Dentre suas atividades, o n\u00facleo organiza e participa de:<\/p>\n\n\n\n<ul>\n<li><strong>Eventos, oficinas e rodas de conversa<\/strong><\/li>\n\n\n\n<li><strong>Exibi\u00e7\u00e3o de filmes, mini-cursos e palestras<\/strong><\/li>\n\n\n\n<li><strong>Leituras em grupo e outras a\u00e7\u00f5es formativas<\/strong><\/li>\n<\/ul>\n\n\n\n<p>Al\u00e9m disso, o Geni atua no fortalecimento de&nbsp;<strong>redes de prote\u00e7\u00e3o e preven\u00e7\u00e3o<\/strong>, promovendo encaminhamentos em casos de&nbsp;<strong>viol\u00eancia de g\u00eanero e sexualidade<\/strong>. Tamb\u00e9m dialoga com&nbsp;<strong>movimentos sociais, \u00f3rg\u00e3os p\u00fablicos e pol\u00edticas institucionais<\/strong>, buscando promover a&nbsp;<strong>equidade<\/strong>&nbsp;dentro e fora da escola.<\/p>\n\n\n\n<h2 class=\"wp-block-heading\"><strong>O Nome \u201cGeni\u201d e Seu Significado<\/strong><\/h2>\n\n\n\n<p>O nome do n\u00facleo faz refer\u00eancia \u00e0 personagem da m\u00fasica&nbsp;<strong>\u201cGeni e o Zepelin\u201d<\/strong>, de&nbsp;<strong>Chico Buarque<\/strong>, parte da trilha sonora do espet\u00e1culo&nbsp;<strong>\u00d3pera do Malandro<\/strong>. Geni \u00e9 uma figura&nbsp;<strong>h\u00edbrida, mut\u00e1vel e transgressora<\/strong>, que atravessa as fronteiras do&nbsp;<strong>masculino e feminino<\/strong>. Sua escolha reflete o compromisso do n\u00facleo em estudar e debater temas como&nbsp;<strong>g\u00eanero, sexualidade e diversidade<\/strong>.<\/p>\n\n\n\n<h2 class=\"wp-block-heading\"><strong>Miss\u00e3o e Compromisso<\/strong><\/h2>\n\n\n\n<p>Vivemos em uma sociedade&nbsp;<strong>patriarcal e heteronormativa<\/strong>, que imp\u00f5e pap\u00e9is de g\u00eanero r\u00edgidos e reproduz preconceitos contra o&nbsp;<strong>feminino<\/strong>, independentemente do corpo que ele habita. Essa vis\u00e3o bin\u00e1ria refor\u00e7a&nbsp;<strong>estere\u00f3tipos, exclus\u00f5es e viol\u00eancias<\/strong>, como a&nbsp;<strong>misoginia, o machismo e a LGBTQIA+fobia<\/strong>.<\/p>\n\n\n\n<p>O Geni tem como miss\u00e3o contribuir para a&nbsp;<strong>produ\u00e7\u00e3o e dissemina\u00e7\u00e3o do conhecimento<\/strong>, combatendo preconceitos e promovendo um ambiente educacional&nbsp;<strong>acolhedor e seguro<\/strong>.<\/p>\n\n\n\n<p>O espa\u00e7o escolar deve ser um lugar onde&nbsp;<strong>todes se sintam respeitades<\/strong>. Para dizer&nbsp;<strong>n\u00e3o \u00e0 viol\u00eancia<\/strong>, \u00e9 essencial falar abertamente sobre&nbsp;<strong>corpo, g\u00eanero e sexualidade<\/strong>&nbsp;e entender como esses temas impactam nossas vidas e rela\u00e7\u00f5es.<\/p>\n\n\n\n<p>Juntes, podemos construir uma realidade mais justa, livre de&nbsp;<strong>discrimina\u00e7\u00e3o e opress\u00e3o<\/strong>.<\/p>\n\n\n\n<p>\ud83d\udd39&nbsp;<strong>Vamos prevenir e combater qualquer tipo de viol\u00eancia baseada em g\u00eanero ou sexualidade. Todes merecem se sentir segures e respeitades!<\/strong><\/p>\n\n\n\n<p><strong>Quem pode participar?<br><\/strong>O Geni pode ser composto por servidorxs do campus, trabalhadorxs terceirizadxs, estudantes e seus familiares, estagi\u00e1rixs e representantes da comunidade externa. Preencha o&nbsp;<strong>formul\u00e1rio&nbsp;<\/strong>e fa\u00e7a parte do Geni!<\/p>\n","protected":false},"excerpt":{"rendered":"<p>O&nbsp;Geni&nbsp;\u00e9 um n\u00facleo propositivo e consultivo do Instituto Federal de Educa\u00e7\u00e3o, Ci\u00eancia e Tecnologia Baiano (IF Baiano), que estimula e promove a\u00e7\u00f5es de&nbsp;Ensino, Pesquisa e Extens\u00e3o&nbsp;voltadas \u00e0 educa\u00e7\u00e3o para a diversidade de&nbsp;g\u00eanero e sexualidade. Composi\u00e7\u00e3o e Prop\u00f3sitos O Geni \u00e9 formado por&nbsp;estudantes, servidores e membros externos, que se re\u00fanem para propor discuss\u00f5es sobre como&nbsp;g\u00eanero e [&hellip;]<\/p>\n","protected":false},"author":141,"featured_media":0,"parent":0,"menu_order":0,"comment_status":"closed","ping_status":"closed","template":"","meta":[],"_links":{"self":[{"href":"https:\/\/www.ifbaiano.edu.br\/unidades\/catu\/wp-json\/wp\/v2\/pages\/22714"}],"collection":[{"href":"https:\/\/www.ifbaiano.edu.br\/unidades\/catu\/wp-json\/wp\/v2\/pages"}],"about":[{"href":"https:\/\/www.ifbaiano.edu.br\/unidades\/catu\/wp-json\/wp\/v2\/types\/page"}],"author":[{"embeddable":true,"href":"https:\/\/www.ifbaiano.edu.br\/unidades\/catu\/wp-json\/wp\/v2\/users\/141"}],"replies":[{"embeddable":true,"href":"https:\/\/www.ifbaiano.edu.br\/unidades\/catu\/wp-json\/wp\/v2\/comments?post=22714"}],"version-history":[{"count":3,"href":"https:\/\/www.ifbaiano.edu.br\/unidades\/catu\/wp-json\/wp\/v2\/pages\/22714\/revisions"}],"predecessor-version":[{"id":26564,"href":"https:\/\/www.ifbaiano.edu.br\/unidades\/catu\/wp-json\/wp\/v2\/pages\/22714\/revisions\/26564"}],"wp:attachment":[{"href":"https:\/\/www.ifbaiano.edu.br\/unidades\/catu\/wp-json\/wp\/v2\/media?parent=22714"}],"curies":[{"name":"wp","href":"https:\/\/api.w.org\/{rel}","templated":true}]}}

Geni – Núcleo de Estudos de Gênero e Sexualidade

<p>O&nbsp;<strong>Geni</strong>&nbsp;é um núcleo propositivo e consultivo do Instituto Federal de Educação, Ciência e Tecnologia Baiano (<strong>IF Baiano</strong>), que estimula e promove ações de&nbsp;<strong>Ensino, Pesquisa e Extensão</strong>&nbsp;voltadas à educação para a diversidade de&nbsp;<strong>gênero e sexualidade</strong>.</p>



<p></p>



<h2 class="wp-block-heading"><strong>Composição e Propósitos</strong></h2>



<p>O Geni é formado por&nbsp;<strong>estudantes, servidores e membros externos</strong>, que se reúnem para propor discussões sobre como&nbsp;<strong>gênero e sexualidade</strong>&nbsp;são abordados em diferentes contextos, inclusive na educação.</p>



<p>Dentre suas atividades, o núcleo organiza e participa de:</p>



<ul>
<li><strong>Eventos, oficinas e rodas de conversa</strong></li>



<li><strong>Exibição de filmes, mini-cursos e palestras</strong></li>



<li><strong>Leituras em grupo e outras ações formativas</strong></li>
</ul>



<p>Além disso, o Geni atua no fortalecimento de&nbsp;<strong>redes de proteção e prevenção</strong>, promovendo encaminhamentos em casos de&nbsp;<strong>violência de gênero e sexualidade</strong>. Também dialoga com&nbsp;<strong>movimentos sociais, órgãos públicos e políticas institucionais</strong>, buscando promover a&nbsp;<strong>equidade</strong>&nbsp;dentro e fora da escola.</p>



<h2 class="wp-block-heading"><strong>O Nome “Geni” e Seu Significado</strong></h2>



<p>O nome do núcleo faz referência à personagem da música&nbsp;<strong>“Geni e o Zepelin”</strong>, de&nbsp;<strong>Chico Buarque</strong>, parte da trilha sonora do espetáculo&nbsp;<strong>Ópera do Malandro</strong>. Geni é uma figura&nbsp;<strong>híbrida, mutável e transgressora</strong>, que atravessa as fronteiras do&nbsp;<strong>masculino e feminino</strong>. Sua escolha reflete o compromisso do núcleo em estudar e debater temas como&nbsp;<strong>gênero, sexualidade e diversidade</strong>.</p>



<h2 class="wp-block-heading"><strong>Missão e Compromisso</strong></h2>



<p>Vivemos em uma sociedade&nbsp;<strong>patriarcal e heteronormativa</strong>, que impõe papéis de gênero rígidos e reproduz preconceitos contra o&nbsp;<strong>feminino</strong>, independentemente do corpo que ele habita. Essa visão binária reforça&nbsp;<strong>estereótipos, exclusões e violências</strong>, como a&nbsp;<strong>misoginia, o machismo e a LGBTQIA+fobia</strong>.</p>



<p>O Geni tem como missão contribuir para a&nbsp;<strong>produção e disseminação do conhecimento</strong>, combatendo preconceitos e promovendo um ambiente educacional&nbsp;<strong>acolhedor e seguro</strong>.</p>



<p>O espaço escolar deve ser um lugar onde&nbsp;<strong>todes se sintam respeitades</strong>. Para dizer&nbsp;<strong>não à violência</strong>, é essencial falar abertamente sobre&nbsp;<strong>corpo, gênero e sexualidade</strong>&nbsp;e entender como esses temas impactam nossas vidas e relações.</p>



<p>Juntes, podemos construir uma realidade mais justa, livre de&nbsp;<strong>discriminação e opressão</strong>.</p>



<p>🔹&nbsp;<strong>Vamos prevenir e combater qualquer tipo de violência baseada em gênero ou sexualidade. Todes merecem se sentir segures e respeitades!</strong></p>



<p><strong>Quem pode participar?<br></strong>O Geni pode ser composto por servidorxs do campus, trabalhadorxs terceirizadxs, estudantes e seus familiares, estagiárixs e representantes da comunidade externa. Preencha o&nbsp;<strong>formulário&nbsp;</strong>e faça parte do Geni!</p>

<p>O&nbsp;Geni&nbsp;é um núcleo propositivo e consultivo do Instituto Federal de Educação, Ciência e Tecnologia Baiano (IF Baiano), que estimula e promove ações de&nbsp;Ensino, Pesquisa e Extensão&nbsp;voltadas à educação para a diversidade de&nbsp;gênero e sexualidade. Composição e Propósitos O Geni é formado por&nbsp;estudantes, servidores e membros externos, que se reúnem para propor discussões sobre como&nbsp;gênero e [&hellip;]</p>
