{"id":23,"date":"2011-05-18T18:47:43","date_gmt":"2011-05-18T18:47:43","guid":{"rendered":"http:\/\/localhost\/unidades\/bonfim\/?page_id=23"},"modified":"2016-08-12T16:40:37","modified_gmt":"2016-08-12T16:40:37","slug":"historico","status":"publish","type":"page","link":"https:\/\/www.ifbaiano.edu.br\/unidades\/catu\/historico\/","title":{"rendered":"Hist\u00f3rico"},"content":{"rendered":"<p style=\"text-align: justify\">O <em>Campus<\/em> Catu era uma Escola Agrot\u00e9cnica Federal (EAF), criada em 1895, atrav\u00e9s da Lei 75, que originou a Fazenda Modelo de Cria\u00e7\u00e3o. Em 03 de fevereiro de 1897, Ambr\u00f3sio Baptista dos Santos vendeu a denominada Fazenda Sant\u2019Anna ao Governo da Bahia para implant\u00e1-la. Essas fazendas deveriam promover a cria\u00e7\u00e3o de gado, atrav\u00e9s do ensino de t\u00e9cnicas.<\/p>\n<p style=\"text-align: justify\">Em 1918, iniciou-se o processo de federaliza\u00e7\u00e3o da Fazenda Modelo, adotando-se uma pol\u00edtica que consistiria em fornecer t\u00e9cnicas pastoris para a comunidade agr\u00edcola local. Foram desenvolvidas atividades de cria\u00e7\u00e3o at\u00e9 o in\u00edcio de 1964. Em 05 de mar\u00e7o, atrav\u00e9s do Decreto n\u00b0 53.666, passou a chamar-se Col\u00e9gio Agr\u00edcola de Catu, tendo sido este subordinado \u00e0 Superintend\u00eancia do Ensino Agr\u00edcola e Veterin\u00e1rio do Minist\u00e9rio da Agricultura.<\/p>\n<p style=\"text-align: justify\">A designa\u00e7\u00e3o Col\u00e9gio Agr\u00edcola \u00c1lvaro Navarro Ramos foi estabelecida pelo Decreto N\u00b058.340, de 03 de maio de 1966, que tinha como finalidade ministrar o ensino de segundo grau, formando T\u00e9cnicos em Agropecu\u00e1ria, fundamentado na filosofia do Sistema Escola-Fazenda: <em>aprender a fazer e fazer para aprender. <\/em>Em 19 de maio de 1967, atrav\u00e9s do Decreto N\u00b060.731, o Col\u00e9gio foi transferido para o Minist\u00e9rio da Educa\u00e7\u00e3o e Cultura (MEC), passando a funcionar como escola em 1969.<\/p>\n<p style=\"text-align: justify\">Em 1971, formou-se a primeira turma de alunos: T\u00e9cnicos em Agropecu\u00e1ria. Em 4 de setembro de 1979, por meio do Decreto N\u00b0 83.935, passou a ser denominada Escola Agrot\u00e9cnica Federal de Catu \u2013 Bahia \u00c1lvaro Navarro Ramos. De 1981 at\u00e9 1982, a escola passou por uma interven\u00e7\u00e3o ministerial, sob o comando de Armando Rodrigues de Oliveira. Ap\u00f3s a sa\u00edda desse interventor, assume o comando o professor Jo\u00e3o Batista Alves Novaes, que dirigiu de 1982 at\u00e9 1996.<\/p>\n<p style=\"text-align: justify\">Em 17 de novembro de 1993, de acordo com a Lei n\u00b08.731, de 16\/11\/1993, a Escola Agrot\u00e9cnica Federal de Catu \u2013 Bahia passou a ser uma autarquia, passando a dispor de or\u00e7amento e quadro de pessoal pr\u00f3prio. Em meados da d\u00e9cada de noventa, o modelo de ensino busca adequar-se \u00e0s novas Diretrizes Curriculares Nacionais para a Educa\u00e7\u00e3o Profissional (Lei n\u00ba 9.394\/96, Decreto n\u00ba 2.208\/97 e Decreto 5154\/05). O projeto elaborado pela EAF-Catu apresentava a proposta de funcionamento dos Cursos T\u00e9cnicos com habilita\u00e7\u00f5es em Agricultura, Zootecnia e Agroind\u00fastria.<\/p>\n<p style=\"text-align: justify\">Em 2005, houve a implanta\u00e7\u00e3o do Curso T\u00e9cnico em Opera\u00e7\u00e3o e Produ\u00e7\u00e3o de Petr\u00f3leo, em parceria com a Petrobras, visando o atendimento da demanda da regi\u00e3o, na \u00e1rea de produ\u00e7\u00e3o petrol\u00edfera.<\/p>\n<p style=\"text-align: justify\">Em 2006, o professor Sebasti\u00e3o Edson Moura assumiu a dire\u00e7\u00e3o geral, atrav\u00e9s de elei\u00e7\u00e3o na comunidade escolar.<\/p>\n<p style=\"text-align: justify\" align=\"JUSTIFY\">Em 29 de dezembro de 2008, a Lei 11.892 instituiu os Institutos Federais de Educa\u00e7\u00e3o, Ci\u00eancia e Tecnologia, criando o IF Baiano, resultante da integra\u00e7\u00e3o das Escolas M\u00e9dias de Agropecu\u00e1ria Regionais da Ceplac (EMARC) presentes na Bahia e das antigas Escolas Agrot\u00e9cnicas Federais da Bahia, dentre estas a Escola Agrot\u00e9cnica Federal de Catu, que passou a ser o <strong>Instituto Federal de Educa\u00e7\u00e3o, Ci\u00eancia e Tecnologia Baiano &#8211;<em> Campus<\/em> Catu<\/strong>.<\/p>\n<p style=\"text-align: justify\" align=\"JUSTIFY\">A proposta do <em>Campus<\/em> Catu, assim como a de todos os outros <em>campi<\/em>, que, juntos com a sua Reitoria, constituem o IF Baiano, \u00e9 levar alternativas \u00e0s demandas da comunidade, atrav\u00e9s de ensino, pesquisa e extens\u00e3o, articulando-se com o mundo do trabalho.<\/p>\n<p style=\"text-align: justify\">Assim, egressos do Ensino Fundamental, M\u00e9dio ou Superior t\u00eam a possibilidade de estudar no Instituto, atrav\u00e9s de cursos t\u00e9cnicos \u2013 Integrados, Subsequentes (presenciais e EaD), Proeja \u2013 de gradua\u00e7\u00e3o e p\u00f3s-gradua\u00e7\u00e3o ou ainda fazer cursos de capacita\u00e7\u00e3o ofertados, atrav\u00e9s de Programas de Extens\u00e3o.<\/p>\n<p>&nbsp;<\/p>\n<p><strong>\u00a0<\/strong><\/p>\n","protected":false},"excerpt":{"rendered":"<p>O Campus Catu era uma Escola Agrot\u00e9cnica Federal (EAF), criada em 1895, atrav\u00e9s da Lei 75, que originou a Fazenda Modelo de Cria\u00e7\u00e3o. Em 03 de fevereiro de 1897, Ambr\u00f3sio Baptista dos Santos vendeu a denominada Fazenda Sant\u2019Anna ao Governo da Bahia para implant\u00e1-la. Essas fazendas deveriam promover a cria\u00e7\u00e3o de gado, atrav\u00e9s do ensino [&hellip;]<\/p>\n","protected":false},"author":1,"featured_media":0,"parent":0,"menu_order":0,"comment_status":"closed","ping_status":"closed","template":"","meta":[],"_links":{"self":[{"href":"https:\/\/www.ifbaiano.edu.br\/unidades\/catu\/wp-json\/wp\/v2\/pages\/23"}],"collection":[{"href":"https:\/\/www.ifbaiano.edu.br\/unidades\/catu\/wp-json\/wp\/v2\/pages"}],"about":[{"href":"https:\/\/www.ifbaiano.edu.br\/unidades\/catu\/wp-json\/wp\/v2\/types\/page"}],"author":[{"embeddable":true,"href":"https:\/\/www.ifbaiano.edu.br\/unidades\/catu\/wp-json\/wp\/v2\/users\/1"}],"replies":[{"embeddable":true,"href":"https:\/\/www.ifbaiano.edu.br\/unidades\/catu\/wp-json\/wp\/v2\/comments?post=23"}],"version-history":[{"count":9,"href":"https:\/\/www.ifbaiano.edu.br\/unidades\/catu\/wp-json\/wp\/v2\/pages\/23\/revisions"}],"predecessor-version":[{"id":209,"href":"https:\/\/www.ifbaiano.edu.br\/unidades\/catu\/wp-json\/wp\/v2\/pages\/23\/revisions\/209"}],"wp:attachment":[{"href":"https:\/\/www.ifbaiano.edu.br\/unidades\/catu\/wp-json\/wp\/v2\/media?parent=23"}],"curies":[{"name":"wp","href":"https:\/\/api.w.org\/{rel}","templated":true}]}}

Histórico

<p style="text-align: justify">O <em>Campus</em> Catu era uma Escola Agrotécnica Federal (EAF), criada em 1895, através da Lei 75, que originou a Fazenda Modelo de Criação. Em 03 de fevereiro de 1897, Ambrósio Baptista dos Santos vendeu a denominada Fazenda Sant’Anna ao Governo da Bahia para implantá-la. Essas fazendas deveriam promover a criação de gado, através do ensino de técnicas.</p>
<p style="text-align: justify">Em 1918, iniciou-se o processo de federalização da Fazenda Modelo, adotando-se uma política que consistiria em fornecer técnicas pastoris para a comunidade agrícola local. Foram desenvolvidas atividades de criação até o início de 1964. Em 05 de março, através do Decreto n° 53.666, passou a chamar-se Colégio Agrícola de Catu, tendo sido este subordinado à Superintendência do Ensino Agrícola e Veterinário do Ministério da Agricultura.</p>
<p style="text-align: justify">A designação Colégio Agrícola Álvaro Navarro Ramos foi estabelecida pelo Decreto N°58.340, de 03 de maio de 1966, que tinha como finalidade ministrar o ensino de segundo grau, formando Técnicos em Agropecuária, fundamentado na filosofia do Sistema Escola-Fazenda: <em>aprender a fazer e fazer para aprender. </em>Em 19 de maio de 1967, através do Decreto N°60.731, o Colégio foi transferido para o Ministério da Educação e Cultura (MEC), passando a funcionar como escola em 1969.</p>
<p style="text-align: justify">Em 1971, formou-se a primeira turma de alunos: Técnicos em Agropecuária. Em 4 de setembro de 1979, por meio do Decreto N° 83.935, passou a ser denominada Escola Agrotécnica Federal de Catu – Bahia Álvaro Navarro Ramos. De 1981 até 1982, a escola passou por uma intervenção ministerial, sob o comando de Armando Rodrigues de Oliveira. Após a saída desse interventor, assume o comando o professor João Batista Alves Novaes, que dirigiu de 1982 até 1996.</p>
<p style="text-align: justify">Em 17 de novembro de 1993, de acordo com a Lei n°8.731, de 16/11/1993, a Escola Agrotécnica Federal de Catu – Bahia passou a ser uma autarquia, passando a dispor de orçamento e quadro de pessoal próprio. Em meados da década de noventa, o modelo de ensino busca adequar-se às novas Diretrizes Curriculares Nacionais para a Educação Profissional (Lei nº 9.394/96, Decreto nº 2.208/97 e Decreto 5154/05). O projeto elaborado pela EAF-Catu apresentava a proposta de funcionamento dos Cursos Técnicos com habilitações em Agricultura, Zootecnia e Agroindústria.</p>
<p style="text-align: justify">Em 2005, houve a implantação do Curso Técnico em Operação e Produção de Petróleo, em parceria com a Petrobras, visando o atendimento da demanda da região, na área de produção petrolífera.</p>
<p style="text-align: justify">Em 2006, o professor Sebastião Edson Moura assumiu a direção geral, através de eleição na comunidade escolar.</p>
<p style="text-align: justify" align="JUSTIFY">Em 29 de dezembro de 2008, a Lei 11.892 instituiu os Institutos Federais de Educação, Ciência e Tecnologia, criando o IF Baiano, resultante da integração das Escolas Médias de Agropecuária Regionais da Ceplac (EMARC) presentes na Bahia e das antigas Escolas Agrotécnicas Federais da Bahia, dentre estas a Escola Agrotécnica Federal de Catu, que passou a ser o <strong>Instituto Federal de Educação, Ciência e Tecnologia Baiano &#8211;<em> Campus</em> Catu</strong>.</p>
<p style="text-align: justify" align="JUSTIFY">A proposta do <em>Campus</em> Catu, assim como a de todos os outros <em>campi</em>, que, juntos com a sua Reitoria, constituem o IF Baiano, é levar alternativas às demandas da comunidade, através de ensino, pesquisa e extensão, articulando-se com o mundo do trabalho.</p>
<p style="text-align: justify">Assim, egressos do Ensino Fundamental, Médio ou Superior têm a possibilidade de estudar no Instituto, através de cursos técnicos – Integrados, Subsequentes (presenciais e EaD), Proeja – de graduação e pós-graduação ou ainda fazer cursos de capacitação ofertados, através de Programas de Extensão.</p>
<p>&nbsp;</p>
<p><strong> </strong></p>

<p>O Campus Catu era uma Escola Agrotécnica Federal (EAF), criada em 1895, através da Lei 75, que originou a Fazenda Modelo de Criação. Em 03 de fevereiro de 1897, Ambrósio Baptista dos Santos vendeu a denominada Fazenda Sant’Anna ao Governo da Bahia para implantá-la. Essas fazendas deveriam promover a criação de gado, através do ensino [&hellip;]</p>
