{"id":23724,"date":"2025-01-22T10:17:42","date_gmt":"2025-01-22T13:17:42","guid":{"rendered":"https:\/\/www.ifbaiano.edu.br\/unidades\/catu\/?page_id=23724"},"modified":"2025-09-09T21:19:10","modified_gmt":"2025-09-10T00:19:10","slug":"coordenacao-do-curso-integrado-tecnico-em-agropecuaria","status":"publish","type":"page","link":"https:\/\/www.ifbaiano.edu.br\/unidades\/catu\/coordenacao-do-curso-integrado-tecnico-em-agropecuaria\/","title":{"rendered":"Coordena\u00e7\u00e3o do Curso Integrado T\u00e9cnico em Agropecu\u00e1ria"},"content":{"rendered":"<table style=\"height: 168px\" border=\"0\" width=\"837\" cellspacing=\"0\"><colgroup width=\"216\"><\/colgroup> <colgroup width=\"268\"><\/colgroup> <colgroup width=\"107\"><\/colgroup>\n<tbody>\n<tr>\n<td align=\"center\" valign=\"middle\" bgcolor=\"#EEEEEE\" height=\"59\" data-sheets-value=\"{ &quot;1&quot;: 2, &quot;2&quot;: &quot;Chefe de Setor\\u000aCoordenador\\u000aVice coordenador&quot;}\"><b><span style=\"color: #158466;font-family: Liberation Serif;font-size: medium\">Coordenador<br \/>Vice coordenador<\/span><\/b><\/td>\n<td align=\"center\" valign=\"middle\" bgcolor=\"#EEEEEE\" data-sheets-value=\"{ &quot;1&quot;: 2, &quot;2&quot;: &quot;E-mail &quot;}\"><b><span style=\"color: #158466;font-family: Liberation Serif;font-size: medium\">E-mail <\/span><\/b><\/td>\n<td align=\"center\" valign=\"middle\" bgcolor=\"#EEEEEE\" data-sheets-value=\"{ &quot;1&quot;: 2, &quot;2&quot;: &quot;Contato&quot;}\"><b><span style=\"color: #158466;font-family: Liberation Serif;font-size: medium\">Contato<\/span><\/b><\/td>\n<\/tr>\n<tr>\n<td align=\"center\" valign=\"middle\" bgcolor=\"#DDE8CB\" height=\"63\" data-sheets-value=\"{ &quot;1&quot;: 2, &quot;2&quot;: &quot;Andr\u00e9 Marc\u00edlio Carvalho de Azevedo (Coord.)\\u000aLuis Geraldo Teixeira Soria (substituto) &quot;}\"><span style=\"font-family: Liberation Serif\">Andr\u00e9 Marc\u00edlio Carvalho de Azevedo (Coord.)<br \/>Luis Geraldo Teixeira Soria (substituto) <\/span><\/td>\n<td align=\"center\" valign=\"middle\" bgcolor=\"#DDE8CB\" data-sheets-value=\"{ &quot;1&quot;: 2, &quot;2&quot;: &quot;integrado.agropecuaria@catu.ifbaiano.edu.br &quot;}\"><span style=\"font-family: Liberation Serif\">agropecuaria.integrado@catu.ifbaiano.edu.br<\/span><\/td>\n<td align=\"center\" valign=\"middle\" bgcolor=\"#DDE8CB\" data-sheets-value=\"{ &quot;1&quot;: 2, &quot;2&quot;: &quot;-&quot;}\"><span style=\"font-family: Liberation Serif\">&#8211;<\/span><\/td>\n<\/tr>\n<\/tbody>\n<\/table>\n<table style=\"height: 63px\" border=\"0\" width=\"838\" cellspacing=\"0\"><colgroup width=\"205\"><\/colgroup> <colgroup width=\"354\"><\/colgroup> <colgroup width=\"341\"><\/colgroup>\n<tbody>\n<tr>\n<td colspan=\"3\" align=\"center\" valign=\"middle\" bgcolor=\"#EEEEEE\" height=\"22\" data-sheets-value=\"{ &quot;1&quot;: 2, &quot;2&quot;: &quot;P\u00e1gina&quot;}\"><b><span style=\"color: #00a933;font-family: Liberation Serif;font-size: medium\">P\u00e1gina<\/span><\/b><\/td>\n<\/tr>\n<tr>\n<td colspan=\"3\" align=\"center\" valign=\"middle\" bgcolor=\"#DDE8CB\" height=\"17\" data-sheets-value=\"{ &quot;1&quot;: 2, &quot;2&quot;: &quot;https:\\\/\\\/www.ifbaiano.edu.br\\\/unidades\\\/catu\\\/agropecuaria-2\\\/  &quot;}\"><span style=\"font-family: Liberation Serif\"><a href=\"https:\/\/www.ifbaiano.edu.br\/unidades\/catu\/agropecuaria-2\/\" target=\"_blank\" rel=\"noopener\">https:\/\/www.ifbaiano.edu.br\/unidades\/catu\/agropecuaria-2\/<\/a> <\/span><\/td>\n<\/tr>\n<\/tbody>\n<\/table>\n\n\n<p><\/p>\n","protected":false},"excerpt":{"rendered":"<p>CoordenadorVice coordenador E-mail Contato Andr\u00e9 Marc\u00edlio Carvalho de Azevedo (Coord.)Luis Geraldo Teixeira Soria (substituto) agropecuaria.integrado@catu.ifbaiano.edu.br &#8211; P\u00e1gina https:\/\/www.ifbaiano.edu.br\/unidades\/catu\/agropecuaria-2\/<\/p>\n","protected":false},"author":141,"featured_media":0,"parent":0,"menu_order":0,"comment_status":"closed","ping_status":"closed","template":"","meta":[],"_links":{"self":[{"href":"https:\/\/www.ifbaiano.edu.br\/unidades\/catu\/wp-json\/wp\/v2\/pages\/23724"}],"collection":[{"href":"https:\/\/www.ifbaiano.edu.br\/unidades\/catu\/wp-json\/wp\/v2\/pages"}],"about":[{"href":"https:\/\/www.ifbaiano.edu.br\/unidades\/catu\/wp-json\/wp\/v2\/types\/page"}],"author":[{"embeddable":true,"href":"https:\/\/www.ifbaiano.edu.br\/unidades\/catu\/wp-json\/wp\/v2\/users\/141"}],"replies":[{"embeddable":true,"href":"https:\/\/www.ifbaiano.edu.br\/unidades\/catu\/wp-json\/wp\/v2\/comments?post=23724"}],"version-history":[{"count":17,"href":"https:\/\/www.ifbaiano.edu.br\/unidades\/catu\/wp-json\/wp\/v2\/pages\/23724\/revisions"}],"predecessor-version":[{"id":26411,"href":"https:\/\/www.ifbaiano.edu.br\/unidades\/catu\/wp-json\/wp\/v2\/pages\/23724\/revisions\/26411"}],"wp:attachment":[{"href":"https:\/\/www.ifbaiano.edu.br\/unidades\/catu\/wp-json\/wp\/v2\/media?parent=23724"}],"curies":[{"name":"wp","href":"https:\/\/api.w.org\/{rel}","templated":true}]}}

Coordenação do Curso Integrado Técnico em Agropecuária

<table style="height: 168px" border="0" width="837" cellspacing="0"><colgroup width="216"></colgroup> <colgroup width="268"></colgroup> <colgroup width="107"></colgroup>
<tbody>
<tr>
<td align="center" valign="middle" bgcolor="#EEEEEE" height="59" data-sheets-value="{ &quot;1&quot;: 2, &quot;2&quot;: &quot;Chefe de Setor\u000aCoordenador\u000aVice coordenador&quot;}"><b><span style="color: #158466;font-family: Liberation Serif;font-size: medium">Coordenador<br />Vice coordenador</span></b></td>
<td align="center" valign="middle" bgcolor="#EEEEEE" data-sheets-value="{ &quot;1&quot;: 2, &quot;2&quot;: &quot;E-mail &quot;}"><b><span style="color: #158466;font-family: Liberation Serif;font-size: medium">E-mail </span></b></td>
<td align="center" valign="middle" bgcolor="#EEEEEE" data-sheets-value="{ &quot;1&quot;: 2, &quot;2&quot;: &quot;Contato&quot;}"><b><span style="color: #158466;font-family: Liberation Serif;font-size: medium">Contato</span></b></td>
</tr>
<tr>
<td align="center" valign="middle" bgcolor="#DDE8CB" height="63" data-sheets-value="{ &quot;1&quot;: 2, &quot;2&quot;: &quot;André Marcílio Carvalho de Azevedo (Coord.)\u000aLuis Geraldo Teixeira Soria (substituto) &quot;}"><span style="font-family: Liberation Serif">André Marcílio Carvalho de Azevedo (Coord.)<br />Luis Geraldo Teixeira Soria (substituto) </span></td>
<td align="center" valign="middle" bgcolor="#DDE8CB" data-sheets-value="{ &quot;1&quot;: 2, &quot;2&quot;: &quot;integrado.agropecuaria@catu.ifbaiano.edu.br &quot;}"><span style="font-family: Liberation Serif">agropecuaria.integrado@catu.ifbaiano.edu.br</span></td>
<td align="center" valign="middle" bgcolor="#DDE8CB" data-sheets-value="{ &quot;1&quot;: 2, &quot;2&quot;: &quot;-&quot;}"><span style="font-family: Liberation Serif">&#8211;</span></td>
</tr>
</tbody>
</table>
<table style="height: 63px" border="0" width="838" cellspacing="0"><colgroup width="205"></colgroup> <colgroup width="354"></colgroup> <colgroup width="341"></colgroup>
<tbody>
<tr>
<td colspan="3" align="center" valign="middle" bgcolor="#EEEEEE" height="22" data-sheets-value="{ &quot;1&quot;: 2, &quot;2&quot;: &quot;Página&quot;}"><b><span style="color: #00a933;font-family: Liberation Serif;font-size: medium">Página</span></b></td>
</tr>
<tr>
<td colspan="3" align="center" valign="middle" bgcolor="#DDE8CB" height="17" data-sheets-value="{ &quot;1&quot;: 2, &quot;2&quot;: &quot;https:\/\/www.ifbaiano.edu.br\/unidades\/catu\/agropecuaria-2\/  &quot;}"><span style="font-family: Liberation Serif"><a href="https://www.ifbaiano.edu.br/unidades/catu/agropecuaria-2/" target="_blank" rel="noopener">https://www.ifbaiano.edu.br/unidades/catu/agropecuaria-2/</a> </span></td>
</tr>
</tbody>
</table>


<p></p>

<p>CoordenadorVice coordenador E-mail Contato André Marcílio Carvalho de Azevedo (Coord.)Luis Geraldo Teixeira Soria (substituto) agropecuaria.integrado@catu.ifbaiano.edu.br &#8211; Página https://www.ifbaiano.edu.br/unidades/catu/agropecuaria-2/</p>
