{"id":23736,"date":"2025-01-22T15:41:46","date_gmt":"2025-01-22T18:41:46","guid":{"rendered":"https:\/\/www.ifbaiano.edu.br\/unidades\/catu\/?page_id=23736"},"modified":"2025-01-22T15:42:27","modified_gmt":"2025-01-22T18:42:27","slug":"coordenacao-do-curso-subsequente-tecnico-em-redes-de-computadores-ead","status":"publish","type":"page","link":"https:\/\/www.ifbaiano.edu.br\/unidades\/catu\/coordenacao-do-curso-subsequente-tecnico-em-redes-de-computadores-ead\/","title":{"rendered":"Coordena\u00e7\u00e3o do Curso Subsequente T\u00e9cnico em Redes de Computadores EaD"},"content":{"rendered":"<table style=\"height: 106px\" border=\"0\" width=\"838\" cellspacing=\"0\"><colgroup width=\"216\"><\/colgroup> <colgroup width=\"268\"><\/colgroup> <colgroup width=\"107\"><\/colgroup>\n<tbody>\n<tr>\n<td align=\"center\" valign=\"middle\" bgcolor=\"#EEEEEE\" height=\"40\" data-sheets-value=\"{ &quot;1&quot;: 2, &quot;2&quot;: &quot;Coordenador\\u000aVice coordenador&quot;}\"><b><span style=\"color: #158466;font-family: Liberation Serif;font-size: medium\">Coordenador<br \/>Vice coordenador<\/span><\/b><\/td>\n<td align=\"center\" valign=\"middle\" bgcolor=\"#EEEEEE\" data-sheets-value=\"{ &quot;1&quot;: 2, &quot;2&quot;: &quot;E-mail &quot;}\"><b><span style=\"color: #158466;font-family: Liberation Serif;font-size: medium\">E-mail <\/span><\/b><\/td>\n<td align=\"center\" valign=\"middle\" bgcolor=\"#EEEEEE\" data-sheets-value=\"{ &quot;1&quot;: 2, &quot;2&quot;: &quot;Contato&quot;}\"><b><span style=\"color: #158466;font-family: Liberation Serif;font-size: medium\">Contato<\/span><\/b><\/td>\n<\/tr>\n<tr>\n<td align=\"center\" valign=\"middle\" bgcolor=\"#DDE8CB\" height=\"63\" data-sheets-value=\"{ &quot;1&quot;: 2, &quot;2&quot;: &quot;Tarsio Ribeiro Cavalcante (coord.) &quot;}\"><span style=\"font-family: Liberation Serif\">Tarsio Ribeiro Cavalcante (coord.) <\/span><\/td>\n<td align=\"center\" valign=\"middle\" bgcolor=\"#DDE8CB\" data-sheets-value=\"{ &quot;1&quot;: 2, &quot;2&quot;: &quot;curso.redes.catu@ead.ifbaiano.edu.br &quot;}\"><span style=\"font-family: Liberation Serif\">curso.redes.catu@ead.ifbaiano.edu.br <\/span><\/td>\n<td align=\"center\" valign=\"middle\" bgcolor=\"#DDE8CB\" data-sheets-value=\"{ &quot;1&quot;: 2, &quot;2&quot;: &quot;-&quot;}\"><span style=\"font-family: Liberation Serif\">&#8211;<\/span><\/td>\n<\/tr>\n<\/tbody>\n<\/table>\n<table style=\"height: 58px\" border=\"0\" width=\"838\" cellspacing=\"0\"><colgroup width=\"205\"><\/colgroup> <colgroup width=\"354\"><\/colgroup> <colgroup width=\"341\"><\/colgroup>\n<tbody>\n<tr>\n<td colspan=\"3\" align=\"center\" valign=\"middle\" bgcolor=\"#EEEEEE\" height=\"22\" data-sheets-value=\"{ &quot;1&quot;: 2, &quot;2&quot;: &quot;P\u00e1gina&quot;}\"><b><span style=\"color: #00a933;font-family: Liberation Serif;font-size: medium\">P\u00e1gina<\/span><\/b><\/td>\n<\/tr>\n<tr>\n<td colspan=\"3\" align=\"center\" valign=\"middle\" bgcolor=\"#DDE8CB\" height=\"17\" data-sheets-value=\"{ &quot;1&quot;: 2, &quot;2&quot;: &quot;ttps:\\\/\\\/www.ifbaiano.edu.br\\\/unidades\\\/catu\\\/redes-de-computadores\\\/ &quot;}\"><span style=\"font-family: Liberation Serif\"><a href=\"https:\/\/www.ifbaiano.edu.br\/unidades\/catu\/redes-de-computadores\/\" target=\"_blank\" rel=\"noopener\">ttps:\/\/www.ifbaiano.edu.br\/unidades\/catu\/redes-de-computadores\/<\/a> <\/span><\/td>\n<\/tr>\n<\/tbody>\n<\/table>\n\n\n<p><\/p>\n","protected":false},"excerpt":{"rendered":"<p>CoordenadorVice coordenador E-mail Contato Tarsio Ribeiro Cavalcante (coord.) curso.redes.catu@ead.ifbaiano.edu.br &#8211; P\u00e1gina ttps:\/\/www.ifbaiano.edu.br\/unidades\/catu\/redes-de-computadores\/<\/p>\n","protected":false},"author":141,"featured_media":0,"parent":0,"menu_order":0,"comment_status":"closed","ping_status":"closed","template":"","meta":[],"_links":{"self":[{"href":"https:\/\/www.ifbaiano.edu.br\/unidades\/catu\/wp-json\/wp\/v2\/pages\/23736"}],"collection":[{"href":"https:\/\/www.ifbaiano.edu.br\/unidades\/catu\/wp-json\/wp\/v2\/pages"}],"about":[{"href":"https:\/\/www.ifbaiano.edu.br\/unidades\/catu\/wp-json\/wp\/v2\/types\/page"}],"author":[{"embeddable":true,"href":"https:\/\/www.ifbaiano.edu.br\/unidades\/catu\/wp-json\/wp\/v2\/users\/141"}],"replies":[{"embeddable":true,"href":"https:\/\/www.ifbaiano.edu.br\/unidades\/catu\/wp-json\/wp\/v2\/comments?post=23736"}],"version-history":[{"count":5,"href":"https:\/\/www.ifbaiano.edu.br\/unidades\/catu\/wp-json\/wp\/v2\/pages\/23736\/revisions"}],"predecessor-version":[{"id":25363,"href":"https:\/\/www.ifbaiano.edu.br\/unidades\/catu\/wp-json\/wp\/v2\/pages\/23736\/revisions\/25363"}],"wp:attachment":[{"href":"https:\/\/www.ifbaiano.edu.br\/unidades\/catu\/wp-json\/wp\/v2\/media?parent=23736"}],"curies":[{"name":"wp","href":"https:\/\/api.w.org\/{rel}","templated":true}]}}

Coordenação do Curso Subsequente Técnico em Redes de Computadores EaD

<table style="height: 106px" border="0" width="838" cellspacing="0"><colgroup width="216"></colgroup> <colgroup width="268"></colgroup> <colgroup width="107"></colgroup>
<tbody>
<tr>
<td align="center" valign="middle" bgcolor="#EEEEEE" height="40" data-sheets-value="{ &quot;1&quot;: 2, &quot;2&quot;: &quot;Coordenador\u000aVice coordenador&quot;}"><b><span style="color: #158466;font-family: Liberation Serif;font-size: medium">Coordenador<br />Vice coordenador</span></b></td>
<td align="center" valign="middle" bgcolor="#EEEEEE" data-sheets-value="{ &quot;1&quot;: 2, &quot;2&quot;: &quot;E-mail &quot;}"><b><span style="color: #158466;font-family: Liberation Serif;font-size: medium">E-mail </span></b></td>
<td align="center" valign="middle" bgcolor="#EEEEEE" data-sheets-value="{ &quot;1&quot;: 2, &quot;2&quot;: &quot;Contato&quot;}"><b><span style="color: #158466;font-family: Liberation Serif;font-size: medium">Contato</span></b></td>
</tr>
<tr>
<td align="center" valign="middle" bgcolor="#DDE8CB" height="63" data-sheets-value="{ &quot;1&quot;: 2, &quot;2&quot;: &quot;Tarsio Ribeiro Cavalcante (coord.) &quot;}"><span style="font-family: Liberation Serif">Tarsio Ribeiro Cavalcante (coord.) </span></td>
<td align="center" valign="middle" bgcolor="#DDE8CB" data-sheets-value="{ &quot;1&quot;: 2, &quot;2&quot;: &quot;curso.redes.catu@ead.ifbaiano.edu.br &quot;}"><span style="font-family: Liberation Serif">curso.redes.catu@ead.ifbaiano.edu.br </span></td>
<td align="center" valign="middle" bgcolor="#DDE8CB" data-sheets-value="{ &quot;1&quot;: 2, &quot;2&quot;: &quot;-&quot;}"><span style="font-family: Liberation Serif">&#8211;</span></td>
</tr>
</tbody>
</table>
<table style="height: 58px" border="0" width="838" cellspacing="0"><colgroup width="205"></colgroup> <colgroup width="354"></colgroup> <colgroup width="341"></colgroup>
<tbody>
<tr>
<td colspan="3" align="center" valign="middle" bgcolor="#EEEEEE" height="22" data-sheets-value="{ &quot;1&quot;: 2, &quot;2&quot;: &quot;Página&quot;}"><b><span style="color: #00a933;font-family: Liberation Serif;font-size: medium">Página</span></b></td>
</tr>
<tr>
<td colspan="3" align="center" valign="middle" bgcolor="#DDE8CB" height="17" data-sheets-value="{ &quot;1&quot;: 2, &quot;2&quot;: &quot;ttps:\/\/www.ifbaiano.edu.br\/unidades\/catu\/redes-de-computadores\/ &quot;}"><span style="font-family: Liberation Serif"><a href="https://www.ifbaiano.edu.br/unidades/catu/redes-de-computadores/" target="_blank" rel="noopener">ttps://www.ifbaiano.edu.br/unidades/catu/redes-de-computadores/</a> </span></td>
</tr>
</tbody>
</table>


<p></p>

<p>CoordenadorVice coordenador E-mail Contato Tarsio Ribeiro Cavalcante (coord.) curso.redes.catu@ead.ifbaiano.edu.br &#8211; Página ttps://www.ifbaiano.edu.br/unidades/catu/redes-de-computadores/</p>
