{"id":23988,"date":"2025-05-12T11:20:25","date_gmt":"2025-05-12T14:20:25","guid":{"rendered":"https:\/\/www.ifbaiano.edu.br\/unidades\/catu\/?page_id=23988"},"modified":"2025-05-12T11:22:05","modified_gmt":"2025-05-12T14:22:05","slug":"cursos-tecnicos-subsequentes","status":"publish","type":"page","link":"https:\/\/www.ifbaiano.edu.br\/unidades\/catu\/cursos-tecnicos-subsequentes\/","title":{"rendered":"CURSOS T\u00c9CNICOS SUBSEQUENTES"},"content":{"rendered":"\n<p class=\"has-small-font-size\">\ud83d\udcdd <a rel=\"noreferrer noopener\" href=\"https:\/\/www.ifbaiano.edu.br\/unidades\/catu\/agrimensura\/\" target=\"_blank\">Curso T\u00e9cnico em Agrimensura (presencial)<\/a><br><br>\ud83d\udcdd <a rel=\"noreferrer noopener\" href=\"https:\/\/www.ifbaiano.edu.br\/unidades\/catu\/agropecuaria-3\/\" target=\"_blank\">Curso T\u00e9cnico em Agropecu\u00e1ria (presencial)<\/a><br><br>\ud83d\udcdd <a rel=\"noreferrer noopener\" href=\"https:\/\/www.ifbaiano.edu.br\/unidades\/catu\/petroleo-e-gas-2\/\" target=\"_blank\">Curso T\u00e9cnico em Petr\u00f3leo e G\u00e1s (presencial)<\/a><br><br>\ud83d\udcdd <a rel=\"noreferrer noopener\" href=\"https:\/\/www.ifbaiano.edu.br\/unidades\/catu\/secretaria-escolar\/\" target=\"_blank\">Curso T\u00e9cnico em Secret\u00e1ria Escolar (EAD)<\/a><br><br>\ud83d\udcdd <a rel=\"noreferrer noopener\" href=\"https:\/\/www.ifbaiano.edu.br\/unidades\/catu\/multimeios-didaticos\/\" target=\"_blank\">Curso T\u00e9cnico em Multimeios Did\u00e1ticos (EAD)<\/a><br><br>\ud83d\udcdd <a rel=\"noreferrer noopener\" href=\"https:\/\/www.ifbaiano.edu.br\/unidades\/catu\/informatica\/\" target=\"_blank\">Curso T\u00e9cnico em Inform\u00e1tica (EAD)<\/a><br><br>\ud83d\udcdd <a rel=\"noreferrer noopener\" href=\"https:\/\/www.ifbaiano.edu.br\/unidades\/catu\/redes-de-computadores\/\" target=\"_blank\">Curso T\u00e9cnico em Redes de Computadores (EAD)<\/a><br><br>\ud83d\udcdd <a rel=\"noreferrer noopener\" href=\"https:\/\/www.ifbaiano.edu.br\/unidades\/catu\/vendas\/\" target=\"_blank\">Curso T\u00e9cnico em Vendas (EAD)<\/a><br><\/p>\n","protected":false},"excerpt":{"rendered":"<p>\ud83d\udcdd Curso T\u00e9cnico em Agrimensura (presencial) \ud83d\udcdd Curso T\u00e9cnico em Agropecu\u00e1ria (presencial) \ud83d\udcdd Curso T\u00e9cnico em Petr\u00f3leo e G\u00e1s (presencial) \ud83d\udcdd Curso T\u00e9cnico em Secret\u00e1ria Escolar (EAD) \ud83d\udcdd Curso T\u00e9cnico em Multimeios Did\u00e1ticos (EAD) \ud83d\udcdd Curso T\u00e9cnico em Inform\u00e1tica (EAD) \ud83d\udcdd Curso T\u00e9cnico em Redes de Computadores (EAD) \ud83d\udcdd Curso T\u00e9cnico em Vendas (EAD)<\/p>\n","protected":false},"author":141,"featured_media":0,"parent":0,"menu_order":0,"comment_status":"closed","ping_status":"closed","template":"","meta":[],"_links":{"self":[{"href":"https:\/\/www.ifbaiano.edu.br\/unidades\/catu\/wp-json\/wp\/v2\/pages\/23988"}],"collection":[{"href":"https:\/\/www.ifbaiano.edu.br\/unidades\/catu\/wp-json\/wp\/v2\/pages"}],"about":[{"href":"https:\/\/www.ifbaiano.edu.br\/unidades\/catu\/wp-json\/wp\/v2\/types\/page"}],"author":[{"embeddable":true,"href":"https:\/\/www.ifbaiano.edu.br\/unidades\/catu\/wp-json\/wp\/v2\/users\/141"}],"replies":[{"embeddable":true,"href":"https:\/\/www.ifbaiano.edu.br\/unidades\/catu\/wp-json\/wp\/v2\/comments?post=23988"}],"version-history":[{"count":5,"href":"https:\/\/www.ifbaiano.edu.br\/unidades\/catu\/wp-json\/wp\/v2\/pages\/23988\/revisions"}],"predecessor-version":[{"id":25945,"href":"https:\/\/www.ifbaiano.edu.br\/unidades\/catu\/wp-json\/wp\/v2\/pages\/23988\/revisions\/25945"}],"wp:attachment":[{"href":"https:\/\/www.ifbaiano.edu.br\/unidades\/catu\/wp-json\/wp\/v2\/media?parent=23988"}],"curies":[{"name":"wp","href":"https:\/\/api.w.org\/{rel}","templated":true}]}}