{"id":23990,"date":"2024-12-17T13:28:08","date_gmt":"2024-12-17T16:28:08","guid":{"rendered":"https:\/\/www.ifbaiano.edu.br\/unidades\/catu\/?page_id=23990"},"modified":"2024-12-17T13:28:53","modified_gmt":"2024-12-17T16:28:53","slug":"agropecuaria-3","status":"publish","type":"page","link":"https:\/\/www.ifbaiano.edu.br\/unidades\/catu\/agropecuaria-3\/","title":{"rendered":"Agropecu\u00e1ria"},"content":{"rendered":"\n<p><strong>Informa\u00e7\u00e3o do curso<\/strong><\/p>\n\n\n\n<hr class=\"wp-block-separator has-alpha-channel-opacity\" \/>\n\n\n\n<p><strong>Objetivo<\/strong>:<\/p>\n\n\n\n<p>Perfil de Egresso(a)<\/p>\n\n\n\n<p><a href=\"https:\/\/www.ifbaiano.edu.br\/unidades\/catu\/files\/2024\/12\/REFORMULACAO-PPC-AGOPECUARIA-INTEGRADO.pdf\" target=\"_blank\" rel=\"noreferrer noopener\">PPC \u2013 Curso T\u00e9cnico em Agropecu\u00e1ria<\/a> (link)<\/p>\n\n\n\n<p>Coordena\u00e7\u00e3o de Curso<\/p>\n\n\n\n<p>Conselho de Curso<\/p>\n\n\n\n<p>N\u00facleo de Assessoramento Pedag\u00f3gico (NAP)<\/p>\n\n\n\n<p>Corpo Docentes<\/p>\n\n\n\n<p>Componentes Curriculares<\/p>\n","protected":false},"excerpt":{"rendered":"<p>Informa\u00e7\u00e3o do curso Objetivo: Perfil de Egresso(a) PPC \u2013 Curso T\u00e9cnico em Agropecu\u00e1ria (link) Coordena\u00e7\u00e3o de Curso Conselho de Curso N\u00facleo de Assessoramento Pedag\u00f3gico (NAP) Corpo Docentes Componentes Curriculares<\/p>\n","protected":false},"author":141,"featured_media":0,"parent":0,"menu_order":0,"comment_status":"closed","ping_status":"closed","template":"","meta":[],"_links":{"self":[{"href":"https:\/\/www.ifbaiano.edu.br\/unidades\/catu\/wp-json\/wp\/v2\/pages\/23990"}],"collection":[{"href":"https:\/\/www.ifbaiano.edu.br\/unidades\/catu\/wp-json\/wp\/v2\/pages"}],"about":[{"href":"https:\/\/www.ifbaiano.edu.br\/unidades\/catu\/wp-json\/wp\/v2\/types\/page"}],"author":[{"embeddable":true,"href":"https:\/\/www.ifbaiano.edu.br\/unidades\/catu\/wp-json\/wp\/v2\/users\/141"}],"replies":[{"embeddable":true,"href":"https:\/\/www.ifbaiano.edu.br\/unidades\/catu\/wp-json\/wp\/v2\/comments?post=23990"}],"version-history":[{"count":2,"href":"https:\/\/www.ifbaiano.edu.br\/unidades\/catu\/wp-json\/wp\/v2\/pages\/23990\/revisions"}],"predecessor-version":[{"id":25083,"href":"https:\/\/www.ifbaiano.edu.br\/unidades\/catu\/wp-json\/wp\/v2\/pages\/23990\/revisions\/25083"}],"wp:attachment":[{"href":"https:\/\/www.ifbaiano.edu.br\/unidades\/catu\/wp-json\/wp\/v2\/media?parent=23990"}],"curies":[{"name":"wp","href":"https:\/\/api.w.org\/{rel}","templated":true}]}}