{"id":23991,"date":"2024-05-08T16:35:03","date_gmt":"2024-05-08T19:35:03","guid":{"rendered":"https:\/\/www.ifbaiano.edu.br\/unidades\/catu\/?page_id=23991"},"modified":"2025-05-12T11:06:21","modified_gmt":"2025-05-12T14:06:21","slug":"petroleo-e-gas-2","status":"publish","type":"page","link":"https:\/\/www.ifbaiano.edu.br\/unidades\/catu\/petroleo-e-gas-2\/","title":{"rendered":"Petr\u00f3leo e G\u00e1s"},"content":{"rendered":"\n<p>O Curso <strong>T<\/strong><strong>\u00e9cnico em Petr\u00f3leo e G\u00e1s<\/strong> foi implantado em 2005, com integraliza\u00e7\u00e3o m\u00ednima de 18 meses e m\u00e1ximo de 36 meses, com oferta de 35 vagas por semestre, no formato de desenvolvimento subsequente com carga hor\u00e1ria de 1.233,3 horas, sendo 240 horas de est\u00e1gio. Este curso atualmente \u00e9 ofertado no Instituto Federal de Educa\u00e7\u00e3o, Ci\u00eancia e Tecnologia Baiano &#8211; IF Baiano, Campus Catu.<\/p>\n\n\n\n<p><strong>Objetivo<\/strong>:<\/p>\n\n\n\n<p>Formar profissionais t\u00e9cnicos de n\u00edvel m\u00e9dio em Petr\u00f3leo e G\u00e1s, na modalidade subsequente, propiciando a constru\u00e7\u00e3o de conhecimentos que os habilitem a desenvolver atividades na ind\u00fastria petrol\u00edfera, buscando solu\u00e7\u00f5es t\u00e9cnicas, econ\u00f4micas, sociais e ambientais para o setor de opera\u00e7\u00e3o e produ\u00e7\u00e3o de Petr\u00f3leo e G\u00e1s Natural.<\/p>\n\n\n\n<p><strong>Perfil de Egresso(a)<\/strong><\/p>\n\n\n\n<p>O T\u00e9cnico em Petr\u00f3leo e G\u00e1s formado pelo IF Baiano \u2013 Campus Catu, na modalidade presencial, estar\u00e1 apto a atuar nas \u00e1reas de explora\u00e7\u00e3o, perfura\u00e7\u00e3o e produ\u00e7\u00e3o de petr\u00f3leo e g\u00e1s. Esse profissional ser\u00e1 capaz de coordenar equipes, aplicar normas de seguran\u00e7a, qualidade e gest\u00e3o, elaborar projetos e planilhas de custos, al\u00e9m de propor melhorias nos processos industriais. Tamb\u00e9m ter\u00e1 dom\u00ednio sobre t\u00e9cnicas de medi\u00e7\u00e3o, controle de qualidade, manuten\u00e7\u00e3o, log\u00edstica e uso eficiente da energia.<\/p>\n\n\n\n<p><strong>Coordena\u00e7\u00e3o de Curso<\/strong><\/p>\n\n\n\n<p>Prof. Pedro Menezes Franca (Coordenador)<br>Prof\u00aa. Camila Pontes Pena (Vice-Coordenadora)<br>E-mail: petroleo.subsequente@ifbaiano.edu.br<\/p>\n\n\n\n<hr class=\"wp-block-separator has-text-color has-vivid-green-cyan-color has-alpha-channel-opacity has-vivid-green-cyan-background-color has-background\" \/>\n\n\n\n<p><strong>Corpo Docente<\/strong><\/p>\n\n\n\n<figure class=\"wp-block-table\"><table><tbody><tr><td>NOME<\/td><td class=\"has-text-align-center\" data-align=\"center\">FORMA\u00c7\u00c3O<\/td><td class=\"has-text-align-center\" data-align=\"center\">TITULA\u00c7\u00c3O<\/td><td class=\"has-text-align-center\" data-align=\"center\">\u00c1REA DE ATUA\u00c7\u00c3O NO CURSO<\/td><td class=\"has-text-align-center\" data-align=\"center\">REGIME DE TRABALHO<\/td><\/tr><tr><td>Andre Marcilio Carvalho de Azevedo<\/td><td class=\"has-text-align-center\" data-align=\"center\">Licenciatura em L\u00edngua Portuguesa<\/td><td class=\"has-text-align-center\" data-align=\"center\">Mestre<\/td><td class=\"has-text-align-center\" data-align=\"center\">Comunica\u00e7\u00e3o Escrita e Oral<\/td><td class=\"has-text-align-center\" data-align=\"center\">Dedica\u00e7\u00e3o Exclusiva<\/td><\/tr><tr><td>Andr\u00e9 Marcilio Carvalho de Azevedo<\/td><td class=\"has-text-align-center\" data-align=\"center\">Letras<\/td><td class=\"has-text-align-center\" data-align=\"center\">Mestre<\/td><td class=\"has-text-align-center\" data-align=\"center\">Ingl\u00eas Instrumental<\/td><td class=\"has-text-align-center\" data-align=\"center\">Dedica\u00e7\u00e3o Exclusiva<\/td><\/tr><tr><td>Camila Pontes Pena<\/td><td class=\"has-text-align-center\" data-align=\"center\">Bacharelado em Engenharia Qu\u00edmica<\/td><td class=\"has-text-align-center\" data-align=\"center\">Mestre<\/td><td class=\"has-text-align-center\" data-align=\"center\">Engenharia<\/td><td class=\"has-text-align-center\" data-align=\"center\">Dedica\u00e7\u00e3o Exclusiva<\/td><\/tr><tr><td>Denilson Santana Sodr\u00e9 dos Santos<\/td><td class=\"has-text-align-center\" data-align=\"center\">Licenciado em Qu\u00edmica<\/td><td class=\"has-text-align-center\" data-align=\"center\">Doutor<\/td><td class=\"has-text-align-center\" data-align=\"center\">Qu\u00edmica Aplicada<\/td><td class=\"has-text-align-center\" data-align=\"center\">Dedica\u00e7\u00e3o Exclusiva<\/td><\/tr><tr><td>Eneida Rios Alves<\/td><td class=\"has-text-align-center\" data-align=\"center\">Bacharel em An\u00e1lise de Sistemas<\/td><td class=\"has-text-align-center\" data-align=\"center\">Mestre<\/td><td class=\"has-text-align-center\" data-align=\"center\">Inform\u00e1tica Aplicada<\/td><td class=\"has-text-align-center\" data-align=\"center\">Dedica\u00e7\u00e3o Exclusiva<\/td><\/tr><tr><td>Janio Paim de Jesus<\/td><td class=\"has-text-align-center\" data-align=\"center\">Licenciado em Matem\u00e1tica<\/td><td class=\"has-text-align-center\" data-align=\"center\">Mestre<\/td><td class=\"has-text-align-center\" data-align=\"center\">Matem\u00e1tica Aplicada<\/td><td class=\"has-text-align-center\" data-align=\"center\">Dedica\u00e7\u00e3o Exclusiva<\/td><\/tr><tr><td>Lilian do Socorro Ferreira Feio<\/td><td class=\"has-text-align-center\" data-align=\"center\">Bacharelado em Engenharia Qu\u00edmica<\/td><td class=\"has-text-align-center\" data-align=\"center\">Doutora<\/td><td class=\"has-text-align-center\" data-align=\"center\">Engenharia<\/td><td class=\"has-text-align-center\" data-align=\"center\">Dedica\u00e7\u00e3o Exclusiva<\/td><\/tr><tr><td>Maria Matilde Nascimento de Almeida<\/td><td class=\"has-text-align-center\" data-align=\"center\">Bacharelado em Geologia<\/td><td class=\"has-text-align-center\" data-align=\"center\">Mestre<\/td><td class=\"has-text-align-center\" data-align=\"center\">Geologia \/ Metodologia Cient\u00edfica<\/td><td class=\"has-text-align-center\" data-align=\"center\">Dedica\u00e7\u00e3o Exclusiva<\/td><\/tr><tr><td>Moises da Cruz Silva<\/td><td class=\"has-text-align-center\" data-align=\"center\">Licenciado em F\u00edsica<\/td><td class=\"has-text-align-center\" data-align=\"center\">Mestre<\/td><td class=\"has-text-align-center\" data-align=\"center\">F\u00edsica Aplicada<\/td><td class=\"has-text-align-center\" data-align=\"center\">Dedica\u00e7\u00e3o Exclusiva<\/td><\/tr><tr><td>Pedro Menezes Franca<\/td><td class=\"has-text-align-center\" data-align=\"center\">Bacharelado em Engenharia de Minas -Habilita\u00e7\u00e3o em Petr\u00f3leo<\/td><td class=\"has-text-align-center\" data-align=\"center\">Mestre<\/td><td class=\"has-text-align-center\" data-align=\"center\">Engenharia de Petr\u00f3leo<\/td><td class=\"has-text-align-center\" data-align=\"center\">Dedica\u00e7\u00e3o Exclusiva<\/td><\/tr><tr><td>Ubiraneila Capinan Barbosa<\/td><td class=\"has-text-align-center\" data-align=\"center\">Licenciada em Sociologia<\/td><td class=\"has-text-align-center\" data-align=\"center\">Mestre<\/td><td class=\"has-text-align-center\" data-align=\"center\">Sociologia<\/td><td class=\"has-text-align-center\" data-align=\"center\">Dedica\u00e7\u00e3o Exclusiva<\/td><\/tr><\/tbody><\/table><\/figure>\n\n\n\n<p><\/p>\n\n\n\n<div class=\"wp-block-pb-accordion-item c-accordion__item js-accordion-item no-js\" data-initially-open=\"false\" data-click-to-close=\"true\" data-auto-close=\"true\" data-scroll=\"false\" data-scroll-offset=\"0\"><h2 id=\"at-239910\" class=\"c-accordion__title js-accordion-controller\" role=\"button\"><br><strong>Componentes Curriculares<\/strong><\/h2><div id=\"ac-239910\" class=\"c-accordion__content\">\n<figure class=\"wp-block-table\"><table><tbody><tr><td><strong>M\u00d3DULO I<\/strong><\/td><td><strong>M\u00d3DULO II<\/strong><\/td><td><strong>M\u00d3DULO III<\/strong><\/td><\/tr><tr><td>Metrologia<\/td><td>Geologia e Reservat\u00f3rios<\/td><td>Avalia\u00e7\u00e3o de Forma\u00e7\u00f5es<\/td><\/tr><tr><td>Inform\u00e1tica Aplicada<\/td><td>Introdu\u00e7\u00e3o aos Materiais<\/td><td>Completa\u00e7\u00e3o, Estimula\u00e7\u00e3o, Restaura\u00e7\u00e3o e Limpeza de Po\u00e7os<\/td><\/tr><tr><td>Comunica\u00e7\u00e3o Escrita e Oral<\/td><td>Automa\u00e7\u00e3o e Controle de Processos<\/td><td>M\u00e9todos de Eleva\u00e7\u00e3o<\/td><\/tr><tr><td>Qu\u00edmica Aplicada<\/td><td>Meio Ambiente e Desenvolvimento Sustent\u00e1vel<\/td><td>Sistema de Transfer\u00eancia de Fluidos<\/td><\/tr><tr><td>Matem\u00e1tica Aplicada<\/td><td>Sa\u00fade e Seguran\u00e7a do Trabalhador<\/td><td>Processamento Prim\u00e1rio de Fluidos<\/td><\/tr><tr><td>F\u00edsica Aplicada<\/td><td>Perfura\u00e7\u00e3o de Po\u00e7os de Petr\u00f3leo e G\u00e1s<\/td><td>Produ\u00e7\u00e3o e Processamento de G\u00e1s<\/td><\/tr><tr><td>Hist\u00f3ria do Petr\u00f3leo e G\u00e1s<\/td><td>Fluidos de Perfura\u00e7\u00e3o e Completa\u00e7\u00e3o<\/td><td>Transporte de Petr\u00f3leo e G\u00e1s<\/td><\/tr><tr><td>Ingl\u00eas Instrumental<\/td><td>Legisla\u00e7\u00e3o de Petr\u00f3leo e G\u00e1s<\/td><td>Processos de Refino<\/td><\/tr><tr><td>Sociologia do Trabalho<\/td><td>Manuten\u00e7\u00e3o da Produ\u00e7\u00e3o de Petr\u00f3leo e G\u00e1s<\/td><td>Semin\u00e1rio Interdisciplinares<\/td><\/tr><tr><td>Inicia\u00e7\u00e3o \u00e0 Metodologia Cient\u00edfica<\/td><td>Opera\u00e7\u00f5es Unit\u00e1rias<\/td><td>Projeto Integrador<\/td><\/tr><\/tbody><\/table><\/figure>\n\n\n\n<p><\/p>\n\n\n\n<p>\ud83d\udcd5<strong>M\u00d3DULO I<\/strong><br>Metrologia<br>Inform\u00e1tica Aplicada<br>Comunica\u00e7\u00e3o Escrita e Oral<br>Qu\u00edmica Aplicada<br>Matem\u00e1tica Aplicada<br>F\u00edsica Aplicada<br>Hist\u00f3ria do Petr\u00f3leo e G\u00e1s<br>Ingl\u00eas Instrumental<br>Sociologia do Trabalho<br>Inicia\u00e7\u00e3o \u00e0 Metodologia Cient\u00edfica<\/p>\n\n\n\n<p><\/p>\n\n\n\n<p>\ud83d\udcd7<strong>M\u00d3DULO II<\/strong><br>Geologia e Reservat\u00f3rios<br>Introdu\u00e7\u00e3o aos Materiais<br>Automa\u00e7\u00e3o e Controle de Processos<br>Meio Ambiente e Desenvolvimento Sustent\u00e1vel<br>Sa\u00fade e Seguran\u00e7a do Trabalhador<br>Perfura\u00e7\u00e3o de Po\u00e7os de Petr\u00f3leo e G\u00e1s<br>Fluidos de Perfura\u00e7\u00e3o e Completa\u00e7\u00e3o<br>Legisla\u00e7\u00e3o de Petr\u00f3leo e G\u00e1s<br>Manuten\u00e7\u00e3o da Produ\u00e7\u00e3o de Petr\u00f3leo e G\u00e1s<br>Opera\u00e7\u00f5es Unit\u00e1rias<\/p>\n\n\n\n<p><\/p>\n\n\n\n<p>\ud83d\udcd8<strong>M\u00d3DULO III<\/strong><br>Avalia\u00e7\u00e3o de Forma\u00e7\u00f5es<br>Completa\u00e7\u00e3o, Estimula\u00e7\u00e3o, Restaura\u00e7\u00e3o e Limpeza de Po\u00e7os<br>M\u00e9todos de Eleva\u00e7\u00e3o<br>Sistema de Transfer\u00eancia de Fluidos<br>Processamento Prim\u00e1rio de Fluidos<br>Produ\u00e7\u00e3o e Processamento de G\u00e1s<br>Transporte de Petr\u00f3leo e G\u00e1s<br>Processos de Refino<br>Semin\u00e1rio Interdisciplinares<br>Projeto Integrador<\/p>\n\n\n\n<p><\/p>\n<\/div><\/div>\n","protected":false},"excerpt":{"rendered":"<p>O Curso T\u00e9cnico em Petr\u00f3leo e G\u00e1s foi implantado em 2005, com integraliza\u00e7\u00e3o m\u00ednima de 18 meses e m\u00e1ximo de 36 meses, com oferta de 35 vagas por semestre, no formato de desenvolvimento subsequente com carga hor\u00e1ria de 1.233,3 horas, sendo 240 horas de est\u00e1gio. Este curso atualmente \u00e9 ofertado no Instituto Federal de Educa\u00e7\u00e3o, [&hellip;]<\/p>\n","protected":false},"author":141,"featured_media":0,"parent":0,"menu_order":0,"comment_status":"closed","ping_status":"closed","template":"","meta":[],"_links":{"self":[{"href":"https:\/\/www.ifbaiano.edu.br\/unidades\/catu\/wp-json\/wp\/v2\/pages\/23991"}],"collection":[{"href":"https:\/\/www.ifbaiano.edu.br\/unidades\/catu\/wp-json\/wp\/v2\/pages"}],"about":[{"href":"https:\/\/www.ifbaiano.edu.br\/unidades\/catu\/wp-json\/wp\/v2\/types\/page"}],"author":[{"embeddable":true,"href":"https:\/\/www.ifbaiano.edu.br\/unidades\/catu\/wp-json\/wp\/v2\/users\/141"}],"replies":[{"embeddable":true,"href":"https:\/\/www.ifbaiano.edu.br\/unidades\/catu\/wp-json\/wp\/v2\/comments?post=23991"}],"version-history":[{"count":6,"href":"https:\/\/www.ifbaiano.edu.br\/unidades\/catu\/wp-json\/wp\/v2\/pages\/23991\/revisions"}],"predecessor-version":[{"id":25940,"href":"https:\/\/www.ifbaiano.edu.br\/unidades\/catu\/wp-json\/wp\/v2\/pages\/23991\/revisions\/25940"}],"wp:attachment":[{"href":"https:\/\/www.ifbaiano.edu.br\/unidades\/catu\/wp-json\/wp\/v2\/media?parent=23991"}],"curies":[{"name":"wp","href":"https:\/\/api.w.org\/{rel}","templated":true}]}}