{"id":24023,"date":"2025-09-08T16:11:19","date_gmt":"2025-09-08T19:11:19","guid":{"rendered":"https:\/\/www.ifbaiano.edu.br\/unidades\/catu\/?page_id=24023"},"modified":"2025-09-08T16:11:20","modified_gmt":"2025-09-08T19:11:20","slug":"vendas","status":"publish","type":"page","link":"https:\/\/www.ifbaiano.edu.br\/unidades\/catu\/vendas\/","title":{"rendered":"Vendas"},"content":{"rendered":"\n<p>\ud83d\udda5\ufe0f&nbsp;<strong>Curso T\u00e9cnico em Vendas Subsequente ao Ensino M\u00e9dio \u2013 EAD<\/strong><\/p>\n\n\n\n<p>\ud83d\udcd6&nbsp;<strong>Informa\u00e7\u00f5es do Curso:<\/strong><\/p>\n\n\n\n<p>\ud83d\uddc2\ufe0f&nbsp;<strong>Objetivos<\/strong>:<\/p>\n\n\n\n<p>\ud83d\udcda Objetivo Geral<\/p>\n\n\n\n<p>\u2022Formar profissionais habilitados para atuar junto ao setor comercial e \u00e1reas afins, com compet\u00eancia para promover o estudo dos produtos e servi\u00e7os das diversas organiza\u00e7\u00f5es, ocupar fun\u00e7\u00e3o de vendedor ou correlatas e empreender, fundamentados em princ\u00edpios \u00e9ticos, humanos, sociais e ambientais.<\/p>\n\n\n\n<p>\ud83d\udcd6 Objetivos Espec\u00edficos<\/p>\n\n\n\n<p>\u2022Formar profissionais capazes de compreender a rela\u00e7\u00e3o hol\u00edstica entre vendedor e cliente, considerando o processo de pr\u00e9-venda, venda e p\u00f3s-venda;<br>\u2022 Garantir a oferta dos conte\u00fados necess\u00e1rios para o desenvolvimento das capacidades de confian\u00e7a e negocia\u00e7\u00e3o, tenacidade comercial, compreens\u00e3o e persuas\u00e3o junto ao consumidor, com vistas a atingir objetivos propostos pela organiza\u00e7\u00e3o;<br>\u2022 Fortalecer o desenvolvimento local e regional a partir da oferta de profissionais qualificados e que atendam \u00e0s demandas do mundo do trabalho;<br>\u2022 Ampliar a participa\u00e7\u00e3o do IF Baiano no atendimento \u00e0s comunidades distribu\u00eddas nos munic\u00edpios onde n\u00e3o h\u00e1 a presen\u00e7a de um campus;<br>\u00a0\u2022 Ampliar a atua\u00e7\u00e3o dos campi do IF Baiano a partir de ofertas nesta \u00e1rea de conhecimento;<br>\u00a0\u2022 Contribuir para o desenvolvimento social e econ\u00f4mico das comunidades onde houver a oferta do curso.<\/p>\n\n\n\n<p>\ud83d\udcca<strong>&nbsp;Perfil de egresso(a):<\/strong><\/p>\n\n\n\n<p>O Egresso do curso de Vendas estuda os produtos e servi\u00e7os da empresa; caracteriza o tipo de cliente e recolhe informa\u00e7\u00f5es sobre a concorr\u00eancia e o mercado em geral; prepara, promove e efetua a venda de produtos e servi\u00e7os; organiza o ambiente de venda; promove servi\u00e7os de apoio ao cliente, fideliza\u00e7\u00e3o e 18 atendimento p\u00f3s-venda; organiza e gerencia os arquivos dos clientes; realiza prospec\u00e7\u00e3o de novos clientes. Desse modo, o egresso\u00a0ter\u00e1 condi\u00e7\u00e3o de atender e ocupar fun\u00e7\u00f5es de auxiliar administrativo, auxiliar de cr\u00e9dito e cobran\u00e7a, auxiliar de faturamento, comprador, operador de supermercado, representante comercial, vendedor, estoquista, promotor de vendas e operador de caixa. Esse profissional dever\u00e1 ser capaz de atuar no com\u00e9rcio (inclusive eletr\u00f4nico) atacadista ou varejista, em ind\u00fastrias e\/ou de servi\u00e7os, como assalariado ou de maneira aut\u00f4noma. Por fim, destacam-se suas habilidades em desenvolver racioc\u00ednio quantitativo, l\u00f3gico, cr\u00edtico e anal\u00edtico para operar com valores e formula\u00e7\u00f5es matem\u00e1ticas presentes nas rela\u00e7\u00f5es comerciais.<\/p>\n\n\n\n<p>\ud83d\udcdd&nbsp;<strong>PPC do Curso:<\/strong><br><a href=\"https:\/\/www.ifbaiano.edu.br\/unidades\/catu\/files\/2024\/12\/PPC-Tecnico-Vendas-Subsequente-2022.pdf\" target=\"_blank\" rel=\"noreferrer noopener\">PPC do Curso T\u00e9cnico em Vendas Subsequente EAD<br><\/a><br>\u2712\ufe0f&nbsp;<strong>Coordena\u00e7\u00e3o do Curso<\/strong><\/p>\n\n\n\n<p>Coordenador(a): <em>Vaniele Souza Ribeiro<\/em><br>E-mail: curso.vendas.cat@ead.ifbaiano.edu.br\u00a0\/\u00a0vaniele.ribeiro@gmail.com<br>Vice-Coordenador.: \u2014\u2014\u2014\u2014\u2014\u2014\u2014\u2013<br>Telefone.: <a href=\"(71)99276-0691\">(71)99276-0691<\/a><br>Equipe de apoio: <em>Andr\u00e9 Luiz Andrade Rezende \/ Fernanda Meneses de Miranda Castro \/ Rosemeire Silva Bara\u00fana <\/em><\/p>\n\n\n\n<p>\ud83d\uddc3\ufe0f Componentes Curriculares<\/p>\n\n\n\n<p><strong>1\u00b0 Semestre<\/strong><\/p>\n\n\n\n<p>Ambienta\u00e7\u00e3o em EaD<\/p>\n\n\n\n<p>Introdu\u00e7\u00e3o ao Curso de Vendas<\/p>\n\n\n\n<p>Fundamentos de Marketing<\/p>\n\n\n\n<p>Matem\u00e1tica Financeira<\/p>\n\n\n\n<p>\u00c9tica e Legisla\u00e7\u00e3o<\/p>\n\n\n\n<p>Atendimento ao Cliente<\/p>\n\n\n\n<p>Empreendedorismo e Inova\u00e7\u00e3o<\/p>\n\n\n\n<p>Projeto Integrador I<\/p>\n\n\n\n<p><strong>2\u00b0 Semestre<\/strong><\/p>\n\n\n\n<p>T\u00e9cnicas de Negocia\u00e7\u00e3o&nbsp;<\/p>\n\n\n\n<p>Direito do Consumidor&nbsp;<\/p>\n\n\n\n<p>Comportamento do Consumidor&nbsp;<\/p>\n\n\n\n<p>Economia Criativa e Neg\u00f3cios Sustent\u00e1veis&nbsp;<\/p>\n\n\n\n<p>Gest\u00e3o de Equipe de Vendas&nbsp;<\/p>\n\n\n\n<p>Log\u00edstica e Controle de Estoque&nbsp;<\/p>\n\n\n\n<p>Produtos e Servi\u00e7os: Fundamentos e An\u00e1lise de Qualidade&nbsp;<\/p>\n\n\n\n<p>Projeto Integrador II<\/p>\n\n\n\n<p><\/p>\n","protected":false},"excerpt":{"rendered":"<p>\ud83d\udda5\ufe0f&nbsp;Curso T\u00e9cnico em Vendas Subsequente ao Ensino M\u00e9dio \u2013 EAD \ud83d\udcd6&nbsp;Informa\u00e7\u00f5es do Curso: \ud83d\uddc2\ufe0f&nbsp;Objetivos: \ud83d\udcda Objetivo Geral \u2022Formar profissionais habilitados para atuar junto ao setor comercial e \u00e1reas afins, com compet\u00eancia para promover o estudo dos produtos e servi\u00e7os das diversas organiza\u00e7\u00f5es, ocupar fun\u00e7\u00e3o de vendedor ou correlatas e empreender, fundamentados em princ\u00edpios \u00e9ticos, humanos, [&hellip;]<\/p>\n","protected":false},"author":141,"featured_media":0,"parent":0,"menu_order":0,"comment_status":"closed","ping_status":"closed","template":"","meta":[],"_links":{"self":[{"href":"https:\/\/www.ifbaiano.edu.br\/unidades\/catu\/wp-json\/wp\/v2\/pages\/24023"}],"collection":[{"href":"https:\/\/www.ifbaiano.edu.br\/unidades\/catu\/wp-json\/wp\/v2\/pages"}],"about":[{"href":"https:\/\/www.ifbaiano.edu.br\/unidades\/catu\/wp-json\/wp\/v2\/types\/page"}],"author":[{"embeddable":true,"href":"https:\/\/www.ifbaiano.edu.br\/unidades\/catu\/wp-json\/wp\/v2\/users\/141"}],"replies":[{"embeddable":true,"href":"https:\/\/www.ifbaiano.edu.br\/unidades\/catu\/wp-json\/wp\/v2\/comments?post=24023"}],"version-history":[{"count":3,"href":"https:\/\/www.ifbaiano.edu.br\/unidades\/catu\/wp-json\/wp\/v2\/pages\/24023\/revisions"}],"predecessor-version":[{"id":26393,"href":"https:\/\/www.ifbaiano.edu.br\/unidades\/catu\/wp-json\/wp\/v2\/pages\/24023\/revisions\/26393"}],"wp:attachment":[{"href":"https:\/\/www.ifbaiano.edu.br\/unidades\/catu\/wp-json\/wp\/v2\/media?parent=24023"}],"curies":[{"name":"wp","href":"https:\/\/api.w.org\/{rel}","templated":true}]}}

<p>🖥️&nbsp;<strong>Curso Técnico em Vendas Subsequente ao Ensino Médio – EAD</strong></p>



<p>📖&nbsp;<strong>Informações do Curso:</strong></p>



<p>🗂️&nbsp;<strong>Objetivos</strong>:</p>



<p>📚 Objetivo Geral</p>



<p>•Formar profissionais habilitados para atuar junto ao setor comercial e áreas afins, com competência para promover o estudo dos produtos e serviços das diversas organizações, ocupar função de vendedor ou correlatas e empreender, fundamentados em princípios éticos, humanos, sociais e ambientais.</p>



<p>📖 Objetivos Específicos</p>



<p>•Formar profissionais capazes de compreender a relação holística entre vendedor e cliente, considerando o processo de pré-venda, venda e pós-venda;<br>• Garantir a oferta dos conteúdos necessários para o desenvolvimento das capacidades de confiança e negociação, tenacidade comercial, compreensão e persuasão junto ao consumidor, com vistas a atingir objetivos propostos pela organização;<br>• Fortalecer o desenvolvimento local e regional a partir da oferta de profissionais qualificados e que atendam às demandas do mundo do trabalho;<br>• Ampliar a participação do IF Baiano no atendimento às comunidades distribuídas nos municípios onde não há a presença de um campus;<br> • Ampliar a atuação dos campi do IF Baiano a partir de ofertas nesta área de conhecimento;<br> • Contribuir para o desenvolvimento social e econômico das comunidades onde houver a oferta do curso.</p>



<p>📊<strong>&nbsp;Perfil de egresso(a):</strong></p>



<p>O Egresso do curso de Vendas estuda os produtos e serviços da empresa; caracteriza o tipo de cliente e recolhe informações sobre a concorrência e o mercado em geral; prepara, promove e efetua a venda de produtos e serviços; organiza o ambiente de venda; promove serviços de apoio ao cliente, fidelização e 18 atendimento pós-venda; organiza e gerencia os arquivos dos clientes; realiza prospecção de novos clientes. Desse modo, o egresso terá condição de atender e ocupar funções de auxiliar administrativo, auxiliar de crédito e cobrança, auxiliar de faturamento, comprador, operador de supermercado, representante comercial, vendedor, estoquista, promotor de vendas e operador de caixa. Esse profissional deverá ser capaz de atuar no comércio (inclusive eletrônico) atacadista ou varejista, em indústrias e/ou de serviços, como assalariado ou de maneira autônoma. Por fim, destacam-se suas habilidades em desenvolver raciocínio quantitativo, lógico, crítico e analítico para operar com valores e formulações matemáticas presentes nas relações comerciais.</p>



<p>📝&nbsp;<strong>PPC do Curso:</strong><br><a href="https://www.ifbaiano.edu.br/unidades/catu/files/2024/12/PPC-Tecnico-Vendas-Subsequente-2022.pdf" target="_blank" rel="noreferrer noopener">PPC do Curso Técnico em Vendas Subsequente EAD<br></a><br>✒️&nbsp;<strong>Coordenação do Curso</strong></p>



<p>Coordenador(a): <em>Vaniele Souza Ribeiro</em><br>E-mail: curso.vendas.cat@ead.ifbaiano.edu.br / vaniele.ribeiro@gmail.com<br>Vice-Coordenador.: ———————–<br>Telefone.: <a href="(71)99276-0691">(71)99276-0691</a><br>Equipe de apoio: <em>André Luiz Andrade Rezende / Fernanda Meneses de Miranda Castro / Rosemeire Silva Baraúna </em></p>



<p>🗃️ Componentes Curriculares</p>



<p><strong>1° Semestre</strong></p>



<p>Ambientação em EaD</p>



<p>Introdução ao Curso de Vendas</p>



<p>Fundamentos de Marketing</p>



<p>Matemática Financeira</p>



<p>Ética e Legislação</p>



<p>Atendimento ao Cliente</p>



<p>Empreendedorismo e Inovação</p>



<p>Projeto Integrador I</p>



<p><strong>2° Semestre</strong></p>



<p>Técnicas de Negociação&nbsp;</p>



<p>Direito do Consumidor&nbsp;</p>



<p>Comportamento do Consumidor&nbsp;</p>



<p>Economia Criativa e Negócios Sustentáveis&nbsp;</p>



<p>Gestão de Equipe de Vendas&nbsp;</p>



<p>Logística e Controle de Estoque&nbsp;</p>



<p>Produtos e Serviços: Fundamentos e Análise de Qualidade&nbsp;</p>



<p>Projeto Integrador II</p>



<p></p>

<p>🖥️&nbsp;Curso Técnico em Vendas Subsequente ao Ensino Médio – EAD 📖&nbsp;Informações do Curso: 🗂️&nbsp;Objetivos: 📚 Objetivo Geral •Formar profissionais habilitados para atuar junto ao setor comercial e áreas afins, com competência para promover o estudo dos produtos e serviços das diversas organizações, ocupar função de vendedor ou correlatas e empreender, fundamentados em princípios éticos, humanos, [&hellip;]</p>
