{"id":24027,"date":"2024-05-08T16:43:42","date_gmt":"2024-05-08T19:43:42","guid":{"rendered":"https:\/\/www.ifbaiano.edu.br\/unidades\/catu\/?page_id=24027"},"modified":"2024-12-02T16:43:57","modified_gmt":"2024-12-02T19:43:57","slug":"informatica","status":"publish","type":"page","link":"https:\/\/www.ifbaiano.edu.br\/unidades\/catu\/informatica\/","title":{"rendered":"Inform\u00e1tica"},"content":{"rendered":"\n<p class=\"has-text-align-center\">\ud83d\udda5\ufe0f <strong>Curso T\u00e9cnico em Inform\u00e1tica Subsequente ao Ensino M\u00e9dio &#8211; EAD<\/strong><\/p>\n\n\n\n<p>\ud83d\udcd6 <strong>Informa\u00e7\u00f5es do Curso:<\/strong><\/p>\n\n\n\n<p>O Curso T\u00e9cnico em Inform\u00e1tica Subsequente ao Ensino M\u00e9dio foi implantado de acordo com Cat\u00e1logo Nacional de Cursos T\u00e9cnicos (CNCT) do Minist\u00e9rio da Educa\u00e7\u00e3o (MEC), conforme Resolu\u00e7\u00e3o CNE\/CEB n\u00ba 2, de 15 de dezembro de 2020. O curso busca desenvolver um conjunto de atua\u00e7\u00f5es dentre as quais: concep\u00e7\u00e3o, desenvolvimento, implanta\u00e7\u00e3o, opera\u00e7\u00e3o, avalia\u00e7\u00e3o e manuten\u00e7\u00e3o de sistemas e tecnologias relacionadas \u00e0 inform\u00e1tica e telecomunica\u00e7\u00f5es.<\/p>\n\n\n\n<ul>\n<li>Modalidade de oferta: \u00c0 dist\u00e2ncia<\/li>\n\n\n\n<li>N\u00famero de vagas ofertadas: 50<\/li>\n\n\n\n<li>Carga hor\u00e1ria total do Curso: 1200h<\/li>\n\n\n\n<li>Dura\u00e7\u00e3o M\u00ednima do Curso: 18 meses<\/li>\n\n\n\n<li>Dura\u00e7\u00e3o M\u00e1xima do Curso: 36 meses<\/li>\n<\/ul>\n\n\n\n<p>\ud83d\uddc2\ufe0f <strong>Objetivos<\/strong>:<\/p>\n\n\n\n<p>\ud83d\udcda Objetivo Geral<br>Formar t\u00e9cnicos em inform\u00e1tica com responsabilidade social, capazes de planejar e gerenciar projetos de sistemas de redes, fornecer suporte e manuten\u00e7\u00e3o de sistemas e de tecnologias de processamento e transmiss\u00e3o de dados, aptos a se adaptarem \u00e0s novas exig\u00eancias do mundo do trabalho.<\/p>\n\n\n\n<p>\ud83d\udcd6 Objetivos Espec\u00edficos<\/p>\n\n\n\n<ol>\n<li>Desenvolver atividades ligadas \u00e0 \u00e1rea de inform\u00e1tica, visando \u00e0 ampla utiliza\u00e7\u00e3o dos recursos de editora\u00e7\u00e3o de texto, planilhas eletr\u00f4nicas, softwares de apresenta\u00e7\u00e3o e demais aplicativos.<\/li>\n\n\n\n<li>Desenvolver habilidades de atua\u00e7\u00e3o em configura\u00e7\u00e3o, manuten\u00e7\u00e3o, instala\u00e7\u00e3o e administra\u00e7\u00e3o de ambientes de redes, hardware e softwares diversos, possibilitando a detec\u00e7\u00e3o de problemas t\u00e9cnicos e proposi\u00e7\u00e3o de solu\u00e7\u00f5es adequadas e inovadoras;<\/li>\n\n\n\n<li>Desenvolver o racioc\u00ednio l\u00f3gico e a capacidade de pensar em diferentes solu\u00e7\u00f5es para os problemas apresentados, sistematizando essas solu\u00e7\u00f5es com o aux\u00edlio de recursos computacionais;<\/li>\n\n\n\n<li>Desenvolver softwares com a utiliza\u00e7\u00e3o de modernas ferramentas computacionais, apresentando proposta de solu\u00e7\u00f5es inovadoras e otimizadas;<\/li>\n\n\n\n<li>Articular as compet\u00eancias do perfil profissional com projetos integradores e outras atividades laborais que estimulem a vis\u00e3o cr\u00edtica e a tomada de decis\u00e3o para resolu\u00e7\u00e3o de problemas<\/li>\n<\/ol>\n\n\n\n<p>\ud83d\udcca<strong> Perfil de egresso(a):<\/strong><\/p>\n\n\n\n<p>O concluinte do Curso T\u00e9cnico em Inform\u00e1tica Subsequente ao Ensino M\u00e9dio poder\u00e1 atuar na especifica\u00e7\u00e3o de componentes ou equipamentos, suporte t\u00e9cnico, procedimentos de instala\u00e7\u00e3o e configura\u00e7\u00e3o, realiza\u00e7\u00e3o de testes e medi\u00e7\u00f5es, utiliza\u00e7\u00e3o de protocolos e arquitetura de redes, identifica\u00e7\u00e3o de meios f\u00edsicos e padr\u00f5es de comunica\u00e7\u00e3o. Al\u00e9m disso, o profissional poder\u00e1 trabalhar em<br>institui\u00e7\u00f5es p\u00fablicas, privadas e do terceiro setor que demandem sistemas computacionais, especialmente em atividades que envolvem programa\u00e7\u00e3o de computadores.<\/p>\n\n\n\n<p>\ud83d\udcdd <strong>PPC do Curso: <\/strong><br><a rel=\"noreferrer noopener\" href=\"https:\/\/www.ifbaiano.edu.br\/unidades\/catu\/files\/2024\/12\/PPC-do-Curso-Tecnico-em-informatica-Subsequente-EAD.pdf\" target=\"_blank\">PPC do Curso T\u00e9cnico em inform\u00e1tica Subsequente EAD<\/a><br><br>\u2712\ufe0f <strong>Coordena\u00e7\u00e3o do Curso<\/strong><\/p>\n\n\n\n<p>Coordenador(a): Prof\u00aa Eneida Alves Rios<br>E-mail: <a rel=\"noreferrer noopener\" href=\"mailto:curso.informatica.catu@ead.ifbaiano.edu.br\" target=\"_blank\">curso.informatica.catu@ead.ifbaiano.edu.br<\/a><br>Vice-Coordenador.: &#8212;&#8212;&#8212;&#8212;&#8212;&#8212;&#8212;&#8211;<br>Telefone.: &#8212;&#8212;&#8212;&#8212;&#8212;&#8212;&#8212;&#8212;&#8212;&#8212;&#8212;-<br>Equipe de apoio: &#8212;&#8212;&#8212;&#8212;&#8212;&#8212;&#8212;&#8212;&#8211;<\/p>\n\n\n\n<p>\ud83d\uddc3\ufe0f Componentes Curriculares<\/p>\n\n\n\n<figure class=\"wp-block-table\"><table><tbody><tr><td><strong>M\u00f3dulo<\/strong><\/td><td><strong>Disciplinas<\/strong><\/td><td><strong>CH Total<\/strong><\/td><\/tr><tr><td rowspan=\"7\">1\u00ba<\/td><td>Fundamentos de L\u00f3gica Computacional<\/td><td>80<\/td><\/tr><tr><td>Interface humano-computador<\/td><td>60<\/td><\/tr><tr><td>Arquitetura e componentes de computadores<\/td><td>60<\/td><\/tr><tr><td>Sistemas operacionais<\/td><td>60<\/td><\/tr><tr><td>\u00c9tica Profissional<\/td><td>40<\/td><\/tr><tr><td>Ingl\u00eas para fins t\u00e9cnicos<\/td><td>80<\/td><\/tr><tr><td>Ambienta\u00e7\u00e3o em Educa\u00e7\u00e3o a Dist\u00e2ncia<\/td><td>40<\/td><\/tr><tr><td colspan=\"2\">SUBTOTAL M\u00d3DULO 1<\/td><td><strong>420<\/strong><\/td><\/tr><tr><td rowspan=\"7\">2\u00ba<\/td><td>Programa\u00e7\u00e3o em ambientes web<\/td><td>80<\/td><\/tr><tr><td>Programa\u00e7\u00e3o orientada a objetos<br><\/td><td>60<\/td><\/tr><tr><td>Banco de dados<\/td><td>60<br><\/td><\/tr><tr><td>Testes de software<br><\/td><td>40<\/td><\/tr><tr><td>Fundamentos de engenharia de software<br><\/td><td>60<\/td><\/tr><tr><td>Fundamentos de ger\u00eancia de projeto<br><\/td><td>40<\/td><\/tr><tr><td>Fundamentos de an\u00e1lise e projetos de sistemas de informa\u00e7\u00e3o<br><\/td><td>40<br><\/td><\/tr><tr><td colspan=\"2\">SUBTOTAL M\u00d3DULO 2<\/td><td><strong>380<\/strong><\/td><\/tr><tr><td rowspan=\"6\">3\u00ba<\/td><td>Implanta\u00e7\u00e3o e administra\u00e7\u00e3o de servidores de redes de computadores<\/td><td>80<\/td><\/tr><tr><td>Introdu\u00e7\u00e3o a infraestrutura em ambiente IoT<\/td><td>60<\/td><\/tr><tr><td>Introdu\u00e7\u00e3o \u00e0 programa\u00e7\u00e3o e opera\u00e7\u00e3o em infraestrutura de redes de computadores<\/td><td>60<\/td><\/tr><tr><td>Introdu\u00e7\u00e3o \u00e0 redes de computadores<\/td><td>60<\/td><\/tr><tr><td>Introdu\u00e7\u00e3o \u00e0 seguran\u00e7a de redes de computadores<br><\/td><td>60<\/td><\/tr><tr><td>Introdu\u00e7\u00e3o \u00e0 virtualiza\u00e7\u00e3o e computa\u00e7\u00e3o em nuvem<\/td><td>80<\/td><\/tr><tr><td colspan=\"2\">SUBTOTAL M\u00d3DULO 3<\/td><td><strong>400<\/strong><\/td><\/tr><tr><td colspan=\"2\">CARGA HOR\u00c1RIA M\u00d3DULOS<\/td><td><strong>1200<\/strong><br><\/td><\/tr><tr><td colspan=\"2\">CARGA HOR\u00c1RIA TOTAL<\/td><td><strong>1200<\/strong><\/td><\/tr><\/tbody><\/table><\/figure>\n","protected":false},"excerpt":{"rendered":"<p>\ud83d\udda5\ufe0f Curso T\u00e9cnico em Inform\u00e1tica Subsequente ao Ensino M\u00e9dio &#8211; EAD \ud83d\udcd6 Informa\u00e7\u00f5es do Curso: O Curso T\u00e9cnico em Inform\u00e1tica Subsequente ao Ensino M\u00e9dio foi implantado de acordo com Cat\u00e1logo Nacional de Cursos T\u00e9cnicos (CNCT) do Minist\u00e9rio da Educa\u00e7\u00e3o (MEC), conforme Resolu\u00e7\u00e3o CNE\/CEB n\u00ba 2, de 15 de dezembro de 2020. O curso busca desenvolver [&hellip;]<\/p>\n","protected":false},"author":141,"featured_media":0,"parent":0,"menu_order":0,"comment_status":"closed","ping_status":"closed","template":"","meta":[],"_links":{"self":[{"href":"https:\/\/www.ifbaiano.edu.br\/unidades\/catu\/wp-json\/wp\/v2\/pages\/24027"}],"collection":[{"href":"https:\/\/www.ifbaiano.edu.br\/unidades\/catu\/wp-json\/wp\/v2\/pages"}],"about":[{"href":"https:\/\/www.ifbaiano.edu.br\/unidades\/catu\/wp-json\/wp\/v2\/types\/page"}],"author":[{"embeddable":true,"href":"https:\/\/www.ifbaiano.edu.br\/unidades\/catu\/wp-json\/wp\/v2\/users\/141"}],"replies":[{"embeddable":true,"href":"https:\/\/www.ifbaiano.edu.br\/unidades\/catu\/wp-json\/wp\/v2\/comments?post=24027"}],"version-history":[{"count":8,"href":"https:\/\/www.ifbaiano.edu.br\/unidades\/catu\/wp-json\/wp\/v2\/pages\/24027\/revisions"}],"predecessor-version":[{"id":24883,"href":"https:\/\/www.ifbaiano.edu.br\/unidades\/catu\/wp-json\/wp\/v2\/pages\/24027\/revisions\/24883"}],"wp:attachment":[{"href":"https:\/\/www.ifbaiano.edu.br\/unidades\/catu\/wp-json\/wp\/v2\/media?parent=24027"}],"curies":[{"name":"wp","href":"https:\/\/api.w.org\/{rel}","templated":true}]}}