{"id":24028,"date":"2025-06-30T10:39:37","date_gmt":"2025-06-30T13:39:37","guid":{"rendered":"https:\/\/www.ifbaiano.edu.br\/unidades\/catu\/?page_id=24028"},"modified":"2025-06-30T10:41:04","modified_gmt":"2025-06-30T13:41:04","slug":"redes-de-computadores","status":"publish","type":"page","link":"https:\/\/www.ifbaiano.edu.br\/unidades\/catu\/redes-de-computadores\/","title":{"rendered":"Redes de Computadores"},"content":{"rendered":"\n<p class=\"has-text-align-center\">\ud83d\udda5\ufe0f&nbsp;<strong>Curso Curso T\u00e9cnico em Redes de Computadores Subsequente &#8211; EAD<\/strong><\/p>\n\n\n\n<p>\ud83d\udcd6&nbsp;<strong>Informa\u00e7\u00f5es do Curso:<\/strong><\/p>\n\n\n\n<p>O Curso de Redes de Computadores tem uma dura\u00e7\u00e3o m\u00ednima de 18 meses e m\u00e1ximo de integraliza\u00e7\u00e3o de 36 meses. O hor\u00e1rio das aulas presenciais acontecem: a) Polo Catu: Quartas-feiras das 14:00 \u00e0s 19:00 e; b) Polo Mata de S\u00e3o Jo\u00e3o: Quintas-feiras das 18:30 \u00e0s 21:00. A <strong>Carga Hor\u00e1ria do curso \u00e9 de<\/strong> 1120 horas. O Curso tem 80% das horas\/aula na modalidade \u00e0 dist\u00e2ncia e 20% das horas\/aula na modalidade presencial.<br><br>\ud83d\uddc2\ufe0f&nbsp;<strong>Objetivos<\/strong>:<\/p>\n\n\n\n<p>\ud83d\udcda Objetivo Geral<br>Formar t\u00e9cnicos em redes de computadores com responsabilidade social, aptos a se adaptarem \u00e0s novas exig\u00eancias do mundo do trabalho, capazes de planejar e gerenciar projetos de sistemas de redes, fornecer suporte e manuten\u00e7\u00e3o de sistemas e de tecnologias de processamento e transmiss\u00e3o de dados e informa\u00e7\u00f5es.<\/p>\n\n\n\n<p>\ud83d\udcd6 Objetivos Espec\u00edficos<br><br>Formar t\u00e9cnicos em redes de computadores aptos a: <br>1) Desenvolver atividades ligadas \u00e0 \u00e1rea de inform\u00e1tica, visando \u00e0 ampla utiliza\u00e7\u00e3o dos recursos de editora\u00e7\u00e3o de texto, planilhas eletr\u00f4nicas, softwares de apresenta\u00e7\u00e3o e demais aplicativos; <br>2) Preparar o aluno para atuar na configura\u00e7\u00e3o, manuten\u00e7\u00e3o, instala\u00e7\u00e3o e administra\u00e7\u00e3o de ambientes de redes, hardware e softwares diversos, possibilitando a detec\u00e7\u00e3o de problemas t\u00e9cnicos e proposi\u00e7\u00e3o de solu\u00e7\u00f5es adequadas e inovadoras; <br>3) Desenvolver no egresso o racioc\u00ednio l\u00f3gico e a capacidade de pensar em diferentes solu\u00e7\u00f5es para os problemas apresentados, sistematizando essas solu\u00e7\u00f5es com o aux\u00edlio de recursos computacionais; <br>4) Capacitar o aluno para operar, instalar, configurar e realizar manuten\u00e7\u00e3o em redes de computadores, apresentando proposta de solu\u00e7\u00f5es inovadoras e otimizadas; <br>5) Articular as compet\u00eancias do perfil profissional com projetos integradores e outras atividades laborais que estimulem a vis\u00e3o cr\u00edtica e a tomada de decis\u00e3o para resolu\u00e7\u00e3o de problemas.<\/p>\n\n\n\n<p>\ud83d\udcca<strong>&nbsp;Perfil de egresso(a):<\/strong><br><br>O profissional concluinte do Curso T\u00e9cnico em Redes de Computadores Subsequente ao Ensino M\u00e9dio poder\u00e1 atuar na especifica\u00e7\u00e3o de componentes ou equipamentos, suporte t\u00e9cnico, procedimentos de instala\u00e7\u00e3o e configura\u00e7\u00e3o de rede de computadores f\u00edsica e l\u00f3gica, utiliza\u00e7\u00e3o de protocolos e arquitetura de redes e na administra\u00e7\u00e3o de sistemas operacionais em redes de computadores.<\/p>\n\n\n\n<p>\ud83d\udcdd&nbsp;<strong>PPC do Curso:<\/strong><br><a rel=\"noreferrer noopener\" href=\"https:\/\/www.ifbaiano.edu.br\/unidades\/catu\/files\/2024\/12\/PPC-do-Curso-Tecnico-em-Redes-de-computadores-Subsequente-EAD.pdf\" target=\"_blank\">PPC do Curso T\u00e9cnico em Redes de Computadores Subsequente &#8211; EAD<br><\/a><br>\ud83d\udc68\ud83c\udffe\u200d\ud83c\udfeb\ud83e\uddd1\ud83c\udffd\u200d\ud83c\udfeb<strong>Nome dos professores:<\/strong><\/p>\n\n\n\n<p>&#8211; Turma de ingressante nos anos de 2024 e 2025 (<strong>Polo Catu<\/strong>), tendo como mediador \u00e0 dist\u00e2ncia \u00e9 presencial o professor T\u00e1rsio Cavalcante<br>&#8211; Turma ingressante no ano de 2025 (<strong>Polo Mata de S\u00e3o Jo\u00e3o<\/strong>) tendo como mediador \u00e0 dist\u00e2ncia \u00e9 presencial o professor Jardel Lincoln.<br><\/p>\n\n\n\n<p>\ud83c\udfd8\ufe0f<strong>Locais de funcionamento:<\/strong><\/p>\n\n\n\n<p>&#8211; <em><strong>Polo Catu:<\/strong><\/em> Rua Bar\u00e3o de Cama\u00e7ari, 118 &#8211; Centro, Catu &#8211; BA, 48110-000. Campus Catu do IF Baiano;<\/p>\n\n\n\n<p>&#8211;<strong><em> Polo Mata de S\u00e3o Jo\u00e3o:<\/em><\/strong> Rua Marechal Deodoro, 36, Centro, CEP: 48280-000. Polo da Universidade Aberta do Brasil (UAB);<\/p>\n\n\n\n<p>\u23f0<strong>Hor\u00e1rio de Aulas:<\/strong><\/p>\n\n\n\n<ul>\n<li><strong>Polo Catu:<\/strong> Quartas-feiras das 14:00 \u00e0s 19:00;<\/li>\n\n\n\n<li><strong>Polo Mata de S\u00e3o Jo\u00e3o<\/strong>: Quintas-feiras das 18:30 \u00e0s 21:00;<\/li>\n<\/ul>\n\n\n\n<p>\ud83e\uddb8\ud83c\udffd\u200d\u2642\ufe0f\ud83e\uddb8\ud83c\udffe\u200d\u2640\ufe0f<strong>Conselho do Curso:<\/strong><\/p>\n\n\n\n<p>T\u00e1rsio Ribeiro Cavalcante.<br>Andr\u00e9 Luiz Andrade Rezende.<br>Cassiano Ferreira Nascimento.<br>Patricia de Oliveira.<br>Maiquel Moitinho Paiva.<br><br>\ud83d\udc68\ud83c\udffb\u200d\ud83d\udcbc\ud83d\udc69\ud83c\udfff\u200d\ud83d\udcbc<strong>Equipe de apoio:<\/strong><br><br>Cassiano Ferreira Nascimento &#8211; N\u00facleo de Assessoria T\u00e9cnico-Pedag\u00f3gico (<strong>NATEPE<\/strong>);<br>Patricia de Oliveira &#8211; N\u00facleo de Apoio \u00e0s Pessoas com Necessidades Espec\u00edficas (<strong>NAPNE<\/strong>);<br>Rita de Cassia Vasconcelos Borges &#8211; Secretaria de Registros Acad\u00eamico (<strong>SRA<\/strong>).<\/p>\n\n\n\n<p><br>\u2712\ufe0f&nbsp;<strong>Coordena\u00e7\u00e3o do Curso<\/strong><\/p>\n\n\n\n<p>Coordenador(a): T\u00e1rsio Ribeiro Cavalcante;<br>E-mail: <a href=\"mailto:curso.redes.catu@ead.ifbaiano.edu.br\" target=\"_blank\" rel=\"noreferrer noopener\">curso.redes.catu@ead.ifbaiano.edu.br<\/a> &nbsp;<br>Vice-Coordenador.: \u2014\u2014\u2014\u2014\u2014\u2014\u2014\u2013<br>Telefone.: \u2014\u2014\u2014\u2014\u2014\u2014\u2014\u2014\u2014\u2014\u2014-<br>Equipe de apoio: \u2014\u2014\u2014\u2014\u2014\u2014\u2014\u2014\u2013<\/p>\n\n\n\n<p>\ud83d\uddc3\ufe0f Componentes Curriculares<br><br>1.&nbsp;&nbsp;&nbsp; Ambienta\u00e7\u00e3o em Educa\u00e7\u00e3o a Dist\u00e2ncia<br>2.&nbsp;&nbsp;&nbsp; \u00c9tica Profissional<br>3.&nbsp;&nbsp;&nbsp; Ingl\u00eas para fins T\u00e9cnicos<br>4.&nbsp;&nbsp;&nbsp; Empreendedorismo<br>5.&nbsp;&nbsp;&nbsp; Princ\u00edpios de Redes de Computadores<br>6.&nbsp;&nbsp;&nbsp; Fundamentos de l\u00f3gica computacional<br>7.&nbsp;&nbsp;&nbsp; Projeto Integrador I<br>8.&nbsp;&nbsp;&nbsp; Redes sem Fio<br>9.&nbsp;&nbsp;&nbsp; Cabeamento Estruturado e Projeto de Redes de Computadores<br>10.&nbsp;&nbsp;&nbsp; Sistemas Operacionais de Redes<br>11.&nbsp;&nbsp;&nbsp; Servi\u00e7os em Redes de Computadores<br>12.&nbsp;&nbsp;&nbsp; Projeto Integrador II<br>13.&nbsp;&nbsp;&nbsp; Seguran\u00e7a em redes de computadores<br>14.&nbsp;&nbsp;&nbsp; Computa\u00e7\u00e3o em Nuvem e Virtualiza\u00e7\u00e3o<br>15.&nbsp;&nbsp;&nbsp; Automa\u00e7\u00e3o via script<br>16.&nbsp;&nbsp;&nbsp; Gerenciamento de Redes de Computadores<br>17.&nbsp;&nbsp;&nbsp; Projeto Integrador III<\/p>\n\n\n\n<p><br><\/p>\n","protected":false},"excerpt":{"rendered":"<p>\ud83d\udda5\ufe0f&nbsp;Curso Curso T\u00e9cnico em Redes de Computadores Subsequente &#8211; EAD \ud83d\udcd6&nbsp;Informa\u00e7\u00f5es do Curso: O Curso de Redes de Computadores tem uma dura\u00e7\u00e3o m\u00ednima de 18 meses e m\u00e1ximo de integraliza\u00e7\u00e3o de 36 meses. O hor\u00e1rio das aulas presenciais acontecem: a) Polo Catu: Quartas-feiras das 14:00 \u00e0s 19:00 e; b) Polo Mata de S\u00e3o Jo\u00e3o: Quintas-feiras [&hellip;]<\/p>\n","protected":false},"author":141,"featured_media":0,"parent":0,"menu_order":0,"comment_status":"closed","ping_status":"closed","template":"","meta":[],"_links":{"self":[{"href":"https:\/\/www.ifbaiano.edu.br\/unidades\/catu\/wp-json\/wp\/v2\/pages\/24028"}],"collection":[{"href":"https:\/\/www.ifbaiano.edu.br\/unidades\/catu\/wp-json\/wp\/v2\/pages"}],"about":[{"href":"https:\/\/www.ifbaiano.edu.br\/unidades\/catu\/wp-json\/wp\/v2\/types\/page"}],"author":[{"embeddable":true,"href":"https:\/\/www.ifbaiano.edu.br\/unidades\/catu\/wp-json\/wp\/v2\/users\/141"}],"replies":[{"embeddable":true,"href":"https:\/\/www.ifbaiano.edu.br\/unidades\/catu\/wp-json\/wp\/v2\/comments?post=24028"}],"version-history":[{"count":9,"href":"https:\/\/www.ifbaiano.edu.br\/unidades\/catu\/wp-json\/wp\/v2\/pages\/24028\/revisions"}],"predecessor-version":[{"id":26223,"href":"https:\/\/www.ifbaiano.edu.br\/unidades\/catu\/wp-json\/wp\/v2\/pages\/24028\/revisions\/26223"}],"wp:attachment":[{"href":"https:\/\/www.ifbaiano.edu.br\/unidades\/catu\/wp-json\/wp\/v2\/media?parent=24028"}],"curies":[{"name":"wp","href":"https:\/\/api.w.org\/{rel}","templated":true}]}}

<p class="has-text-align-center">🖥️&nbsp;<strong>Curso Curso Técnico em Redes de Computadores Subsequente &#8211; EAD</strong></p>



<p>📖&nbsp;<strong>Informações do Curso:</strong></p>



<p>O Curso de Redes de Computadores tem uma duração mínima de 18 meses e máximo de integralização de 36 meses. O horário das aulas presenciais acontecem: a) Polo Catu: Quartas-feiras das 14:00 às 19:00 e; b) Polo Mata de São João: Quintas-feiras das 18:30 às 21:00. A <strong>Carga Horária do curso é de</strong> 1120 horas. O Curso tem 80% das horas/aula na modalidade à distância e 20% das horas/aula na modalidade presencial.<br><br>🗂️&nbsp;<strong>Objetivos</strong>:</p>



<p>📚 Objetivo Geral<br>Formar técnicos em redes de computadores com responsabilidade social, aptos a se adaptarem às novas exigências do mundo do trabalho, capazes de planejar e gerenciar projetos de sistemas de redes, fornecer suporte e manutenção de sistemas e de tecnologias de processamento e transmissão de dados e informações.</p>



<p>📖 Objetivos Específicos<br><br>Formar técnicos em redes de computadores aptos a: <br>1) Desenvolver atividades ligadas à área de informática, visando à ampla utilização dos recursos de editoração de texto, planilhas eletrônicas, softwares de apresentação e demais aplicativos; <br>2) Preparar o aluno para atuar na configuração, manutenção, instalação e administração de ambientes de redes, hardware e softwares diversos, possibilitando a detecção de problemas técnicos e proposição de soluções adequadas e inovadoras; <br>3) Desenvolver no egresso o raciocínio lógico e a capacidade de pensar em diferentes soluções para os problemas apresentados, sistematizando essas soluções com o auxílio de recursos computacionais; <br>4) Capacitar o aluno para operar, instalar, configurar e realizar manutenção em redes de computadores, apresentando proposta de soluções inovadoras e otimizadas; <br>5) Articular as competências do perfil profissional com projetos integradores e outras atividades laborais que estimulem a visão crítica e a tomada de decisão para resolução de problemas.</p>



<p>📊<strong>&nbsp;Perfil de egresso(a):</strong><br><br>O profissional concluinte do Curso Técnico em Redes de Computadores Subsequente ao Ensino Médio poderá atuar na especificação de componentes ou equipamentos, suporte técnico, procedimentos de instalação e configuração de rede de computadores física e lógica, utilização de protocolos e arquitetura de redes e na administração de sistemas operacionais em redes de computadores.</p>



<p>📝&nbsp;<strong>PPC do Curso:</strong><br><a rel="noreferrer noopener" href="https://www.ifbaiano.edu.br/unidades/catu/files/2024/12/PPC-do-Curso-Tecnico-em-Redes-de-computadores-Subsequente-EAD.pdf" target="_blank">PPC do Curso Técnico em Redes de Computadores Subsequente &#8211; EAD<br></a><br>👨🏾‍🏫🧑🏽‍🏫<strong>Nome dos professores:</strong></p>



<p>&#8211; Turma de ingressante nos anos de 2024 e 2025 (<strong>Polo Catu</strong>), tendo como mediador à distância é presencial o professor Társio Cavalcante<br>&#8211; Turma ingressante no ano de 2025 (<strong>Polo Mata de São João</strong>) tendo como mediador à distância é presencial o professor Jardel Lincoln.<br></p>



<p>🏘️<strong>Locais de funcionamento:</strong></p>



<p>&#8211; <em><strong>Polo Catu:</strong></em> Rua Barão de Camaçari, 118 &#8211; Centro, Catu &#8211; BA, 48110-000. Campus Catu do IF Baiano;</p>



<p>&#8211;<strong><em> Polo Mata de São João:</em></strong> Rua Marechal Deodoro, 36, Centro, CEP: 48280-000. Polo da Universidade Aberta do Brasil (UAB);</p>



<p>⏰<strong>Horário de Aulas:</strong></p>



<ul>
<li><strong>Polo Catu:</strong> Quartas-feiras das 14:00 às 19:00;</li>



<li><strong>Polo Mata de São João</strong>: Quintas-feiras das 18:30 às 21:00;</li>
</ul>



<p>🦸🏽‍♂️🦸🏾‍♀️<strong>Conselho do Curso:</strong></p>



<p>Társio Ribeiro Cavalcante.<br>André Luiz Andrade Rezende.<br>Cassiano Ferreira Nascimento.<br>Patricia de Oliveira.<br>Maiquel Moitinho Paiva.<br><br>👨🏻‍💼👩🏿‍💼<strong>Equipe de apoio:</strong><br><br>Cassiano Ferreira Nascimento &#8211; Núcleo de Assessoria Técnico-Pedagógico (<strong>NATEPE</strong>);<br>Patricia de Oliveira &#8211; Núcleo de Apoio às Pessoas com Necessidades Específicas (<strong>NAPNE</strong>);<br>Rita de Cassia Vasconcelos Borges &#8211; Secretaria de Registros Acadêmico (<strong>SRA</strong>).</p>



<p><br>✒️&nbsp;<strong>Coordenação do Curso</strong></p>



<p>Coordenador(a): Társio Ribeiro Cavalcante;<br>E-mail: <a href="mailto:curso.redes.catu@ead.ifbaiano.edu.br" target="_blank" rel="noreferrer noopener">curso.redes.catu@ead.ifbaiano.edu.br</a> &nbsp;<br>Vice-Coordenador.: ———————–<br>Telefone.: ———————————-<br>Equipe de apoio: ————————–</p>



<p>🗃️ Componentes Curriculares<br><br>1.&nbsp;&nbsp;&nbsp; Ambientação em Educação a Distância<br>2.&nbsp;&nbsp;&nbsp; Ética Profissional<br>3.&nbsp;&nbsp;&nbsp; Inglês para fins Técnicos<br>4.&nbsp;&nbsp;&nbsp; Empreendedorismo<br>5.&nbsp;&nbsp;&nbsp; Princípios de Redes de Computadores<br>6.&nbsp;&nbsp;&nbsp; Fundamentos de lógica computacional<br>7.&nbsp;&nbsp;&nbsp; Projeto Integrador I<br>8.&nbsp;&nbsp;&nbsp; Redes sem Fio<br>9.&nbsp;&nbsp;&nbsp; Cabeamento Estruturado e Projeto de Redes de Computadores<br>10.&nbsp;&nbsp;&nbsp; Sistemas Operacionais de Redes<br>11.&nbsp;&nbsp;&nbsp; Serviços em Redes de Computadores<br>12.&nbsp;&nbsp;&nbsp; Projeto Integrador II<br>13.&nbsp;&nbsp;&nbsp; Segurança em redes de computadores<br>14.&nbsp;&nbsp;&nbsp; Computação em Nuvem e Virtualização<br>15.&nbsp;&nbsp;&nbsp; Automação via script<br>16.&nbsp;&nbsp;&nbsp; Gerenciamento de Redes de Computadores<br>17.&nbsp;&nbsp;&nbsp; Projeto Integrador III</p>



<p><br></p>

<p>🖥️&nbsp;Curso Curso Técnico em Redes de Computadores Subsequente &#8211; EAD 📖&nbsp;Informações do Curso: O Curso de Redes de Computadores tem uma duração mínima de 18 meses e máximo de integralização de 36 meses. O horário das aulas presenciais acontecem: a) Polo Catu: Quartas-feiras das 14:00 às 19:00 e; b) Polo Mata de São João: Quintas-feiras [&hellip;]</p>
