{"id":26,"date":"2011-05-18T18:48:11","date_gmt":"2011-05-18T18:48:11","guid":{"rendered":"http:\/\/localhost\/unidades\/bonfim\/?page_id=26"},"modified":"2017-04-24T18:46:07","modified_gmt":"2017-04-24T18:46:07","slug":"infra-estrutura","status":"publish","type":"page","link":"https:\/\/www.ifbaiano.edu.br\/unidades\/catu\/infra-estrutura\/","title":{"rendered":"Infraestrutura"},"content":{"rendered":"<p style=\"text-align: justify\">O Instituto Federal de Educa\u00e7\u00e3o, Ci\u00eancia e Tecnologia Baiano &#8211; <em>Campus<\/em> Catu possui dois pavilh\u00f5es, assim distribu\u00eddos:<\/p>\n<p style=\"text-align: justify\"><strong>Pavilh\u00e3o n\u00ba01<\/strong>:<\/p>\n<p style=\"text-align: justify\">15 Salas de Aulas (amplas e climatizadas);<\/p>\n<p style=\"text-align: justify\">1 Cantina;<\/p>\n<p style=\"text-align: justify\">1 Laborat\u00f3rio de An\u00e1lise Sensorial de Alimentos;<\/p>\n<p style=\"text-align: justify\">1 Laborat\u00f3rio de Solos;<\/p>\n<p style=\"text-align: justify\">1 Laborat\u00f3rio de Microbiologia;<\/p>\n<p style=\"text-align: justify\">1 Laborat\u00f3rio de F\u00edsico-qu\u00edmica de Alimentos;<\/p>\n<p style=\"text-align: justify\">1 Laborat\u00f3rio de Inform\u00e1tica;<\/p>\n<p style=\"text-align: justify\">1 Laborat\u00f3rio de Topografia;<\/p>\n<p style=\"text-align: justify\">1 Sala de Atividade Docente;<\/p>\n<p style=\"text-align: justify\">1 Sala de Docentes;<\/p>\n<p style=\"text-align: justify\">1 Secretaria Escolar;<\/p>\n<p style=\"text-align: justify\">1 Sala da Coordena\u00e7\u00e3o de Unidade Educativa de Campo (CUEC);<\/p>\n<p style=\"text-align: justify\">1 Sala da Coordena\u00e7\u00e3o de Assuntos Estudantis (CAE);<\/p>\n<p style=\"text-align: justify\">\u00a0Al\u00e9m de possuir tamb\u00e9m, salas de aulas nos setores de:<\/p>\n<p style=\"text-align: justify\">&#8211; Bovinocultura (01 sala de aula);<\/p>\n<p style=\"text-align: justify\">&#8211; Suinocultura (1 sala de aula) e;<\/p>\n<p style=\"text-align: justify\">&#8211; Avicultura (02 salas de aula).<\/p>\n<p style=\"text-align: justify\">O <strong> Pavilh\u00e3o n\u00ba 02<\/strong> &#8211; resultado das obras de amplia\u00e7\u00e3o do <em>Campus<\/em> Catu &#8211; foi inaugurado em 18 de mar\u00e7o de 2015, com uma estrutura dotada de modernas instala\u00e7\u00f5es f\u00edsicas, que atendem \u00e0s diferentes necessidades de acessibilidade, possuindo 02 blocos, assim distribu\u00eddos:<\/p>\n<p>1 Audit\u00f3rio (com capacidade para, aproximadamente, 150 pessoas);<\/p>\n<p>1 Biblioteca;<\/p>\n<p>1 Sala de Dire\u00e7\u00e3o-geral;<\/p>\n<p>1 Sala da Diretoria de Administra\u00e7\u00e3o e Planejamento;<\/p>\n<p>1 Sala do N\u00facleo de Comunica\u00e7\u00e3o e Eventos;<\/p>\n<p><span style=\"font-family: Arial,sans-serif\">8 Salas de Aulas (amplas e climatizadas);<\/span><\/p>\n<p>1 Sala de Docentes;<\/p>\n<p><span style=\"font-family: Arial,sans-serif\">12 Salas de Coordena\u00e7\u00f5es;<\/span><\/p>\n<p><span style=\"font-family: Arial,sans-serif\">1 Cantina;<\/span><\/p>\n<p>2 Dispensas;<\/p>\n<p><span style=\"font-family: Arial,sans-serif\">1 Secretaria;<\/span><\/p>\n<p>1 Consult\u00f3rio M\u00e9dico;<\/p>\n<p>1 Consult\u00f3rio Odontol\u00f3gico;<\/p>\n<p>1 Sala de Enfermagem;<\/p>\n<p>11 Banheiros (dentre estes, 05 atendem, exclusivamente, pessoas com necessidades espec\u00edficas);<\/p>\n<p>3 Laborat\u00f3rios de Inform\u00e1tica;<\/p>\n<p>1 Laborat\u00f3rio de Desenho;<\/p>\n<p>1 Laborat\u00f3rio de Biologia;<\/p>\n<p>1 Laborat\u00f3rio de Microbiologia;<\/p>\n<p>1 Laborat\u00f3rio de Qu\u00edmica Geral e Inorg\u00e2nica;<\/p>\n<p>1 Laborat\u00f3rio de F\u00edsico-qu\u00edmica;<\/p>\n<p>1 Laborat\u00f3rio de Qu\u00edmica Anal\u00edtica;<\/p>\n<p>1 Laborat\u00f3rio de Solos;<\/p>\n<p>1 Sala de Apoio ao Ensino;<\/p>\n<p>3 P\u00e1tios (\u00e1reas de conviv\u00eancia);<\/p>\n<p>1 Sala de Videoconfer\u00eancia;<\/p>\n<p>1 Sala de Unidade de Tecnologia de Informa\u00e7\u00e3o e Comunica\u00e7\u00e3o (UTIC);<\/p>\n<p>1 Sala de Reprografia;<\/p>\n<p>1 Sala de Protocolo.<\/p>\n<p>O<em> Campus<\/em> conta ainda, com uma piscina semiol\u00edmpica e um gin\u00e1sio poliesportivo.<\/p>\n<p>&nbsp;<\/p>\n<p>&nbsp;<\/p>\n<p>&nbsp;<\/p>\n<p>&nbsp;<\/p>\n<p>&nbsp;<\/p>\n<p>&nbsp;<\/p>\n<p>&nbsp;<\/p>\n<p><span style=\"font-family: Arial,sans-serif\"><br \/>\n<\/span><\/p>\n<p>&nbsp;<\/p>\n<p>&nbsp;<\/p>\n<p><span style=\"font-family: Arial,sans-serif\"><br \/>\n<\/span><\/p>\n<p>&nbsp;<\/p>\n<p><span style=\"font-family: Arial,sans-serif\"><br \/>\n<\/span><\/p>\n<p>&nbsp;<\/p>\n<p>&nbsp;<\/p>\n<p><span style=\"font-family: Arial,sans-serif\"><br \/>\n<\/span><\/p>\n<p><span style=\"font-family: Arial,sans-serif\"><br \/>\n<\/span><\/p>\n<p><span style=\"font-family: Arial,sans-serif\"><br \/>\n<\/span><\/p>\n<p>&nbsp;<\/p>\n","protected":false},"excerpt":{"rendered":"<p>O Instituto Federal de Educa\u00e7\u00e3o, Ci\u00eancia e Tecnologia Baiano &#8211; Campus Catu possui dois pavilh\u00f5es, assim distribu\u00eddos: Pavilh\u00e3o n\u00ba01: 15 Salas de Aulas (amplas e climatizadas); 1 Cantina; 1 Laborat\u00f3rio de An\u00e1lise Sensorial de Alimentos; 1 Laborat\u00f3rio de Solos; 1 Laborat\u00f3rio de Microbiologia; 1 Laborat\u00f3rio de F\u00edsico-qu\u00edmica de Alimentos; 1 Laborat\u00f3rio de Inform\u00e1tica; 1 Laborat\u00f3rio [&hellip;]<\/p>\n","protected":false},"author":1,"featured_media":0,"parent":0,"menu_order":0,"comment_status":"closed","ping_status":"closed","template":"","meta":[],"_links":{"self":[{"href":"https:\/\/www.ifbaiano.edu.br\/unidades\/catu\/wp-json\/wp\/v2\/pages\/26"}],"collection":[{"href":"https:\/\/www.ifbaiano.edu.br\/unidades\/catu\/wp-json\/wp\/v2\/pages"}],"about":[{"href":"https:\/\/www.ifbaiano.edu.br\/unidades\/catu\/wp-json\/wp\/v2\/types\/page"}],"author":[{"embeddable":true,"href":"https:\/\/www.ifbaiano.edu.br\/unidades\/catu\/wp-json\/wp\/v2\/users\/1"}],"replies":[{"embeddable":true,"href":"https:\/\/www.ifbaiano.edu.br\/unidades\/catu\/wp-json\/wp\/v2\/comments?post=26"}],"version-history":[{"count":14,"href":"https:\/\/www.ifbaiano.edu.br\/unidades\/catu\/wp-json\/wp\/v2\/pages\/26\/revisions"}],"predecessor-version":[{"id":15470,"href":"https:\/\/www.ifbaiano.edu.br\/unidades\/catu\/wp-json\/wp\/v2\/pages\/26\/revisions\/15470"}],"wp:attachment":[{"href":"https:\/\/www.ifbaiano.edu.br\/unidades\/catu\/wp-json\/wp\/v2\/media?parent=26"}],"curies":[{"name":"wp","href":"https:\/\/api.w.org\/{rel}","templated":true}]}}

<p style="text-align: justify">O Instituto Federal de Educação, Ciência e Tecnologia Baiano &#8211; <em>Campus</em> Catu possui dois pavilhões, assim distribuídos:</p>
<p style="text-align: justify"><strong>Pavilhão nº01</strong>:</p>
<p style="text-align: justify">15 Salas de Aulas (amplas e climatizadas);</p>
<p style="text-align: justify">1 Cantina;</p>
<p style="text-align: justify">1 Laboratório de Análise Sensorial de Alimentos;</p>
<p style="text-align: justify">1 Laboratório de Solos;</p>
<p style="text-align: justify">1 Laboratório de Microbiologia;</p>
<p style="text-align: justify">1 Laboratório de Físico-química de Alimentos;</p>
<p style="text-align: justify">1 Laboratório de Informática;</p>
<p style="text-align: justify">1 Laboratório de Topografia;</p>
<p style="text-align: justify">1 Sala de Atividade Docente;</p>
<p style="text-align: justify">1 Sala de Docentes;</p>
<p style="text-align: justify">1 Secretaria Escolar;</p>
<p style="text-align: justify">1 Sala da Coordenação de Unidade Educativa de Campo (CUEC);</p>
<p style="text-align: justify">1 Sala da Coordenação de Assuntos Estudantis (CAE);</p>
<p style="text-align: justify"> Além de possuir também, salas de aulas nos setores de:</p>
<p style="text-align: justify">&#8211; Bovinocultura (01 sala de aula);</p>
<p style="text-align: justify">&#8211; Suinocultura (1 sala de aula) e;</p>
<p style="text-align: justify">&#8211; Avicultura (02 salas de aula).</p>
<p style="text-align: justify">O <strong> Pavilhão nº 02</strong> &#8211; resultado das obras de ampliação do <em>Campus</em> Catu &#8211; foi inaugurado em 18 de março de 2015, com uma estrutura dotada de modernas instalações físicas, que atendem às diferentes necessidades de acessibilidade, possuindo 02 blocos, assim distribuídos:</p>
<p>1 Auditório (com capacidade para, aproximadamente, 150 pessoas);</p>
<p>1 Biblioteca;</p>
<p>1 Sala de Direção-geral;</p>
<p>1 Sala da Diretoria de Administração e Planejamento;</p>
<p>1 Sala do Núcleo de Comunicação e Eventos;</p>
<p><span style="font-family: Arial,sans-serif">8 Salas de Aulas (amplas e climatizadas);</span></p>
<p>1 Sala de Docentes;</p>
<p><span style="font-family: Arial,sans-serif">12 Salas de Coordenações;</span></p>
<p><span style="font-family: Arial,sans-serif">1 Cantina;</span></p>
<p>2 Dispensas;</p>
<p><span style="font-family: Arial,sans-serif">1 Secretaria;</span></p>
<p>1 Consultório Médico;</p>
<p>1 Consultório Odontológico;</p>
<p>1 Sala de Enfermagem;</p>
<p>11 Banheiros (dentre estes, 05 atendem, exclusivamente, pessoas com necessidades específicas);</p>
<p>3 Laboratórios de Informática;</p>
<p>1 Laboratório de Desenho;</p>
<p>1 Laboratório de Biologia;</p>
<p>1 Laboratório de Microbiologia;</p>
<p>1 Laboratório de Química Geral e Inorgânica;</p>
<p>1 Laboratório de Físico-química;</p>
<p>1 Laboratório de Química Analítica;</p>
<p>1 Laboratório de Solos;</p>
<p>1 Sala de Apoio ao Ensino;</p>
<p>3 Pátios (áreas de convivência);</p>
<p>1 Sala de Videoconferência;</p>
<p>1 Sala de Unidade de Tecnologia de Informação e Comunicação (UTIC);</p>
<p>1 Sala de Reprografia;</p>
<p>1 Sala de Protocolo.</p>
<p>O<em> Campus</em> conta ainda, com uma piscina semiolímpica e um ginásio poliesportivo.</p>
<p>&nbsp;</p>
<p>&nbsp;</p>
<p>&nbsp;</p>
<p>&nbsp;</p>
<p>&nbsp;</p>
<p>&nbsp;</p>
<p>&nbsp;</p>
<p><span style="font-family: Arial,sans-serif"><br />
</span></p>
<p>&nbsp;</p>
<p>&nbsp;</p>
<p><span style="font-family: Arial,sans-serif"><br />
</span></p>
<p>&nbsp;</p>
<p><span style="font-family: Arial,sans-serif"><br />
</span></p>
<p>&nbsp;</p>
<p>&nbsp;</p>
<p><span style="font-family: Arial,sans-serif"><br />
</span></p>
<p><span style="font-family: Arial,sans-serif"><br />
</span></p>
<p><span style="font-family: Arial,sans-serif"><br />
</span></p>
<p>&nbsp;</p>

<p>O Instituto Federal de Educação, Ciência e Tecnologia Baiano &#8211; Campus Catu possui dois pavilhões, assim distribuídos: Pavilhão nº01: 15 Salas de Aulas (amplas e climatizadas); 1 Cantina; 1 Laboratório de Análise Sensorial de Alimentos; 1 Laboratório de Solos; 1 Laboratório de Microbiologia; 1 Laboratório de Físico-química de Alimentos; 1 Laboratório de Informática; 1 Laboratório [&hellip;]</p>
