{"id":28,"date":"2025-05-13T08:39:14","date_gmt":"2025-05-13T11:39:14","guid":{"rendered":"http:\/\/localhost\/unidades\/bonfim\/?page_id=28"},"modified":"2025-05-13T08:40:14","modified_gmt":"2025-05-13T11:40:14","slug":"como-chegar","status":"publish","type":"page","link":"https:\/\/www.ifbaiano.edu.br\/unidades\/catu\/como-chegar\/","title":{"rendered":"Localiza\u00e7\u00e3o"},"content":{"rendered":"<p style=\"text-align: justify\" align=\"center\">O<span style=\"color: #0000ff\"> <a style=\"color: #0000ff\" title=\"Munic\u00edpio de Catu\" href=\"https:\/\/www.google.com.br\/maps\/@-12.3577343,-38.3779849,510m\/data=!3m1!1e3\">Munic\u00edpio de Catu <\/a><\/span>est\u00e1 localizado\u00a0 a 78 Km de Salvador e a 110 km de Feira de Santana. De acordo com informa\u00e7\u00f5es do IBGE (2009), o munic\u00edpio est\u00e1 inserido no Territ\u00f3rio do Agreste de Alagoinhas, Estado da Bahia, possuindo uma \u00e1rea de 416, 216 Km<sup>2<\/sup> e uma popula\u00e7\u00e3o estimada no ano de 2015, de 55.719 habitantes (IBGE, 2010).<\/p>\n<p style=\"text-align: justify\" align=\"center\">Conforme se observa no<strong> Mapa 1<\/strong> (IBGE, 2016), o munic\u00edpio de Catu limita-se com as cidades de: Pojuca, Alagoinhas, Ara\u00e7\u00e1s, Teodoro Sampaio, Terra Nova e S\u00e3o Sebasti\u00e3o do Pass\u00e9.<\/p>\n<p style=\"text-align: justify\">A economia do local \u00e9 baseada nos setores de servi\u00e7os e da ind\u00fastria petrol\u00edfera, destacando-se ainda no setor da agropecu\u00e1ria (IBGE, 2010).<\/p>\n<p style=\"text-align: justify\">O<em> Campus<\/em> Catu, do Instituto Federal de Educa\u00e7\u00e3o, Ci\u00eancia e Tecnologia Baiano, est\u00e1 localizado \u00e0 Rua Bar\u00e3o de Cama\u00e7ari, n\u00ba 118 &#8211; Bairro: Bar\u00e3o de Cama\u00e7ari, nas proximidades da Pra\u00e7a Duque de Caxias.<\/p>\n<p style=\"text-align: left\">\n<p style=\"text-align: left\"><strong>Mapa 1: Cidades lim\u00edtrofes ao Munic\u00edpio de Catu &#8211; Bahia (IBGE, 2016)<\/strong><\/p>\n<p><a href=\"http:\/\/www.ifbaiano.edu.br\/unidades\/catu\/files\/2011\/05\/MAPA-CATU.jpg\"><img decoding=\"async\" loading=\"lazy\" class=\"size-full wp-image-14150 alignleft\" src=\"http:\/\/www.ifbaiano.edu.br\/unidades\/catu\/files\/2011\/05\/MAPA-CATU.jpg\" alt=\"\" width=\"655\" height=\"425\" \/><\/a><\/p>\n<div><\/div>\n<div><\/div>\n<div><\/div>\n<div><\/div>\n<div><\/div>\n<div><\/div>\n<div><\/div>\n<div><\/div>\n<div><\/div>\n<div><\/div>\n<div><\/div>\n<div><\/div>\n<div><\/div>\n<div><\/div>\n<div><\/div>\n<div><\/div>\n<div><\/div>\n<div><\/div>\n<div><\/div>\n<div><\/div>\n<div><\/div>\n<div><strong>Coordenadas geogr\u00e1ficas do nosso campus:<\/strong><\/div>\n<div><\/div>\n<div>12\u00b0 21&#8242; 26.389&#8243; S\u00a0 \u00a0 \u00a038\u00b0 22&#8242; 34.468&#8243; W<\/div>\n<div><\/div>\n<div><em>LATITUDE<\/em> 12\u00b0 21&#8242; 26.389&#8243; S\u00a0 \u00a0 <em>LONGITUDE<\/em>\u00a0 38\u00b0 22&#8242; 34.468&#8243; W<\/div>\n<div><\/div>\n<div><strong>Localiza\u00e7\u00e3o Decimal:<\/strong><\/div>\n<div><\/div>\n<div>lat:\u00a0-12.3573303,\u00a0 \u00a0 \u00a0 \u00a0 \u00a0 long -38.3762412<\/div>\n","protected":false},"excerpt":{"rendered":"<p>O Munic\u00edpio de Catu est\u00e1 localizado\u00a0 a 78 Km de Salvador e a 110 km de Feira de Santana. De acordo com informa\u00e7\u00f5es do IBGE (2009), o munic\u00edpio est\u00e1 inserido no Territ\u00f3rio do Agreste de Alagoinhas, Estado da Bahia, possuindo uma \u00e1rea de 416, 216 Km2 e uma popula\u00e7\u00e3o estimada no ano de 2015, de [&hellip;]<\/p>\n","protected":false},"author":1,"featured_media":0,"parent":0,"menu_order":0,"comment_status":"closed","ping_status":"closed","template":"","meta":[],"_links":{"self":[{"href":"https:\/\/www.ifbaiano.edu.br\/unidades\/catu\/wp-json\/wp\/v2\/pages\/28"}],"collection":[{"href":"https:\/\/www.ifbaiano.edu.br\/unidades\/catu\/wp-json\/wp\/v2\/pages"}],"about":[{"href":"https:\/\/www.ifbaiano.edu.br\/unidades\/catu\/wp-json\/wp\/v2\/types\/page"}],"author":[{"embeddable":true,"href":"https:\/\/www.ifbaiano.edu.br\/unidades\/catu\/wp-json\/wp\/v2\/users\/1"}],"replies":[{"embeddable":true,"href":"https:\/\/www.ifbaiano.edu.br\/unidades\/catu\/wp-json\/wp\/v2\/comments?post=28"}],"version-history":[{"count":15,"href":"https:\/\/www.ifbaiano.edu.br\/unidades\/catu\/wp-json\/wp\/v2\/pages\/28\/revisions"}],"predecessor-version":[{"id":25964,"href":"https:\/\/www.ifbaiano.edu.br\/unidades\/catu\/wp-json\/wp\/v2\/pages\/28\/revisions\/25964"}],"wp:attachment":[{"href":"https:\/\/www.ifbaiano.edu.br\/unidades\/catu\/wp-json\/wp\/v2\/media?parent=28"}],"curies":[{"name":"wp","href":"https:\/\/api.w.org\/{rel}","templated":true}]}}

Localização

<p style="text-align: justify" align="center">O<span style="color: #0000ff"> <a style="color: #0000ff" title="Município de Catu" href="https://www.google.com.br/maps/@-12.3577343,-38.3779849,510m/data=!3m1!1e3">Município de Catu </a></span>está localizado  a 78 Km de Salvador e a 110 km de Feira de Santana. De acordo com informações do IBGE (2009), o município está inserido no Território do Agreste de Alagoinhas, Estado da Bahia, possuindo uma área de 416, 216 Km<sup>2</sup> e uma população estimada no ano de 2015, de 55.719 habitantes (IBGE, 2010).</p>
<p style="text-align: justify" align="center">Conforme se observa no<strong> Mapa 1</strong> (IBGE, 2016), o município de Catu limita-se com as cidades de: Pojuca, Alagoinhas, Araçás, Teodoro Sampaio, Terra Nova e São Sebastião do Passé.</p>
<p style="text-align: justify">A economia do local é baseada nos setores de serviços e da indústria petrolífera, destacando-se ainda no setor da agropecuária (IBGE, 2010).</p>
<p style="text-align: justify">O<em> Campus</em> Catu, do Instituto Federal de Educação, Ciência e Tecnologia Baiano, está localizado à Rua Barão de Camaçari, nº 118 &#8211; Bairro: Barão de Camaçari, nas proximidades da Praça Duque de Caxias.</p>
<p style="text-align: left">
<p style="text-align: left"><strong>Mapa 1: Cidades limítrofes ao Município de Catu &#8211; Bahia (IBGE, 2016)</strong></p>
<p><a href="http://www.ifbaiano.edu.br/unidades/catu/files/2011/05/MAPA-CATU.jpg"><img decoding="async" loading="lazy" class="size-full wp-image-14150 alignleft" src="http://www.ifbaiano.edu.br/unidades/catu/files/2011/05/MAPA-CATU.jpg" alt="" width="655" height="425" /></a></p>
<div></div>
<div></div>
<div></div>
<div></div>
<div></div>
<div></div>
<div></div>
<div></div>
<div></div>
<div></div>
<div></div>
<div></div>
<div></div>
<div></div>
<div></div>
<div></div>
<div></div>
<div></div>
<div></div>
<div></div>
<div></div>
<div><strong>Coordenadas geográficas do nosso campus:</strong></div>
<div></div>
<div>12° 21&#8242; 26.389&#8243; S     38° 22&#8242; 34.468&#8243; W</div>
<div></div>
<div><em>LATITUDE</em> 12° 21&#8242; 26.389&#8243; S    <em>LONGITUDE</em>  38° 22&#8242; 34.468&#8243; W</div>
<div></div>
<div><strong>Localização Decimal:</strong></div>
<div></div>
<div>lat: -12.3573303,          long -38.3762412</div>

<p>O Município de Catu está localizado  a 78 Km de Salvador e a 110 km de Feira de Santana. De acordo com informações do IBGE (2009), o município está inserido no Território do Agreste de Alagoinhas, Estado da Bahia, possuindo uma área de 416, 216 Km2 e uma população estimada no ano de 2015, de [&hellip;]</p>
