{"id":30,"date":"2023-09-21T10:07:34","date_gmt":"2023-09-21T13:07:34","guid":{"rendered":"http:\/\/localhost\/unidades\/bonfim\/?page_id=30"},"modified":"2023-09-21T10:08:51","modified_gmt":"2023-09-21T13:08:51","slug":"funcionamento-horarios","status":"publish","type":"page","link":"https:\/\/www.ifbaiano.edu.br\/unidades\/catu\/funcionamento-horarios\/","title":{"rendered":"Funcionamento"},"content":{"rendered":"<p style=\"text-align: justify\">O<em> Campus<\/em> Catu funciona de segunda \u00e0 sexta-feira, das 07h:45 \u00e0s 22h:30.<\/p>\n<p style=\"text-align: justify\">Abaixo, os hor\u00e1rios das aulas para os cursos:<\/p>\n<p style=\"text-align: justify\">&#8211; Cursos T\u00e9cnicos: das 08h:00 \u00e0s 11h:35 (no per\u00edodo matutino) e das 13h:00 \u00e0s 16h:35 (no per\u00edodo vespertino);<\/p>\n<p style=\"text-align: justify\">&#8211; Cursos na Modalidade EAD: das 19h:00 \u00e0s 22h:40 (no per\u00edodo noturno);<\/p>\n<p style=\"text-align: justify\">&#8211; Cursos Superiores e PROEJA: das 19h:00 \u00e0s 22h:30 (no per\u00edodo noturno).<\/p>\n<p style=\"text-align: justify\">A Secretaria de Registros Escolares e Acad\u00eamicos funciona das 07h:30 \u00e0s 11h:30 e das 13h:00 \u00e0s 16h:30 com o objetivo de garantir atendimento integral a alunos e docentes.<br \/>\nAba da Secretaria e Registros Acad\u00eamicos (SRA): <a href=\"https:\/\/www.ifbaiano.edu.br\/unidades\/catu\/secretaria\/\" target=\"_blank\" rel=\"noopener\">https:\/\/www.ifbaiano.edu.br\/unidades\/catu\/secretaria\/\u00a0<\/a><\/p>\n<p style=\"text-align: justify\">Eventualmente, quando h\u00e1 s\u00e1bados letivos, tanto os Pavilh\u00f5es Pedag\u00f3gicos, n\u00ba1 e n\u00ba2, quanto a Secretaria de Registros Escolares e Acad\u00eamicos e a Coordena\u00e7\u00e3o Geral de Ensino,\u00a0 funcionam das\u00a08:00h \u00e0s 12:00h.<\/p>\n","protected":false},"excerpt":{"rendered":"<p>O Campus Catu funciona de segunda \u00e0 sexta-feira, das 07h:45 \u00e0s 22h:30. Abaixo, os hor\u00e1rios das aulas para os cursos: &#8211; Cursos T\u00e9cnicos: das 08h:00 \u00e0s 11h:35 (no per\u00edodo matutino) e das 13h:00 \u00e0s 16h:35 (no per\u00edodo vespertino); &#8211; Cursos na Modalidade EAD: das 19h:00 \u00e0s 22h:40 (no per\u00edodo noturno); &#8211; Cursos Superiores e PROEJA: [&hellip;]<\/p>\n","protected":false},"author":1,"featured_media":0,"parent":0,"menu_order":0,"comment_status":"closed","ping_status":"closed","template":"","meta":[],"_links":{"self":[{"href":"https:\/\/www.ifbaiano.edu.br\/unidades\/catu\/wp-json\/wp\/v2\/pages\/30"}],"collection":[{"href":"https:\/\/www.ifbaiano.edu.br\/unidades\/catu\/wp-json\/wp\/v2\/pages"}],"about":[{"href":"https:\/\/www.ifbaiano.edu.br\/unidades\/catu\/wp-json\/wp\/v2\/types\/page"}],"author":[{"embeddable":true,"href":"https:\/\/www.ifbaiano.edu.br\/unidades\/catu\/wp-json\/wp\/v2\/users\/1"}],"replies":[{"embeddable":true,"href":"https:\/\/www.ifbaiano.edu.br\/unidades\/catu\/wp-json\/wp\/v2\/comments?post=30"}],"version-history":[{"count":11,"href":"https:\/\/www.ifbaiano.edu.br\/unidades\/catu\/wp-json\/wp\/v2\/pages\/30\/revisions"}],"predecessor-version":[{"id":22905,"href":"https:\/\/www.ifbaiano.edu.br\/unidades\/catu\/wp-json\/wp\/v2\/pages\/30\/revisions\/22905"}],"wp:attachment":[{"href":"https:\/\/www.ifbaiano.edu.br\/unidades\/catu\/wp-json\/wp\/v2\/media?parent=30"}],"curies":[{"name":"wp","href":"https:\/\/api.w.org\/{rel}","templated":true}]}}

<p style="text-align: justify">O<em> Campus</em> Catu funciona de segunda à sexta-feira, das 07h:45 às 22h:30.</p>
<p style="text-align: justify">Abaixo, os horários das aulas para os cursos:</p>
<p style="text-align: justify">&#8211; Cursos Técnicos: das 08h:00 às 11h:35 (no período matutino) e das 13h:00 às 16h:35 (no período vespertino);</p>
<p style="text-align: justify">&#8211; Cursos na Modalidade EAD: das 19h:00 às 22h:40 (no período noturno);</p>
<p style="text-align: justify">&#8211; Cursos Superiores e PROEJA: das 19h:00 às 22h:30 (no período noturno).</p>
<p style="text-align: justify">A Secretaria de Registros Escolares e Acadêmicos funciona das 07h:30 às 11h:30 e das 13h:00 às 16h:30 com o objetivo de garantir atendimento integral a alunos e docentes.<br />
Aba da Secretaria e Registros Acadêmicos (SRA): <a href="https://www.ifbaiano.edu.br/unidades/catu/secretaria/" target="_blank" rel="noopener">https://www.ifbaiano.edu.br/unidades/catu/secretaria/ </a></p>
<p style="text-align: justify">Eventualmente, quando há sábados letivos, tanto os Pavilhões Pedagógicos, nº1 e nº2, quanto a Secretaria de Registros Escolares e Acadêmicos e a Coordenação Geral de Ensino,  funcionam das 8:00h às 12:00h.</p>

<p>O Campus Catu funciona de segunda à sexta-feira, das 07h:45 às 22h:30. Abaixo, os horários das aulas para os cursos: &#8211; Cursos Técnicos: das 08h:00 às 11h:35 (no período matutino) e das 13h:00 às 16h:35 (no período vespertino); &#8211; Cursos na Modalidade EAD: das 19h:00 às 22h:40 (no período noturno); &#8211; Cursos Superiores e PROEJA: [&hellip;]</p>
