{"id":3100,"date":"2013-04-15T19:36:33","date_gmt":"2013-04-15T19:36:33","guid":{"rendered":"http:\/\/www.ifbaiano.edu.br\/unidades\/catu\/?page_id=3100"},"modified":"2013-04-18T13:55:58","modified_gmt":"2013-04-18T13:55:58","slug":"selecao-de-estagiarios","status":"publish","type":"page","link":"https:\/\/www.ifbaiano.edu.br\/unidades\/catu\/selecao-de-estagiarios\/","title":{"rendered":"Sele\u00e7\u00e3o de Estagi\u00e1rios"},"content":{"rendered":"<p><strong>Sele\u00e7\u00e3o de Estagi\u00e1rios (N\u00edvel Superior: Administra\u00e7\u00e3o, Analista de Sistemas, Pedagogia, Educa\u00e7\u00e3o F\u00edsica, Jornalismo; N\u00edvel M\u00e9dio: \u00e1rea administrativa)<br \/>\n<\/strong><\/p>\n<p><a href=\"http:\/\/www.ifbaiano.edu.br\/unidades\/catu\/files\/2012\/11\/EDITAL-SELECAO-ESTAGIARIOS-2012.pdf\">Edital n\u00ba 02, de 19 de novembro de 2012<\/a><strong>\u00a0<\/strong><\/p>\n<p><a href=\"http:\/\/www.ifbaiano.edu.br\/reitoria\/wp-content\/uploads\/2013\/01\/Selecao-Catu.pdf\">Resultado 1\u00aa etapa &#8211; Educa\u00e7\u00e3o F\u00edsica<\/a>\u00a0<strong><\/strong><\/p>\n<p><a href=\"http:\/\/www.ifbaiano.edu.br\/unidades\/catu\/files\/2013\/04\/RESULTADO-FINAL-DO-PROCESSO-SELETIVO-PARA-CONTRATACAO-DE-ESTAGIARIOS1.pdf\">Resultado final<\/a><\/p>\n","protected":false},"excerpt":{"rendered":"<p>Sele\u00e7\u00e3o de Estagi\u00e1rios (N\u00edvel Superior: Administra\u00e7\u00e3o, Analista de Sistemas, Pedagogia, Educa\u00e7\u00e3o F\u00edsica, Jornalismo; N\u00edvel M\u00e9dio: \u00e1rea administrativa) Edital n\u00ba 02, de 19 de novembro de 2012\u00a0 Resultado 1\u00aa etapa &#8211; Educa\u00e7\u00e3o F\u00edsica\u00a0 Resultado final<\/p>\n","protected":false},"author":33,"featured_media":0,"parent":0,"menu_order":0,"comment_status":"open","ping_status":"open","template":"","meta":[],"_links":{"self":[{"href":"https:\/\/www.ifbaiano.edu.br\/unidades\/catu\/wp-json\/wp\/v2\/pages\/3100"}],"collection":[{"href":"https:\/\/www.ifbaiano.edu.br\/unidades\/catu\/wp-json\/wp\/v2\/pages"}],"about":[{"href":"https:\/\/www.ifbaiano.edu.br\/unidades\/catu\/wp-json\/wp\/v2\/types\/page"}],"author":[{"embeddable":true,"href":"https:\/\/www.ifbaiano.edu.br\/unidades\/catu\/wp-json\/wp\/v2\/users\/33"}],"replies":[{"embeddable":true,"href":"https:\/\/www.ifbaiano.edu.br\/unidades\/catu\/wp-json\/wp\/v2\/comments?post=3100"}],"version-history":[{"count":7,"href":"https:\/\/www.ifbaiano.edu.br\/unidades\/catu\/wp-json\/wp\/v2\/pages\/3100\/revisions"}],"predecessor-version":[{"id":3133,"href":"https:\/\/www.ifbaiano.edu.br\/unidades\/catu\/wp-json\/wp\/v2\/pages\/3100\/revisions\/3133"}],"wp:attachment":[{"href":"https:\/\/www.ifbaiano.edu.br\/unidades\/catu\/wp-json\/wp\/v2\/media?parent=3100"}],"curies":[{"name":"wp","href":"https:\/\/api.w.org\/{rel}","templated":true}]}}