{"id":3288,"date":"2021-06-10T09:54:53","date_gmt":"2021-06-10T12:54:53","guid":{"rendered":"http:\/\/www.ifbaiano.edu.br\/unidades\/catu\/?page_id=3288"},"modified":"2022-07-28T09:37:13","modified_gmt":"2022-07-28T12:37:13","slug":"assessoria-de-comunicacao-social","status":"publish","type":"page","link":"https:\/\/www.ifbaiano.edu.br\/unidades\/catu\/assessoria-de-comunicacao-social\/","title":{"rendered":"N\u00facleo de Apoio \u00e0 Comunica\u00e7\u00e3o e Eventos (NACE)"},"content":{"rendered":"\n<div class=\"wp-block-image\"><figure class=\"aligncenter size-large is-resized\"><img decoding=\"async\" loading=\"lazy\" src=\"https:\/\/www.ifbaiano.edu.br\/unidades\/catu\/files\/2021\/05\/NACE-IMAGEM.jpg\" alt=\"\" class=\"wp-image-19021\" width=\"625\" height=\"221\" \/><\/figure><\/div>\n\n\n<h3><strong><span class=\"JsGRdQ\">Voc\u00ea conhece o N\u00facleo de Apoio \u00e0 Comunica\u00e7\u00e3o e Eventos?<\/span><\/strong><\/h3>\n<p><span class=\"JsGRdQ\">Vamos apresentar as principais caracter\u00edsticas do NACE e o seu funcionamento no <\/span><span class=\"JsGRdQ\">Campus<\/span><span class=\"JsGRdQ\"> Catu.<\/span><\/p>\n<p><strong><span class=\"JsGRdQ\">O que e o NACE?<\/span><\/strong><\/p>\n\n\n<p>\u00c9 um N\u00facleo respons\u00e1vel por apoiar e desenvolver a\u00e7\u00f5es de relacionamento com a imprensa local, divulga\u00e7\u00f5es de campanhas, organiza\u00e7\u00e3o de eventos, produ\u00e7\u00e3o de conte\u00fados midi\u00e1ticos, atualiza\u00e7\u00e3o de informa\u00e7\u00f5es institucionais e m\u00eddias sociais do C<em>ampus <\/em>Catu.<\/p>\n\n\n\n<p><strong>Qual \u00e9 o objetivo do NACE?<\/strong><\/p>\n\n\n\n<p>Fortalecer a imagem e a identidade do Instituto, por meio de a\u00e7\u00f5es integradas com as diversas \u00e1reas do <em>Campus<\/em>, que possibilitem a interlocu\u00e7\u00e3o com a sociedade, apresentando o instituto e os servi\u00e7os que s\u00e3o ofertados.<\/p>\n\n\n\n<p><strong>Contatos do NACE<\/strong><\/p>\n\n\n\n<p>\u2022E-mail: ascom@catu.ifbaiano.edu.br<\/p>\n\n\n\n<p>\u2022E-mail: suporte.ascom@catu.ifbaiano.edu.br<\/p>\n\n\n\n<p>\u2022 Telefone: XXXX-XXXX<\/p>\n\n\n\n<p><strong>Fluxo de solicita\u00e7\u00e3o de divulga\u00e7\u00e3o do NACE<\/strong><\/p>\n\n\n\n<p>A divulga\u00e7\u00e3o de not\u00edcias, eventos, pedidos de reportagens ou demais solicita\u00e7\u00f5es ligadas \u00e0 \u00e1rea de comunica\u00e7\u00e3o bem como pedidos de publica\u00e7\u00e3o nas p\u00e1ginas e nas m\u00eddias sociais do <em>Campus<\/em> devem ser encaminhadas previamente ao gabinete, atrav\u00e9s do e-mail institucional &lt;gabinete@catu.ifbaiano.edu.br&gt;.<\/p>\n\n\n\n<p><\/p>\n\n\n\n<p><\/p>\n\n\n\n<p><\/p>\n\n\n\n<p><\/p>\n\n\n\n<p><\/p>\n","protected":false},"excerpt":{"rendered":"<p>Voc\u00ea conhece o N\u00facleo de Apoio \u00e0 Comunica\u00e7\u00e3o e Eventos? Vamos apresentar as principais caracter\u00edsticas do NACE e o seu funcionamento no Campus Catu. O que e o NACE? \u00c9 um N\u00facleo respons\u00e1vel por apoiar e desenvolver a\u00e7\u00f5es de relacionamento com a imprensa local, divulga\u00e7\u00f5es de campanhas, organiza\u00e7\u00e3o de eventos, produ\u00e7\u00e3o de conte\u00fados midi\u00e1ticos, atualiza\u00e7\u00e3o [&hellip;]<\/p>\n","protected":false},"author":27,"featured_media":0,"parent":0,"menu_order":0,"comment_status":"open","ping_status":"open","template":"","meta":[],"_links":{"self":[{"href":"https:\/\/www.ifbaiano.edu.br\/unidades\/catu\/wp-json\/wp\/v2\/pages\/3288"}],"collection":[{"href":"https:\/\/www.ifbaiano.edu.br\/unidades\/catu\/wp-json\/wp\/v2\/pages"}],"about":[{"href":"https:\/\/www.ifbaiano.edu.br\/unidades\/catu\/wp-json\/wp\/v2\/types\/page"}],"author":[{"embeddable":true,"href":"https:\/\/www.ifbaiano.edu.br\/unidades\/catu\/wp-json\/wp\/v2\/users\/27"}],"replies":[{"embeddable":true,"href":"https:\/\/www.ifbaiano.edu.br\/unidades\/catu\/wp-json\/wp\/v2\/comments?post=3288"}],"version-history":[{"count":10,"href":"https:\/\/www.ifbaiano.edu.br\/unidades\/catu\/wp-json\/wp\/v2\/pages\/3288\/revisions"}],"predecessor-version":[{"id":21263,"href":"https:\/\/www.ifbaiano.edu.br\/unidades\/catu\/wp-json\/wp\/v2\/pages\/3288\/revisions\/21263"}],"wp:attachment":[{"href":"https:\/\/www.ifbaiano.edu.br\/unidades\/catu\/wp-json\/wp\/v2\/media?parent=3288"}],"curies":[{"name":"wp","href":"https:\/\/api.w.org\/{rel}","templated":true}]}}

Núcleo de Apoio à Comunicação e Eventos (NACE)

<div class="wp-block-image"><figure class="aligncenter size-large is-resized"><img decoding="async" loading="lazy" src="https://www.ifbaiano.edu.br/unidades/catu/files/2021/05/NACE-IMAGEM.jpg" alt="" class="wp-image-19021" width="625" height="221" /></figure></div>


<h3><strong><span class="JsGRdQ">Você conhece o Núcleo de Apoio à Comunicação e Eventos?</span></strong></h3>
<p><span class="JsGRdQ">Vamos apresentar as principais características do NACE e o seu funcionamento no </span><span class="JsGRdQ">Campus</span><span class="JsGRdQ"> Catu.</span></p>
<p><strong><span class="JsGRdQ">O que e o NACE?</span></strong></p>


<p>É um Núcleo responsável por apoiar e desenvolver ações de relacionamento com a imprensa local, divulgações de campanhas, organização de eventos, produção de conteúdos midiáticos, atualização de informações institucionais e mídias sociais do C<em>ampus </em>Catu.</p>



<p><strong>Qual é o objetivo do NACE?</strong></p>



<p>Fortalecer a imagem e a identidade do Instituto, por meio de ações integradas com as diversas áreas do <em>Campus</em>, que possibilitem a interlocução com a sociedade, apresentando o instituto e os serviços que são ofertados.</p>



<p><strong>Contatos do NACE</strong></p>



<p>•E-mail: ascom@catu.ifbaiano.edu.br</p>



<p>•E-mail: suporte.ascom@catu.ifbaiano.edu.br</p>



<p>• Telefone: XXXX-XXXX</p>



<p><strong>Fluxo de solicitação de divulgação do NACE</strong></p>



<p>A divulgação de notícias, eventos, pedidos de reportagens ou demais solicitações ligadas à área de comunicação bem como pedidos de publicação nas páginas e nas mídias sociais do <em>Campus</em> devem ser encaminhadas previamente ao gabinete, através do e-mail institucional &lt;gabinete@catu.ifbaiano.edu.br&gt;.</p>



<p></p>



<p></p>



<p></p>



<p></p>



<p></p>

<p>Você conhece o Núcleo de Apoio à Comunicação e Eventos? Vamos apresentar as principais características do NACE e o seu funcionamento no Campus Catu. O que e o NACE? É um Núcleo responsável por apoiar e desenvolver ações de relacionamento com a imprensa local, divulgações de campanhas, organização de eventos, produção de conteúdos midiáticos, atualização [&hellip;]</p>
