{"id":4836,"date":"2015-11-11T11:47:29","date_gmt":"2015-11-11T11:47:29","guid":{"rendered":"http:\/\/www.ifbaiano.edu.br\/unidades\/catu\/?page_id=4836"},"modified":"2017-10-04T17:10:33","modified_gmt":"2017-10-04T17:10:33","slug":"tecnico-em-agropecuaria","status":"publish","type":"page","link":"https:\/\/www.ifbaiano.edu.br\/unidades\/catu\/alunos-estagio\/tecnico-em-agropecuaria\/","title":{"rendered":"T\u00e9cnico em Agropecu\u00e1ria"},"content":{"rendered":"<p><span style=\"text-decoration: underline\"><strong>Formul\u00e1rio de avalia\u00e7\u00e3o de est\u00e1gio supervisionado obrigat\u00f3rio:<\/strong><\/span><\/p>\n<p style=\"text-align: justify\">Este question\u00e1rio visa obter informa\u00e7\u00f5es e sugest\u00f5es, que nos auxiliem no processo de avalia\u00e7\u00e3o do est\u00e1gio\/estagi\u00e1rio, al\u00e9m de contemplar alguns aspectos da pr\u00e1tica pedag\u00f3gica desenvolvida no Instituto, a fim de subsidiar informa\u00e7\u00f5es, para que possamos atender aos anseios dos estudantes e \u00e0s exig\u00eancias do mercado de trabalho.<\/p>\n<p>Para acessar o question\u00e1rio, clique em:<\/p>\n<p style=\"text-align: justify\">\u00a0<a href=\"https:\/\/docs.google.com\/forms\/d\/e\/1FAIpQLSfo7RmtnkziOi6qna7wY4wn8i9PzwR_Q8HqGHC9Q5GhfK4Yxg\/viewform\" target=\"_blank\"><strong>1 &#8211; AGROPECU\u00c1RIA \u2013 CONCLUINTES ANO 2014 <\/strong> \u2013 (ALUNOS DO SUBSEQUENTE QUE CONCLUIRAM EM 2014.2 E INTEGRADO QUE COM A GREVE FINALIZARAM EM MAR\u00c7O 2015)\u00a0<\/a><\/p>\n<p class=\"western\" style=\"margin-bottom: 0cm;text-align: justify\"><span style=\"font-family: TimesNewRomanPSMT\"><a href=\"https:\/\/docs.google.com\/forms\/d\/1bSASrWArGr0nr5affy1RX6O6fcgfZmZ_3F2G5sxprVM\/viewform\" target=\"_blank\"><strong>2-AGROPECU\u00c1RIA &#8211; CONCLUINTES ANO 2015 &#8211;<\/strong> (ALUNOS DO SUBSEQUENTE QUE CONCLUIRAM EM 2015.2 E INTEGRADO QUE COM A GREVE FINALIZARAM EM\u00a0MAR\u00c7O 2016)\u00a0<\/a><\/span><\/p>\n<p>&nbsp;<\/p>\n<h3 align=\"JUSTIFY\"><\/h3>\n<h3 class=\"western\" style=\"margin-bottom: 0cm\" align=\"JUSTIFY\"><\/h3>\n<p><span style=\"font-family: TimesNewRomanPSMT\"><strong><br \/>\n<\/strong><\/span><\/p>\n<p><span style=\"font-family: TimesNewRomanPSMT\"><strong><br \/>\n<\/strong><\/span><\/p>\n<p>&nbsp;<\/p>\n<p>&nbsp;<\/p>\n<p><strong><br \/>\n<\/strong><\/p>\n<p>&nbsp;<\/p>\n","protected":false},"excerpt":{"rendered":"<p>Formul\u00e1rio de avalia\u00e7\u00e3o de est\u00e1gio supervisionado obrigat\u00f3rio: Este question\u00e1rio visa obter informa\u00e7\u00f5es e sugest\u00f5es, que nos auxiliem no processo de avalia\u00e7\u00e3o do est\u00e1gio\/estagi\u00e1rio, al\u00e9m de contemplar alguns aspectos da pr\u00e1tica pedag\u00f3gica desenvolvida no Instituto, a fim de subsidiar informa\u00e7\u00f5es, para que possamos atender aos anseios dos estudantes e \u00e0s exig\u00eancias do mercado de trabalho. Para [&hellip;]<\/p>\n","protected":false},"author":27,"featured_media":0,"parent":123,"menu_order":0,"comment_status":"open","ping_status":"closed","template":"","meta":[],"_links":{"self":[{"href":"https:\/\/www.ifbaiano.edu.br\/unidades\/catu\/wp-json\/wp\/v2\/pages\/4836"}],"collection":[{"href":"https:\/\/www.ifbaiano.edu.br\/unidades\/catu\/wp-json\/wp\/v2\/pages"}],"about":[{"href":"https:\/\/www.ifbaiano.edu.br\/unidades\/catu\/wp-json\/wp\/v2\/types\/page"}],"author":[{"embeddable":true,"href":"https:\/\/www.ifbaiano.edu.br\/unidades\/catu\/wp-json\/wp\/v2\/users\/27"}],"replies":[{"embeddable":true,"href":"https:\/\/www.ifbaiano.edu.br\/unidades\/catu\/wp-json\/wp\/v2\/comments?post=4836"}],"version-history":[{"count":83,"href":"https:\/\/www.ifbaiano.edu.br\/unidades\/catu\/wp-json\/wp\/v2\/pages\/4836\/revisions"}],"predecessor-version":[{"id":16016,"href":"https:\/\/www.ifbaiano.edu.br\/unidades\/catu\/wp-json\/wp\/v2\/pages\/4836\/revisions\/16016"}],"up":[{"embeddable":true,"href":"https:\/\/www.ifbaiano.edu.br\/unidades\/catu\/wp-json\/wp\/v2\/pages\/123"}],"wp:attachment":[{"href":"https:\/\/www.ifbaiano.edu.br\/unidades\/catu\/wp-json\/wp\/v2\/media?parent=4836"}],"curies":[{"name":"wp","href":"https:\/\/api.w.org\/{rel}","templated":true}]}}