{"id":65,"date":"2021-10-18T14:26:32","date_gmt":"2021-10-18T17:26:32","guid":{"rendered":"http:\/\/localhost\/unidades\/bonfim\/?page_id=65"},"modified":"2024-10-09T10:33:05","modified_gmt":"2024-10-09T13:33:05","slug":"licenciatura","status":"publish","type":"page","link":"https:\/\/www.ifbaiano.edu.br\/unidades\/catu\/licenciatura\/","title":{"rendered":"Licenciatura em Qu\u00edmica (01)"},"content":{"rendered":"<p style=\"text-align: justify\">A implanta\u00e7\u00e3o do Curso de Qu\u00edmica no <em>Campus<\/em> visa \u00e0 forma\u00e7\u00e3o de professores de Qu\u00edmica, contribuindo para que as cidades da regi\u00e3o possam ter docentes em n\u00famero suficiente, para atuar no Ensino M\u00e9dio.<\/p>\n<p style=\"text-align: justify\">O Licenciado em Qu\u00edmica deve ter forma\u00e7\u00e3o generalista, mas s\u00f3lida e abrangente em conte\u00fados dos diversos campos da Qu\u00edmica, prepara\u00e7\u00e3o adequada \u00e0 aplica\u00e7\u00e3o pedag\u00f3gica do conhecimento e experi\u00eancias de Qu\u00edmica e de \u00e1reas afins, na atua\u00e7\u00e3o profissional como educador no Ensino Fundamental e M\u00e9dio.<\/p>\n<p style=\"text-align: justify\">O curso tem dura\u00e7\u00e3o m\u00ednima de 4 anos e m\u00e1xima de 6 anos.<\/p>\n<p>A carga hor\u00e1ria total do curso \u00e9 de 3.110 horas, assim distribu\u00eddas:<\/p>\n<ul>\n<li>400 horas de pr\u00e1tica de ensino, desenvolvidas ao longo de todo o curso;<\/li>\n<li>2.110 horas para conte\u00fados curriculares cient\u00edfico-pedag\u00f3gicos;<\/li>\n<li>200 horas para outras formas cient\u00edfico-culturais;<\/li>\n<li>400 horas de est\u00e1gio supervisionado.<\/li>\n<\/ul>\n<p><strong>Ingresso:<\/strong> Sele\u00e7\u00e3o Anual, atrav\u00e9s <strong>SISU<\/strong> (ingresso via Exame Nacional do Ensino M\u00e9dio &#8211;<strong> ENEM<\/strong>)<\/p>\n<p>Para mais informa\u00e7\u00f5es sobre o Curso clique nos<em> link<\/em>s abaixo:<\/p>\n<p><a href=\"http:\/\/www.ifbaiano.edu.br\/unidades\/catu\/calendarios-academicos\/\">CALEND\u00c1RIO<\/a><\/p>\n<p><a href=\"http:\/\/www.ifbaiano.edu.br\/unidades\/catu\/projetos-pedagogicos-dos-cursos\/\">PROJETO PEDAG\u00d3GICO DO CURSO<\/a><\/p>\n<p><a href=\"http:\/\/www.ifbaiano.edu.br\/unidades\/catu\/licenciatura\/infraestrutura-do-curso-licenciatura\/\" rel=\"attachment wp-att-6899\">Infraestrutura do Curso LICENCIATURA<\/a><\/p>\n<p><a href=\"http:\/\/www.ifbaiano.edu.br\/unidades\/catu\/licenciatura\/biblioteca_licenciatura\/\" rel=\"attachment wp-att-6900\">Biblioteca_Licenciatura<\/a><\/p>\n<p><a href=\"http:\/\/www.ifbaiano.edu.br\/unidades\/catu\/licenciatura\/organizacao-didatica-dos-cursos-superiores\/\" rel=\"attachment wp-att-6903\">Organizacao Didatica dos Cursos Superiores<\/a><\/p>\n<p><a title=\"Reconhecimento do Curso\" href=\"http:\/\/www.ifbaiano.edu.br\/unidades\/catu\/files\/2011\/05\/RECONHECIMENTO-CURSO-SUPERIOR.pdf\" target=\"_blank\" rel=\"noopener noreferrer\">Portaria de Reconhecimento do Curso &nbsp;<\/a><\/p>\n<p><a title=\"Autoriza\u00e7\u00e3o do Curso\" href=\"http:\/\/www.ifbaiano.edu.br\/unidades\/catu\/files\/2011\/05\/AUTORIZA\u00c7\u00c3O-CURSO-QU\u00cdMICA.pdf\" target=\"_blank\" rel=\"noopener noreferrer\">Autoriza\u00e7\u00e3o do Curso<\/a><\/p>\n<p><strong><a title=\"Avalia\u00e7\u00e3o do MEC\" href=\"http:\/\/emec.mec.gov.br\/emec\/consulta-cadastro\/detalhamento\/d96957f455f6405d14c6542552b0f6eb\/MTQ1MDk=\/9f1aa921d96ca1df24a34474cc171f61\/NDU=\" target=\"_blank\" rel=\"noopener noreferrer\">Avalia\u00e7\u00e3o do MEC<\/a><\/strong><\/p>\n<p><strong>N\u00facleo de Comunica\u00e7\u00e3o e Eventos \/ IF Baiano &#8211;<em> Campus<\/em> Catu<\/strong><\/p>\n\n\n<hr class=\"wp-block-separator has-text-color has-vivid-red-color has-css-opacity has-vivid-red-background-color has-background is-style-wide\" \/>\n\n\n\n<hr class=\"wp-block-separator has-text-color has-vivid-cyan-blue-color has-css-opacity has-vivid-cyan-blue-background-color has-background aligncenter is-style-wide\" \/>\n\n\n<div class=\"wp-block-image\">\n<figure class=\"aligncenter size-full is-resized\"><img decoding=\"async\" loading=\"lazy\" src=\"https:\/\/www.ifbaiano.edu.br\/unidades\/catu\/files\/2021\/10\/QUIMICA-2.png\" alt=\"\" class=\"wp-image-19772\" width=\"598\" height=\"422\" \/><\/figure><\/div>\n\n\n<p><a href=\"https:\/\/www.ifbaiano.edu.br\/unidades\/catu\/files\/2021\/10\/PPC_Catu_2013.pdf\" target=\"_blank\" rel=\"noreferrer noopener\">PPC_Catu_2013<\/a><\/p>\n\n\n\n<p><a href=\"https:\/\/www.ifbaiano.edu.br\/unidades\/catu\/files\/2021\/10\/Licenciatura-em-Quimica-PPC-2017-2018-Alteracao-2020-Matriz.pdf\" target=\"_blank\" rel=\"noreferrer noopener\">Licenciatura em Qu\u00edmica PPC 2017-2018 &#8211; Altera\u00e7\u00e3o 2020-Matriz<\/a><\/p>\n\n\n\n<p><a href=\"https:\/\/www.ifbaiano.edu.br\/unidades\/catu\/files\/2021\/10\/Guia-de-orientacoes-paro-do-semestre-letivo-APNPs-2021.1.pdf\" target=\"_blank\" rel=\"noreferrer noopener\">Guia de orienta\u00e7\u00f5es paro do semestre letivo &#8211; APNPs &#8211; 2021.1<\/a><\/p>\n\n\n\n<hr class=\"wp-block-separator has-text-color has-vivid-purple-color has-css-opacity has-vivid-purple-background-color has-background is-style-wide\" \/>\n\n\n\n<p><a href=\"https:\/\/www.ifbaiano.edu.br\/unidades\/catu\/files\/2021\/10\/DIVISAO-DE-BLOCOS-POR-COMPONENTE-2021.1.pdf\" target=\"_blank\" rel=\"noreferrer noopener\">DIVIS\u00c3O DE BLOCOS POR COMPONENTE &#8211; 2021.1<\/a><\/p>\n\n\n\n<p><a href=\"https:\/\/www.ifbaiano.edu.br\/unidades\/catu\/files\/2021\/10\/Horario-1-semestre-2021.1-BLOCO-1-COMISSAO-DE-CALENDARIO-2.pdf\" target=\"_blank\" rel=\"noreferrer noopener\">Hor\u00e1rio &#8211; 1 semestre &#8211; 2021.1 &#8211; BLOCO 1 &#8211; COMISS\u00c3O DE CALEND\u00c1RIO-2<\/a><\/p>\n\n\n\n<p><a href=\"https:\/\/www.ifbaiano.edu.br\/unidades\/catu\/files\/2021\/10\/Horario-1-semestre-2021.1-BLOCO-2-COMISSAO-DE-CALENDARIO-2.pdf\" target=\"_blank\" rel=\"noreferrer noopener\">Hor\u00e1rio &#8211; 1 semestre &#8211; 2021.1 &#8211; BLOCO 2 &#8211; COMISS\u00c3O DE CALEND\u00c1RIO-2<\/a><\/p>\n\n\n\n<hr class=\"wp-block-separator has-text-color has-vivid-purple-color has-css-opacity has-vivid-purple-background-color has-background is-style-wide\" \/>\n\n\n\n<p><a href=\"https:\/\/www.ifbaiano.edu.br\/unidades\/catu\/files\/2021\/10\/Horario-3-semestre-2021.1-BLOCO-1-COMISSAO-DE-CALENDARIO.pdf\" target=\"_blank\" rel=\"noreferrer noopener\">Hor\u00e1rio &#8211; 3 semestre &#8211; 2021.1 &#8211; BLOCO 1 &#8211; COMISS\u00c3O DE CALEND\u00c1RIO<\/a><\/p>\n\n\n\n<p><a href=\"https:\/\/www.ifbaiano.edu.br\/unidades\/catu\/files\/2021\/10\/Horario-3-semestre-2021.1-BLOCO-2-COMISSAO-DE-CALENDARIO.pdf\" target=\"_blank\" rel=\"noreferrer noopener\">Hor\u00e1rio &#8211; 3 semestre &#8211; 2021.1 &#8211; BLOCO 2 &#8211; COMISS\u00c3O DE CALEND\u00c1RIO<\/a><\/p>\n\n\n\n<hr class=\"wp-block-separator has-text-color has-vivid-purple-color has-css-opacity has-vivid-purple-background-color has-background is-style-wide\" \/>\n\n\n\n<p><a href=\"https:\/\/www.ifbaiano.edu.br\/unidades\/catu\/files\/2021\/10\/Horario-5-semestre-2021.1-BLOCO-1-COMISSAO-DE-CALENDARIO.pdf\" target=\"_blank\" rel=\"noreferrer noopener\">Hor\u00e1rio &#8211; 5 semestre &#8211; 2021.1 &#8211; BLOCO 1 &#8211; COMISS\u00c3O DE CALEND\u00c1RIO<\/a><\/p>\n\n\n\n<p><a href=\"https:\/\/www.ifbaiano.edu.br\/unidades\/catu\/files\/2021\/10\/Horario-5-semestre-2021.1-BLOCO-2-COMISSAO-DE-CALENDARIO.pdf\" target=\"_blank\" rel=\"noreferrer noopener\">Hor\u00e1rio &#8211; 5 semestre &#8211; 2021.1 &#8211; BLOCO 2 &#8211; COMISS\u00c3O DE CALEND\u00c1RIO<\/a><\/p>\n\n\n\n<hr class=\"wp-block-separator has-text-color has-vivid-purple-color has-css-opacity has-vivid-purple-background-color has-background is-style-wide\" \/>\n\n\n\n<p><a href=\"https:\/\/www.ifbaiano.edu.br\/unidades\/catu\/files\/2021\/10\/Horario-7-semestre-2021.1-BLOCO-1-COMISSAO-DE-CALENDARIO.pdf\" target=\"_blank\" rel=\"noreferrer noopener\">Hor\u00e1rio &#8211; 7 semestre &#8211; 2021.1 &#8211; BLOCO 1 &#8211; COMISS\u00c3O DE CALEND\u00c1RIO<\/a><\/p>\n\n\n\n<p><a href=\"https:\/\/www.ifbaiano.edu.br\/unidades\/catu\/files\/2021\/10\/Horario-7-semestre-2021.1-BLOCO-2-COMISSAO-DE-CALENDARIO.pdf\" target=\"_blank\" rel=\"noreferrer noopener\">Hor\u00e1rio &#8211; 7 semestre &#8211; 2021.1 &#8211; BLOCO 2 &#8211; COMISS\u00c3O DE CALEND\u00c1RIO<\/a><\/p>\n\n\n\n<hr class=\"wp-block-separator has-text-color has-pale-pink-color has-css-opacity has-pale-pink-background-color has-background is-style-wide\" \/>\n\n\n\n<p><a href=\"https:\/\/www.ifbaiano.edu.br\/unidades\/catu\/files\/2021\/10\/Horario-DISCIPLINAS-EXTRAS-2021.1-BLOCO-1-COMISSAO-DE-CALENDARIO.pdf\" target=\"_blank\" rel=\"noreferrer noopener\">Hor\u00e1rio &#8211; DISCIPLINAS EXTRAS &#8211; 2021.1 &#8211; BLOCO 1 &#8211; COMISS\u00c3O DE CALEND\u00c1RIO<\/a><\/p>\n\n\n\n<p><a href=\"https:\/\/www.ifbaiano.edu.br\/unidades\/catu\/files\/2021\/10\/Horario-DISCIPLINAS-EXTRAS-2021.1-BLOCO-2-COMISSAO-DE-CALENDARIO.pdf\" target=\"_blank\" rel=\"noreferrer noopener\">Hor\u00e1rio &#8211; DISCIPLINAS EXTRAS &#8211; 2021.1 &#8211; BLOCO 2 &#8211; COMISS\u00c3O DE CALEND\u00c1RIO<\/a><\/p>\n\n\n\n<hr class=\"wp-block-separator has-text-color has-vivid-green-cyan-color has-css-opacity has-vivid-green-cyan-background-color has-background is-style-wide\" \/>\n\n\n\n<p> <em><strong>N\u00facleo de Apoio<\/strong> \u00e0 <strong>Comunica\u00e7\u00e3o e Eventos \/ IF Baiano &#8211; Campus Catu<\/strong><\/em> <\/p>\n\n\n\n<hr class=\"wp-block-separator has-text-color has-vivid-red-color has-css-opacity has-vivid-red-background-color has-background is-style-wide\" \/>\n\n\n<div class=\"wp-block-image\">\n<figure class=\"aligncenter size-large is-resized\"><img decoding=\"async\" loading=\"lazy\" src=\"https:\/\/www.ifbaiano.edu.br\/unidades\/catu\/files\/2021\/05\/GUIA-DE-ORIENTACOES-PARA-FINALIZACAO-SEMESTRE-LETIVO-2020.1-COLEGIADO-DO-CURSO-DE-LICENCIATURA-EM-QUIMICA.png\" alt=\"\" class=\"wp-image-19004\" width=\"449\" height=\"317\" \/><\/figure><\/div>\n\n\n<p><a href=\"https:\/\/www.ifbaiano.edu.br\/unidades\/catu\/files\/2021\/05\/Guia-de-orientacoes-paro-do-semestre-letivo-APNPs.pdf\" target=\"_blank\" rel=\"noreferrer noopener\">GUIA DE ORIENTA\u00c7\u00c3O PARA O SEMESTRE LETIVO &#8211; APNPs<\/a><\/p>\n\n\n\n<p><a href=\"https:\/\/www.ifbaiano.edu.br\/unidades\/catu\/files\/2021\/05\/DISCIPLINAS-ORDENADAS-EM-DOIS-BLOCOS-POR-DIAS-LETIVOS-2020.2.pdf\" target=\"_blank\" rel=\"noreferrer noopener\">DISCIPLINAS ORDENADAS EM DOIS BLOCOS POR DIAS LETIVOS &#8211; 2020.2<\/a><\/p>\n\n\n\n<p><a href=\"https:\/\/www.ifbaiano.edu.br\/unidades\/catu\/files\/2021\/05\/Horario-2-semestre-2020.2-BLOCO-1.pdf\" target=\"_blank\" rel=\"noreferrer noopener\">HOR\u00c1RIO &#8211; 2 SEMESTRE &#8211; 2020.2 &#8211; BLOCO 1<\/a><\/p>\n\n\n\n<p><a href=\"https:\/\/www.ifbaiano.edu.br\/unidades\/catu\/files\/2021\/05\/Horario-4-semestre-2020.2-BLOCO-1.pdf\" target=\"_blank\" rel=\"noreferrer noopener\">HOR\u00c1RIO &#8211; 4 SEMESTRE &#8211; 2020.2 &#8211; BLOCO 1<\/a><\/p>\n\n\n\n<p><a href=\"https:\/\/www.ifbaiano.edu.br\/unidades\/catu\/files\/2021\/05\/Horario-6-semestre-2020.2-BLOCO-1.pdf\" target=\"_blank\" rel=\"noreferrer noopener\">HOR\u00c1RIO &#8211; 6 SEMESTRE &#8211; 2020.2 &#8211; BLOCO 1<\/a><\/p>\n\n\n\n<p><a href=\"https:\/\/www.ifbaiano.edu.br\/unidades\/catu\/files\/2021\/05\/Horario-8-semestre-2020.2-BLOCO-1.pdf\" target=\"_blank\" rel=\"noreferrer noopener\">HOR\u00c1RIO &#8211; 8 SEMESTRE &#8211; 2020.2 &#8211; BLOCO 1<\/a><\/p>\n\n\n\n<p><a rel=\"noreferrer noopener\" href=\"https:\/\/www.ifbaiano.edu.br\/unidades\/catu\/files\/2021\/05\/Horario-Disciplinas-Extras-2020.2-BLOCO-1.pdf\" target=\"_blank\">HOR\u00c1RIO &#8211; DISCIPLINAS EXTRAS &#8211; 2020.2 &#8211; BLOCO 1<\/a><\/p>\n\n\n\n<p><\/p>\n\n\n\n<p class=\"has-black-color has-text-color\"><em><strong>N\u00facleo de Apoio<\/strong> \u00e0 <strong>Comunica\u00e7\u00e3o e Eventos \/ IF Baiano &#8211; Campus Catu<\/strong><\/em><\/p>\n","protected":false},"excerpt":{"rendered":"<p>A implanta\u00e7\u00e3o do Curso de Qu\u00edmica no Campus visa \u00e0 forma\u00e7\u00e3o de professores de Qu\u00edmica, contribuindo para que as cidades da regi\u00e3o possam ter docentes em n\u00famero suficiente, para atuar no Ensino M\u00e9dio. O Licenciado em Qu\u00edmica deve ter forma\u00e7\u00e3o generalista, mas s\u00f3lida e abrangente em conte\u00fados dos diversos campos da Qu\u00edmica, prepara\u00e7\u00e3o adequada \u00e0 [&hellip;]<\/p>\n","protected":false},"author":1,"featured_media":0,"parent":0,"menu_order":0,"comment_status":"closed","ping_status":"closed","template":"","meta":[],"_links":{"self":[{"href":"https:\/\/www.ifbaiano.edu.br\/unidades\/catu\/wp-json\/wp\/v2\/pages\/65"}],"collection":[{"href":"https:\/\/www.ifbaiano.edu.br\/unidades\/catu\/wp-json\/wp\/v2\/pages"}],"about":[{"href":"https:\/\/www.ifbaiano.edu.br\/unidades\/catu\/wp-json\/wp\/v2\/types\/page"}],"author":[{"embeddable":true,"href":"https:\/\/www.ifbaiano.edu.br\/unidades\/catu\/wp-json\/wp\/v2\/users\/1"}],"replies":[{"embeddable":true,"href":"https:\/\/www.ifbaiano.edu.br\/unidades\/catu\/wp-json\/wp\/v2\/comments?post=65"}],"version-history":[{"count":43,"href":"https:\/\/www.ifbaiano.edu.br\/unidades\/catu\/wp-json\/wp\/v2\/pages\/65\/revisions"}],"predecessor-version":[{"id":24565,"href":"https:\/\/www.ifbaiano.edu.br\/unidades\/catu\/wp-json\/wp\/v2\/pages\/65\/revisions\/24565"}],"wp:attachment":[{"href":"https:\/\/www.ifbaiano.edu.br\/unidades\/catu\/wp-json\/wp\/v2\/media?parent=65"}],"curies":[{"name":"wp","href":"https:\/\/api.w.org\/{rel}","templated":true}]}}