{"id":207,"date":"2012-11-29T13:55:51","date_gmt":"2012-11-29T13:55:51","guid":{"rendered":"http:\/\/www.ifbaiano.edu.br\/unidades\/gmb\/?page_id=207"},"modified":"2022-04-06T14:07:13","modified_gmt":"2022-04-06T17:07:13","slug":"cgpp","status":"publish","type":"page","link":"https:\/\/www.ifbaiano.edu.br\/unidades\/gmb\/dde\/cgpp\/","title":{"rendered":"Pesquisa e Extens\u00e3o"},"content":{"rendered":"<p><\/p>\n\n\n<div class=\"wp-block-columns is-layout-flex wp-container-5\">\n<div class=\"wp-block-column is-layout-flow\">\n<h2 class=\"wp-block-heading\"><strong>Coordena\u00e7\u00e3o de Pesquisa&nbsp;<\/strong><\/h2>\n\n\n\n<p>A Coordena\u00e7\u00e3o de Pesquisa est\u00e1 sob a responsabilidade da Profa. Dr\u00aa.&nbsp; Jacqueline Araujo Castro.&nbsp; As a\u00e7\u00f5es de Pesquisa no \u00e2mbito dos <em>Campi<\/em> s\u00e3o desenvolvidas em articula\u00e7\u00e3o com o Ensino e a Extens\u00e3o, e integram um processo educativo de forma\u00e7\u00e3o dos sujeitos como&nbsp;investigadores e empreendedores, visando, al\u00e9m da produ\u00e7\u00e3o e difus\u00e3o de conhecimentos nos diversos campos do saber, da arte e da cultura, \u00e0 inova\u00e7\u00e3o e \u00e0 solu\u00e7\u00e3o de problemas de cunho social, cient\u00edfico e tecnol\u00f3gico, favorecendo o desenvolvimento social, econ\u00f4mico e cultural.&nbsp;Anualmente s\u00e3o divulgados editais da PROPES e de ag\u00eancias externas de fomento que possibilitam aos estudantes participarem como bolsistas de Inicia\u00e7\u00e3o Cient\u00edfica &#8211; IC ou volunt\u00e1rios em projetos das mais distintas \u00e1reas do conhecimentos, coordenados pelos servidores do <em>Campus<\/em> Governador Mangabeira.<\/p>\n\n\n\n<div class=\"wp-block-buttons is-layout-flex\">\n<div class=\"wp-block-button\"><a class=\"wp-block-button__link\" href=\"https:\/\/www.ifbaiano.edu.br\/unidades\/gmb\/projetos-de-pesquisa\">CONFIRA OS PROJETOS DE PESQUISA<\/a><\/div>\n<\/div>\n<\/div>\n\n\n\n<div class=\"wp-block-column is-layout-flow\">\n<h2 class=\"wp-block-heading\"><strong>Coordena\u00e7\u00e3o de Extens\u00e3o<\/strong><\/h2>\n\n\n\n<p>A Coordena\u00e7\u00e3o de Extens\u00e3o est\u00e1 sob a responsabilidade da Profa. MSc. Beth\u00e2nia Felix Miranda Ramos. As atividades de extens\u00e3o englobam processos educativos, art\u00edsticos, culturais, esportivos, cient\u00edficos e tecnol\u00f3gicos desenvolvidos junto a pessoas, grupos e comunidades, articulados ao ensino e \u00e0 pesquisa e que implicam em transfer\u00eancia m\u00fatua de conhecimentos entre o IF Baiano e as comunidades interna e externa. Anualmente s\u00e3o divulgados editais internos que possibilitam aos estudantes participarem como bolsistas ou volunt\u00e1rios em projetos de &nbsp;extens\u00e3o, coordenados pelos servidores do Campus Governador Mangabeira.<\/p>\n\n\n\n<p><\/p>\n\n\n\n<div class=\"wp-block-buttons is-layout-flex\">\n<div class=\"wp-block-button\"><a class=\"wp-block-button__link\" href=\"https:\/\/www.ifbaiano.edu.br\/unidades\/gmb\/projetos-de-extensao\/\">CONFIRA OS PROJETOS DE EXTENS\u00c3O <\/a><\/div>\n<\/div>\n<\/div>\n<\/div>\n\n\n\n<!--nextpage-->\n\n\n\n<div class=\"wp-block-image\"><figure class=\"aligncenter size-large\"><img decoding=\"async\" loading=\"lazy\" width=\"1265\" height=\"152\" src=\"https:\/\/www.ifbaiano.edu.br\/unidades\/gmb\/files\/2020\/03\/linha-1.jpg\" alt=\"\" class=\"wp-image-5197\" \/><figcaption>                               <strong>CAMPUS GOVERNADOR MANGABEIRA<\/strong><\/figcaption><\/figure><\/div>\n\n\n\n<p><strong>APRESENTA\u00c7\u00c3O<\/strong><\/p>\n\n\n\n<p>Trata-se de um meio de comunica\u00e7\u00e3o t\u00e9cnico-did\u00e1tico do <em>campus<\/em> Governador Mangabeira do Instituto Federal de Educa\u00e7\u00e3o, Ci\u00eancia e Tecnologia Baiano (IF Baiano). O objetivo deste meio de comunica\u00e7\u00e3o \u00e9 promover a difus\u00e3o de trabalhos t\u00e9cnico-cient\u00edficos dos servidores do <em>campus<\/em>, bem como estimular e apoiar a elabora\u00e7\u00e3o e editora\u00e7\u00e3o de apostilas did\u00e1ticas que ser\u00e3o difundidas \u00e0 sociedade por meio do site institucional e redes sociais.<\/p>\n\n\n\n<p><\/p>\n\n\n\n<p><strong>CONDI\u00c7\u00d5ES PARA SUBMISS\u00c3O<\/strong><\/p>\n\n\n\n<p><strong>*<\/strong>Os trabalhos poder\u00e3o ser submetidos de forma cont\u00ednua atrav\u00e9s do email: <strong>boletim@gm.ifbaiano.edu.br<\/strong>, em formato de documento do <em>LibreOffice Writer<\/em> ou <em>Microsoft Word<\/em>;<\/p>\n\n\n\n<p><strong>*<\/strong>A contribui\u00e7\u00e3o \u00e9 original e in\u00e9dita, e n\u00e3o est\u00e1 sendo avaliada para publica\u00e7\u00e3o por outra revista;<\/p>\n\n\n\n<p><strong>*<\/strong>Ser de autoria de servidor do <em>campus<\/em> Governador Mangabeira, podendo considerar a participa\u00e7\u00e3o de profissionais de outras institui\u00e7\u00f5es como co-autor (a);<\/p>\n\n\n\n<p><strong>*<\/strong>O texto segue os padr\u00f5es de estilo e requisitos bibliogr\u00e1ficos descritos em Diretrizes para Autores.<\/p>\n\n\n\n<p><strong>SE\u00c7\u00d5ES<\/strong><\/p>\n\n\n\n<p><strong>Boletim T\u00e9cnico:<\/strong> Publica trabalhos de transfer\u00eancia de conhecimentos de cunho pr\u00e1tico, baseados em resultados experimentais ou em observa\u00e7\u00f5es realizados por servidores do <em>campus<\/em>, difundindo conhecimento t\u00e9cnico e tecnol\u00f3gico que atendem demandas regionais, com linguagem simples e acess\u00edvel, priorizando est\u00edmulos visuais, como fotos, ilustra\u00e7\u00f5es e imagens para impacto direto no p\u00fablico interessado.<\/p>\n\n\n\n<p><strong>Apostila Did\u00e1tica<\/strong>: Publica conte\u00fados adequados \u00e0 forma\u00e7\u00e3o profissional e t\u00e9cnica, de forma clara, pr\u00e1tica e atual, para serem utilizadas em conjunto com as bibliografias b\u00e1sicas e complementares dos cursos e suas disciplinas. Elaboradas por docentes, ser\u00e3o aplicadas para potencializar o aprendizado do aluno funcionando como um facilitador da pr\u00e1tica educativa.<\/p>\n\n\n\n<p><strong>\u00c1REAS DE CONHECIMENTO<\/strong><\/p>\n\n\n\n<p>Ci\u00eancias Agr\u00e1rias, Ci\u00eancia e Tecnologia de alimentos, Gastronomia, Ci\u00eancia da Computa\u00e7\u00e3o, Matem\u00e1tica, Qu\u00edmica, F\u00edsica, Ci\u00eancias Biol\u00f3gicas, Ci\u00eancias Humanas, Educa\u00e7\u00e3o, Ci\u00eancias da Sa\u00fade, Lingu\u00edstica, Letras e Artes, Multidisciplinar<\/p>\n\n\n\n<p>Para mais informa\u00e7\u00f5es acesse:<\/p>\n\n\n\n<p><strong>DIRETRIZES PARA AUTORES<\/strong> : <a href=\"https:\/\/www.ifbaiano.edu.br\/unidades\/gmb\/files\/2020\/03\/DiretrizesParaAutores_BoletimTD_GM.pdf\">DiretrizesParaAutores_BoletimTD_GM<\/a><\/p>\n\n\n\n<figure class=\"wp-block-image size-large is-resized\"><img decoding=\"async\" loading=\"lazy\" src=\"https:\/\/www.ifbaiano.edu.br\/unidades\/gmb\/files\/2020\/03\/linha.jpg\" alt=\"\" class=\"wp-image-5194\" width=\"733\" height=\"37\" \/><figcaption><strong> BIBLIOTECA &#8211; Boletins T\u00e9cnicos e Apostilas Did\u00e1ticas <\/strong><\/figcaption><\/figure>\n\n\n\n<div class=\"wp-block-group alignwide has-very-light-gray-background-color has-background is-layout-flow\"><div class=\"wp-block-group__inner-container\">\n<div class=\"wp-block-media-text alignwide is-vertically-aligned-center\" style=\"grid-template-columns:24% auto\"><figure class=\"wp-block-media-text__media\"><img decoding=\"async\" loading=\"lazy\" width=\"423\" height=\"599\" src=\"https:\/\/www.ifbaiano.edu.br\/unidades\/gmb\/files\/2020\/06\/Sem-t\u00edtulo-2.png\" alt=\"\" class=\"wp-image-5316 size-full\" \/><\/figure><div class=\"wp-block-media-text__content\">\n<h2 class=\"wp-block-heading\">  <a href=\"https:\/\/www.ifbaiano.edu.br\/unidades\/gmb\/files\/2020\/06\/IF-Baiano-GMB_Boletim-T%C3%A9cnico-N%C2%BA-1-Ano-01_ISBN-9786587749099.pdf\">Bioinform\u00e1tica como Objeto de Aprendizagem Digital (OAD) para o ensino da Biologia Molecular <\/a> <\/h2>\n\n\n\n<p class=\"has-text-align-left\"><strong>Autores<\/strong>: CASTRO, J. A; SANTOS, M. C. dos; RAMALHO, S. A; CHAVES, J. L.<br><strong>Se\u00e7\u00e3o<\/strong>: Boletim T\u00e9cnico<br><strong>Ano da Publica\u00e7\u00e3o<\/strong>: 2020 <\/p>\n<\/div><\/div>\n<\/div><\/div>\n\n\n<p><!--EndFragment--><\/p>\n\n\n<div class=\"wp-block-group alignwide has-very-light-gray-background-color has-background is-layout-flow\"><div class=\"wp-block-group__inner-container\">\n<div class=\"wp-block-media-text alignwide is-vertically-aligned-center\" style=\"grid-template-columns:24% auto\"><figure class=\"wp-block-media-text__media\"><img decoding=\"async\" loading=\"lazy\" width=\"398\" height=\"554\" src=\"https:\/\/www.ifbaiano.edu.br\/unidades\/gmb\/files\/2020\/11\/boletimmm.png\" alt=\"\" class=\"wp-image-6213 size-full\" \/><\/figure><div class=\"wp-block-media-text__content\">\n<h2 class=\"wp-block-heading\">  <\/h2>\n\n\n\n<h2 class=\"wp-block-heading\"><a href=\"https:\/\/www.ifbaiano.edu.br\/unidades\/gmb\/files\/2020\/11\/IF-Bainao-GMB_Boletim-Tecnico-No-2-Ano-01_ISBN-9786587749068.pdf\">M\u00faltiplos saberes:<br>pr\u00e1ticas educacionais contempor\u00e2neas<\/a><\/h2>\n\n\n\n<p class=\"has-text-align-left\"><strong>Autores<\/strong>: SILVA, M. D. e; MIRANDA, O. C.; SANTOS, R. C. O. dos<br><strong>Se\u00e7\u00e3o<\/strong>: Boletim T\u00e9cnico<br><strong>Ano da Publica\u00e7\u00e3o<\/strong>: 2020 <\/p>\n<\/div><\/div>\n<\/div><\/div>\n\n\n\n<div style=\"height:100px\" aria-hidden=\"true\" class=\"wp-block-spacer\"><\/div>\n\n\n\n<!--nextpage-->\n\n\n\n<figure class=\"wp-block-image size-large is-resized\"><img decoding=\"async\" loading=\"lazy\" src=\"https:\/\/www.ifbaiano.edu.br\/unidades\/gmb\/files\/2020\/03\/linha.jpg\" alt=\"\" class=\"wp-image-5194\" width=\"1287\" height=\"64\" \/><\/figure>\n\n\n\n<div class=\"wp-block-buttons is-layout-flex\">\n<div class=\"wp-block-button\"><a class=\"wp-block-button__link\" href=\"https:\/\/www.ifbaiano.edu.br\/unidades\/gmb\/projetos-de-pesquisa-e-extensao-2019\/\/\">2019<\/a><\/div>\n\n\n\n<div class=\"wp-block-button\"><a class=\"wp-block-button__link\" href=\"https:\/\/www.ifbaiano.edu.br\/unidades\/gmb\/2020\/10\/14\/edital-de-selecao-de-projetos-de-extensao-pesquisa-e-inovacao-do-campus-governador-mangabeira\/\">2020<\/a><\/div>\n<\/div>\n\n\n\n<p class=\"has-text-align-left\"><\/p>\n\n\n\n<div class=\"wp-block-columns is-layout-flex wp-container-11\">\n<div class=\"wp-block-column is-layout-flow\"><\/div>\n\n\n\n<div class=\"wp-block-column is-layout-flow\"><\/div>\n<\/div>\n\n\n\n<p><\/p>\n","protected":false},"excerpt":{"rendered":"<p>Coordena\u00e7\u00e3o de Pesquisa&nbsp; A Coordena\u00e7\u00e3o de Pesquisa est\u00e1 sob a responsabilidade da Profa. Dr\u00aa.&nbsp; Jacqueline Araujo Castro.&nbsp; As a\u00e7\u00f5es de Pesquisa no \u00e2mbito dos Campi s\u00e3o desenvolvidas em articula\u00e7\u00e3o com o Ensino e a Extens\u00e3o, e integram um processo educativo de forma\u00e7\u00e3o dos sujeitos como&nbsp;investigadores e empreendedores, visando, al\u00e9m da produ\u00e7\u00e3o e difus\u00e3o de conhecimentos [&hellip;]<\/p>\n","protected":false},"author":37,"featured_media":0,"parent":229,"menu_order":0,"comment_status":"open","ping_status":"closed","template":"","meta":[],"_links":{"self":[{"href":"https:\/\/www.ifbaiano.edu.br\/unidades\/gmb\/wp-json\/wp\/v2\/pages\/207"}],"collection":[{"href":"https:\/\/www.ifbaiano.edu.br\/unidades\/gmb\/wp-json\/wp\/v2\/pages"}],"about":[{"href":"https:\/\/www.ifbaiano.edu.br\/unidades\/gmb\/wp-json\/wp\/v2\/types\/page"}],"author":[{"embeddable":true,"href":"https:\/\/www.ifbaiano.edu.br\/unidades\/gmb\/wp-json\/wp\/v2\/users\/37"}],"replies":[{"embeddable":true,"href":"https:\/\/www.ifbaiano.edu.br\/unidades\/gmb\/wp-json\/wp\/v2\/comments?post=207"}],"version-history":[{"count":80,"href":"https:\/\/www.ifbaiano.edu.br\/unidades\/gmb\/wp-json\/wp\/v2\/pages\/207\/revisions"}],"predecessor-version":[{"id":7581,"href":"https:\/\/www.ifbaiano.edu.br\/unidades\/gmb\/wp-json\/wp\/v2\/pages\/207\/revisions\/7581"}],"up":[{"embeddable":true,"href":"https:\/\/www.ifbaiano.edu.br\/unidades\/gmb\/wp-json\/wp\/v2\/pages\/229"}],"wp:attachment":[{"href":"https:\/\/www.ifbaiano.edu.br\/unidades\/gmb\/wp-json\/wp\/v2\/media?parent=207"}],"curies":[{"name":"wp","href":"https:\/\/api.w.org\/{rel}","templated":true}]}}