{"id":69,"date":"2012-10-04T18:39:19","date_gmt":"2012-10-04T18:39:19","guid":{"rendered":"http:\/\/www.ifbaiano.edu.br\/unidades\/gmb\/?page_id=69"},"modified":"2020-09-10T10:19:55","modified_gmt":"2020-09-10T13:19:55","slug":"infraestrutura","status":"publish","type":"page","link":"https:\/\/www.ifbaiano.edu.br\/unidades\/gmb\/infraestrutura\/","title":{"rendered":"Infraestrutura"},"content":{"rendered":"<p align=\"justify\"><strong><span style=\"font-size: large\">Atualmente a Estrutura F\u00edsica do Campus \u00e9 composta por:<\/span><\/strong><\/p>\n<p align=\"justify\"><span style=\"font-size: large\">Descri\u00e7\u00e3o\/Quantidade:<\/span><\/p>\n<p align=\"justify\"><span style=\"font-size: large\">Sala de dire\u00e7\u00e3o &#8211; 01<\/span><\/p>\n<p align=\"justify\"><span style=\"font-size: large\">Salas de Coordena\u00e7\u00e3o &#8211; 05<\/span><\/p>\n<p align=\"justify\"><span style=\"font-size: large\">Salas administrativas &#8211; 06<\/span><\/p>\n<p align=\"justify\"><span style=\"font-size: large\">Salas de Aula &#8211; 08 totalmente climatizadas. (e mais 18 em processo de reforma e estrutura\u00e7\u00e3o).<\/span><\/p>\n<p align=\"justify\"><span style=\"font-size: large\">Sala de Professores &#8211; 01<\/span><\/p>\n<p align=\"justify\"><span style=\"font-size: large\">Sala de Recursos Materiais \/ Almoxarifado &#8211; 02<\/span><\/p>\n<p align=\"justify\"><span style=\"font-size: large\">Sala de Tecnologia da Informa\u00e7\u00e3o &#8211; 02<\/span><\/p>\n<p align=\"justify\"><span style=\"font-size: large\">Setor de Atendimento\/Secretaria &#8211; 01<\/span><\/p>\n<p align=\"justify\"><span style=\"font-size: large\">Sanit\u00e1rios &#8211; 05<\/span><\/p>\n<p align=\"justify\"><span style=\"font-size: large\">P\u00e1tio Coberto\/\u00c1rea de Lazer\/Conviv\u00eancia &#8211; 01<\/span><\/p>\n<p align=\"justify\"><span style=\"font-size: large\">Pra\u00e7a de servi\u00e7os\/ Pra\u00e7a de Alimenta\u00e7\u00e3o &#8211; 01<\/span><\/p>\n<p align=\"justify\"><span style=\"font-size: large\">Laborat\u00f3rios &#8211; 07<\/span><\/p>\n<p align=\"justify\"><span style=\"font-size: large\">Biblioteca &#8211; 01<\/span><\/p>\n<p align=\"justify\"><span style=\"font-size: large\">Estacionamento -01<\/span><\/p>\n<p align=\"justify\"><span style=\"font-size: large\">Garagem para ve\u00edculos Institucionais -01<\/span><\/p>\n<p align=\"justify\"><strong><span style=\"font-size: large\">Recursos diversos:<\/span><\/strong><\/p>\n<p align=\"justify\">\uf0b7 <span style=\"font-size: large\">Recursos Pedag\u00f3gicos (livros, quadro branco, pincel at\u00f4mico, slides, maquetes); <\/span><\/p>\n<p align=\"justify\">\uf0b7 <span style=\"font-size: large\">Recursos Tecnol\u00f3gicos (internet e seus dispositivos, computadores, equipamentos de data show e lousa digital Interativa, laborat\u00f3rio de l\u00ednguas); <\/span><\/p>\n<p align=\"justify\">\uf0b7 <span style=\"font-size: large\">Recursos Culturais (biblioteca, exposi\u00e7\u00f5es, eventos, semin\u00e1rios).<\/span><\/p>\n<p align=\"justify\">\uf0b7 <span style=\"font-size: large\">Recursos Humanos (Equipe multiprofissional composta por Pedagogo, Psic\u00f3logo, Nutricionista, M\u00e9dico, Enfermeiro, Assistente Social e Assistente de Alunos).<\/span><\/p>\n<p align=\"justify\">\u00a0<\/p>\n<h1 align=\"justify\"><strong>Fotos:\u00a0<\/strong><\/h1>\n<p align=\"justify\">\u00a0<\/p>\n\n\n<figure class=\"wp-block-image\"><img decoding=\"async\" loading=\"lazy\" width=\"1152\" height=\"864\" src=\"http:\/\/www.ifbaiano.edu.br\/unidades\/gmb\/files\/2019\/10\/WhatsApp-Image-2019-10-08-at-09.52.07-1.jpeg\" alt=\"\" class=\"wp-image-4795\" \/><\/figure>\n\n\n\n<figure class=\"wp-block-image\"><img decoding=\"async\" loading=\"lazy\" width=\"1152\" height=\"864\" src=\"http:\/\/www.ifbaiano.edu.br\/unidades\/gmb\/files\/2019\/10\/WhatsApp-Image-2019-10-08-at-09.52.10.jpeg\" alt=\"\" class=\"wp-image-4796\" \/><\/figure>\n\n\n\n<figure class=\"wp-block-image\"><img decoding=\"async\" loading=\"lazy\" width=\"1152\" height=\"864\" src=\"http:\/\/www.ifbaiano.edu.br\/unidades\/gmb\/files\/2019\/10\/WhatsApp-Image-2019-10-08-at-09.52.11-2.jpeg\" alt=\"\" class=\"wp-image-4797\" \/><\/figure>\n\n\n\n<figure class=\"wp-block-image\"><img decoding=\"async\" loading=\"lazy\" width=\"1152\" height=\"864\" src=\"http:\/\/www.ifbaiano.edu.br\/unidades\/gmb\/files\/2019\/10\/WhatsApp-Image-2019-10-08-at-09.52.13-1.jpeg\" alt=\"\" class=\"wp-image-4798\" \/><\/figure>\n\n\n\n<figure class=\"wp-block-image\"><img decoding=\"async\" loading=\"lazy\" width=\"720\" height=\"546\" src=\"http:\/\/www.ifbaiano.edu.br\/unidades\/gmb\/files\/2019\/10\/WhatsApp-Image-2019-10-08-at-09.52.15-2.jpeg\" alt=\"\" class=\"wp-image-4799\" \/><\/figure>\n\n\n\n<figure class=\"wp-block-image\"><img decoding=\"async\" loading=\"lazy\" width=\"1152\" height=\"864\" src=\"http:\/\/www.ifbaiano.edu.br\/unidades\/gmb\/files\/2019\/10\/WhatsApp-Image-2019-10-08-at-09.52.12-1.jpeg\" alt=\"\" class=\"wp-image-4800\" \/><\/figure>\n\n\n\n<figure class=\"wp-block-image\"><img decoding=\"async\" loading=\"lazy\" width=\"720\" height=\"710\" src=\"http:\/\/www.ifbaiano.edu.br\/unidades\/gmb\/files\/2019\/10\/WhatsApp-Image-2019-10-08-at-09.52.15-3.jpeg\" alt=\"\" class=\"wp-image-4801\" \/><\/figure>\n\n\n\n<figure class=\"wp-block-image\"><img decoding=\"async\" loading=\"lazy\" width=\"720\" height=\"540\" src=\"http:\/\/www.ifbaiano.edu.br\/unidades\/gmb\/files\/2019\/10\/WhatsApp-Image-2019-10-08-at-09.52.16-2.jpeg\" alt=\"\" class=\"wp-image-4802\" \/><\/figure>\n\n\n\n<figure class=\"wp-block-image\"><img decoding=\"async\" loading=\"lazy\" width=\"720\" height=\"540\" src=\"http:\/\/www.ifbaiano.edu.br\/unidades\/gmb\/files\/2019\/10\/WhatsApp-Image-2019-10-08-at-09.52.16-1.jpeg\" alt=\"\" class=\"wp-image-4803\" \/><\/figure>\n\n\n\n<figure class=\"wp-block-image\"><img decoding=\"async\" loading=\"lazy\" width=\"1280\" height=\"960\" src=\"http:\/\/www.ifbaiano.edu.br\/unidades\/gmb\/files\/2019\/10\/WhatsApp-Image-2019-10-08-at-10.58.26.jpeg\" alt=\"\" class=\"wp-image-4813\" \/><\/figure>\n\n\n\n<figure class=\"wp-block-image\"><img decoding=\"async\" loading=\"lazy\" width=\"1280\" height=\"960\" src=\"http:\/\/www.ifbaiano.edu.br\/unidades\/gmb\/files\/2019\/10\/WhatsApp-Image-2019-10-08-at-10.58.28.jpeg\" alt=\"\" class=\"wp-image-4815\" \/><\/figure>\n\n\n\n<figure class=\"wp-block-image\"><img decoding=\"async\" loading=\"lazy\" width=\"960\" height=\"1280\" src=\"http:\/\/www.ifbaiano.edu.br\/unidades\/gmb\/files\/2019\/10\/WhatsApp-Image-2019-10-08-at-10.58.27-1.jpeg\" alt=\"\" class=\"wp-image-4816\" \/><\/figure>\n","protected":false},"excerpt":{"rendered":"<p>Atualmente a Estrutura F\u00edsica do Campus \u00e9 composta por: Descri\u00e7\u00e3o\/Quantidade: Sala de dire\u00e7\u00e3o &#8211; 01 Salas de Coordena\u00e7\u00e3o &#8211; 05 Salas administrativas &#8211; 06 Salas de Aula &#8211; 08 totalmente climatizadas. (e mais 18 em processo de reforma e estrutura\u00e7\u00e3o). Sala de Professores &#8211; 01 Sala de Recursos Materiais \/ Almoxarifado &#8211; 02 Sala de [&hellip;]<\/p>\n","protected":false},"author":37,"featured_media":0,"parent":0,"menu_order":0,"comment_status":"open","ping_status":"open","template":"","meta":[],"_links":{"self":[{"href":"https:\/\/www.ifbaiano.edu.br\/unidades\/gmb\/wp-json\/wp\/v2\/pages\/69"}],"collection":[{"href":"https:\/\/www.ifbaiano.edu.br\/unidades\/gmb\/wp-json\/wp\/v2\/pages"}],"about":[{"href":"https:\/\/www.ifbaiano.edu.br\/unidades\/gmb\/wp-json\/wp\/v2\/types\/page"}],"author":[{"embeddable":true,"href":"https:\/\/www.ifbaiano.edu.br\/unidades\/gmb\/wp-json\/wp\/v2\/users\/37"}],"replies":[{"embeddable":true,"href":"https:\/\/www.ifbaiano.edu.br\/unidades\/gmb\/wp-json\/wp\/v2\/comments?post=69"}],"version-history":[{"count":7,"href":"https:\/\/www.ifbaiano.edu.br\/unidades\/gmb\/wp-json\/wp\/v2\/pages\/69\/revisions"}],"predecessor-version":[{"id":5629,"href":"https:\/\/www.ifbaiano.edu.br\/unidades\/gmb\/wp-json\/wp\/v2\/pages\/69\/revisions\/5629"}],"wp:attachment":[{"href":"https:\/\/www.ifbaiano.edu.br\/unidades\/gmb\/wp-json\/wp\/v2\/media?parent=69"}],"curies":[{"name":"wp","href":"https:\/\/api.w.org\/{rel}","templated":true}]}}