{"id":9900,"date":"2024-08-15T14:24:06","date_gmt":"2024-08-15T17:24:06","guid":{"rendered":"https:\/\/www.ifbaiano.edu.br\/unidades\/gmb\/?page_id=9900"},"modified":"2024-10-02T16:07:17","modified_gmt":"2024-10-02T19:07:17","slug":"trilhando-futuro-if-baianocampus-governador-mangabeira-de-portas-abertas","status":"publish","type":"page","link":"https:\/\/www.ifbaiano.edu.br\/unidades\/gmb\/trilhando-futuro-if-baianocampus-governador-mangabeira-de-portas-abertas\/","title":{"rendered":"Trilhando futuro: IF Baiano Campus Governador Mangabeira de portas abertas"},"content":{"rendered":"\n<p>Visita Guiada do IF Baiano Campus Governador Mangabeira \u2013 Roteiro e<br>Agendamento.<\/p>\n\n\n\n<div class=\"wp-block-buttons is-layout-flex\">\n<div class=\"wp-block-button is-style-outline\"><a class=\"wp-block-button__link wp-element-button\"><strong><mark style=\"background-color:#fbdc84\" class=\"has-inline-color has-black-color\">FA\u00c7A SEU  AGENDAMENTO ATRAV\u00c9S DO E-MAIL: prosel@gm.ifbaiano.edu.br<\/mark><\/strong><\/a><\/div>\n<\/div>\n\n\n\n<div class=\"wp-block-buttons is-layout-flex\">\n<div class=\"wp-block-button is-style-outline\"><a class=\"wp-block-button__link wp-element-button\" href=\"http:\/\/opinanovo.ifbaiano.edu.br\/index.php\/892141?lang=pt-BR\"><mark style=\"background-color:#fadb84\" class=\"has-inline-color has-black-color\">PREENCHA O QUESTION\u00c1RIO DE AVALIA\u00c7\u00c3O DA VISITA GUIADA <\/mark><\/a><\/div>\n<\/div>\n\n\n\n<ul>\n<li>P\u00fablico-participantes<br>Estudantes do Ensino Fundamental II (8\u00ba e 9\u00ba anos) e Ensino M\u00e9dio, preferencialmente de escolas<br>p\u00fablicas. Contudo, caso necess\u00e1rio, ser\u00e3o disponibilizados roteiros para estudantes de outros n\u00edveis.<\/li>\n\n\n\n<li>Metodologia<br>A visita consiste em apresentar as instala\u00e7\u00f5es do Campus Governador Mangabeira, seus cursos e<br>formas de ingresso, motivando os estudantes a realizarem as inscri\u00e7\u00f5es para o Processo Seletivo de<br>Ingresso. Assim, a visita guiada funcionar\u00e1 da seguinte forma:<br>\u25cf Recep\u00e7\u00e3o dos visitantes no audit\u00f3rio com a apresenta\u00e7\u00e3o do v\u00eddeo \u201cVem ser IF BAIANO\u201d;<br>\u25cf Visita a setores do campus condicionada \u00e0 disponibilidade dos locais e do tempo que a turma<br>ter\u00e1 para a visita*;<br>\u25cf Question\u00e1rio de avalia\u00e7\u00e3o da visita aplicado aos estudantes, docentes e acompanhantes da<br>turma no final do roteiro.<\/li>\n\n\n\n<li>Aconselha-se que os visitantes tenham no m\u00ednimo 2 horas dispon\u00edveis para realizar a visita guiada, pois corre o<br>risco de n\u00e3o dar tempo de vivenciar todo o roteiro planejado.<\/li>\n\n\n\n<li>Roteiro de Visita\u00e7\u00e3o do Campus Governador Mangabeira<\/li>\n<\/ul>\n\n\n\n<ol>\n<li>Recep\u00e7\u00e3o dos visitantes no audit\u00f3rio com a apresenta\u00e7\u00e3o do v\u00eddeo.<\/li>\n\n\n\n<li>Divis\u00e3o do grupo por turmas para facilitar a visita\u00e7\u00e3o dos setores: Turma 1, Turma 2 e Turma 3<br>(o n\u00famero de turmas depender\u00e1 da quantidade de visitantes do grupo).<\/li>\n\n\n\n<li>Aplica\u00e7\u00e3o do question\u00e1rio da visita guiada no audit\u00f3rio.<br>Instituto Federal de Educa\u00e7\u00e3o, Ci\u00eancia e Tecnologia Baiano \u2013 Campus Governador Mangabeira<br>Waldemar Mascarenhas\/Port\u00e3o \u2013 Governador Mangabeira, BA &#8211; Brasil<br>CEP \u2013 44350-000. Tel. (75) 98356-2078<br>E-mail: prosel@gm.ifbaiano.edu.br \u2013 Site: https:\/\/www.ifbaiano.edu.br\/unidades\/gmb\/<br>Roteiro de Visita\u00e7\u00e3o da Turma 1<br>a) Biblioteca<br>b) Laborat\u00f3rio de Qu\u00edmica.<br>c) Laborat\u00f3rio de Biologia<br>d) Laborat\u00f3rio de Manuten\u00e7\u00e3o de inform\u00e1tica<br>e) Laborat\u00f3rio de Redes e parada para foto Oficial (frente do pr\u00e9dio administrativo)<br>f) Projeto de Aquaponia<br>g) Setor de Mecaniza\u00e7\u00e3o<br>h) Estufa e\/ou Horta Pedag\u00f3gica e\/ou Plame (Plantas Medicinais)<br>Roteiro de Visita\u00e7\u00e3o da Turma 2<br>a) Estufa e\/ou Horta Pedag\u00f3gica e\/ou Plame (Plantas Medicinais)<br>b) Setor de Mecaniza\u00e7\u00e3o<br>c) Projeto de Aquaponia<br>d) Laborat\u00f3rio de Redes e parada para foto Oficial (frente do pr\u00e9dio Administrativo)<br>e) Laborat\u00f3rio de Manuten\u00e7\u00e3o de inform\u00e1tica<br>f) Laborat\u00f3rio de Biologia<br>g) Laborat\u00f3rio de Qu\u00edmica<br>h) Biblioteca<br>Roteiro de Visita\u00e7\u00e3o da Turma 3<br>a) Visita ao laborat\u00f3rio de Redes e parada para foto Oficial (frente do pr\u00e9dio Administrativo)<br>b) Visita ao laborat\u00f3rio de manuten\u00e7\u00e3o de inform\u00e1tica<br>c) Visita \u00e0 Biblioteca<br>d) Laborat\u00f3rio de Qu\u00edmica<br>e) Laborat\u00f3rio de Biologia<br>f) Estufa e\/ou Horta escolares e\/ou Plame (Plantas Medicinais)<br>g) Setor de Mecaniza\u00e7\u00e3o<br>h) Projeto de Aquaponia<\/li>\n<\/ol>\n\n\n\n<ul>\n<li>Como agendar a Visita Guiada?<br>\u25cf O Agendamento da visita ser\u00e1 realizado pelo(a) Dirigente ou Professor(a) da escola<br>interessada por meio de e-mail para prosel@gm.ifbaiano.edu.br<br>Instituto Federal de Educa\u00e7\u00e3o, Ci\u00eancia e Tecnologia Baiano \u2013 Campus Governador Mangabeira<br>Waldemar Mascarenhas\/Port\u00e3o \u2013 Governador Mangabeira, BA &#8211; Brasil<br>CEP \u2013 44350-000. Tel. (75) 98356-2078<br>E-mail: prosel@gm.ifbaiano.edu.br \u2013 Site: https:\/\/www.ifbaiano.edu.br\/unidades\/gmb\/<br>\u25cf A visita dever\u00e1 ser agendada no prazo m\u00ednimo de 10 dias \u00fateis de anteced\u00eancia da data<br>prevista para a visita;<br>\u25cf Os dias e hor\u00e1rios dispon\u00edveis para visita\u00e7\u00e3o s\u00e3o: \u00e0s quartas-feiras pela manh\u00e3 ou \u00e0 tarde no<br>per\u00edodo das 8:30h \u00e0s 11:30h e das 13:00h \u00e0s 16:30h.<br>Importante!<br>\u25cf Caso haja impossibilidade para a realiza\u00e7\u00e3o da visita pela escola nas quartas-feiras, poder\u00e1<br>solicitar um agendamento da visita guiada para outro dia com um prazo m\u00ednimo de 20 dias<br>de anteced\u00eancia.<br>\u25cf Informamos que a institui\u00e7\u00e3o n\u00e3o disp\u00f5e de transporte para deslocamento dos visitantes.<br>\u25cf A institui\u00e7\u00e3o n\u00e3o oferece refei\u00e7\u00f5es, podendo disponibilizado um local para o lanche dos<br>alunos, se necess\u00e1rio<\/li>\n<\/ul>\n\n\n\n<div class=\"wp-block-buttons is-layout-flex\">\n<div class=\"wp-block-button is-style-outline\"><a class=\"wp-block-button__link wp-element-button\" href=\"http:\/\/opinanovo.ifbaiano.edu.br\/index.php\/892141?lang=pt-BR\"><strong><mark style=\"background-color:#f1da9b\" class=\"has-inline-color\">PREENCHA O QUESTION\u00c1RIO DE AVALIA\u00c7\u00c3O<\/mark><\/strong><\/a><\/div>\n<\/div>\n","protected":false},"excerpt":{"rendered":"<p>Visita Guiada do IF Baiano Campus Governador Mangabeira \u2013 Roteiro eAgendamento.<\/p>\n","protected":false},"author":155,"featured_media":0,"parent":0,"menu_order":0,"comment_status":"closed","ping_status":"closed","template":"","meta":[],"_links":{"self":[{"href":"https:\/\/www.ifbaiano.edu.br\/unidades\/gmb\/wp-json\/wp\/v2\/pages\/9900"}],"collection":[{"href":"https:\/\/www.ifbaiano.edu.br\/unidades\/gmb\/wp-json\/wp\/v2\/pages"}],"about":[{"href":"https:\/\/www.ifbaiano.edu.br\/unidades\/gmb\/wp-json\/wp\/v2\/types\/page"}],"author":[{"embeddable":true,"href":"https:\/\/www.ifbaiano.edu.br\/unidades\/gmb\/wp-json\/wp\/v2\/users\/155"}],"replies":[{"embeddable":true,"href":"https:\/\/www.ifbaiano.edu.br\/unidades\/gmb\/wp-json\/wp\/v2\/comments?post=9900"}],"version-history":[{"count":4,"href":"https:\/\/www.ifbaiano.edu.br\/unidades\/gmb\/wp-json\/wp\/v2\/pages\/9900\/revisions"}],"predecessor-version":[{"id":10341,"href":"https:\/\/www.ifbaiano.edu.br\/unidades\/gmb\/wp-json\/wp\/v2\/pages\/9900\/revisions\/10341"}],"wp:attachment":[{"href":"https:\/\/www.ifbaiano.edu.br\/unidades\/gmb\/wp-json\/wp\/v2\/media?parent=9900"}],"curies":[{"name":"wp","href":"https:\/\/api.w.org\/{rel}","templated":true}]}}