{"id":10252,"date":"2021-10-08T17:43:57","date_gmt":"2021-10-08T20:43:57","guid":{"rendered":"https:\/\/www.ifbaiano.edu.br\/unidades\/guanambi\/?page_id=10252"},"modified":"2021-12-08T19:42:04","modified_gmt":"2021-12-08T22:42:04","slug":"auxilio-inclusao-digital","status":"publish","type":"page","link":"https:\/\/www.ifbaiano.edu.br\/unidades\/guanambi\/auxilio-inclusao-digital\/","title":{"rendered":"Aux\u00edlio Inclus\u00e3o Digital"},"content":{"rendered":"\n<h2 class=\"wp-block-heading\">2021.1<\/h2>\n\n\n\n<p><\/p>\n\n\n\n<div class=\"wp-block-file\"><a href=\"https:\/\/www.ifbaiano.edu.br\/unidades\/guanambi\/files\/2021\/12\/Resultado-Final-Auxilio-Aquisicao-e-Manutencao-de-Equipamento.pdf\">Resultado-Final-Auxilio-Aquisicao-e-Manutencao-de-Equipamento<\/a><a href=\"https:\/\/www.ifbaiano.edu.br\/unidades\/guanambi\/files\/2021\/12\/Resultado-Final-Auxilio-Aquisicao-e-Manutencao-de-Equipamento.pdf\" class=\"wp-block-file__button\" download>Baixar<\/a><\/div>\n\n\n\n<div class=\"wp-block-file\"><a href=\"https:\/\/www.ifbaiano.edu.br\/unidades\/guanambi\/files\/2021\/12\/Resultado-Final-Auxilio-Contratacao-de-Banda-larga.pdf\">Resultado-Final-Auxilio-Contratacao-de-Banda-larga<\/a><a href=\"https:\/\/www.ifbaiano.edu.br\/unidades\/guanambi\/files\/2021\/12\/Resultado-Final-Auxilio-Contratacao-de-Banda-larga.pdf\" class=\"wp-block-file__button\" download>Baixar<\/a><\/div>\n\n\n\n<div class=\"wp-block-file\"><a href=\"https:\/\/www.ifbaiano.edu.br\/unidades\/guanambi\/files\/2021\/12\/Resultado-Final-Auxilio-Pacote-de-Dados.pdf\">Resultado-Final-Auxilio-Pacote-de-Dados<\/a><a href=\"https:\/\/www.ifbaiano.edu.br\/unidades\/guanambi\/files\/2021\/12\/Resultado-Final-Auxilio-Pacote-de-Dados.pdf\" class=\"wp-block-file__button\" download>Baixar<\/a><\/div>\n\n\n\n<div class=\"wp-block-file\"><a href=\"https:\/\/www.ifbaiano.edu.br\/unidades\/guanambi\/files\/2021\/12\/Resultado-Final-Desclassificados-Auxilio-Digital.pdf\">Resultado-Final-Desclassificados-Auxilio-Digital<\/a><a href=\"https:\/\/www.ifbaiano.edu.br\/unidades\/guanambi\/files\/2021\/12\/Resultado-Final-Desclassificados-Auxilio-Digital.pdf\" class=\"wp-block-file__button\" download>Baixar<\/a><\/div>\n\n\n\n<div class=\"wp-block-file\"><a href=\"https:\/\/www.ifbaiano.edu.br\/unidades\/guanambi\/files\/2021\/12\/Resultado-da-Analise-dos-Recursos-do-Auxilio-Digital-2021.pdf\">Resultado-da-Analise-dos-Recursos-do-Auxilio-Digital-2021<\/a><a href=\"https:\/\/www.ifbaiano.edu.br\/unidades\/guanambi\/files\/2021\/12\/Resultado-da-Analise-dos-Recursos-do-Auxilio-Digital-2021.pdf\" class=\"wp-block-file__button\" download>Baixar<\/a><\/div>\n\n\n\n<div class=\"wp-block-file\"><a href=\"https:\/\/www.ifbaiano.edu.br\/unidades\/guanambi\/files\/2021\/12\/Resultado-Preliminar-Auxilio-Inclusao-Digital-Desclassificados-vagas-remanescentes.-1.pdf\">Resultado-Preliminar-Auxilio-Inclusao-Digital-Desclassificados-vagas-remanescentes.-1<\/a><a href=\"https:\/\/www.ifbaiano.edu.br\/unidades\/guanambi\/files\/2021\/12\/Resultado-Preliminar-Auxilio-Inclusao-Digital-Desclassificados-vagas-remanescentes.-1.pdf\" class=\"wp-block-file__button\" download>Baixar<\/a><\/div>\n\n\n\n<div class=\"wp-block-file\"><a href=\"https:\/\/www.ifbaiano.edu.br\/unidades\/guanambi\/files\/2021\/12\/Resultado-Preliminar-Auxilio-Inclusao-Digital-Auxilio-Aquisicao-ou-Manutencao-de-Equipamentos-vagas-remanescentes.-1.pdf\">Resultado-Preliminar-Auxilio-Inclusao-Digital-Auxilio-Aquisicao-ou-Manutencao-de-Equipamentos-vagas-remanescentes.-1<\/a><a href=\"https:\/\/www.ifbaiano.edu.br\/unidades\/guanambi\/files\/2021\/12\/Resultado-Preliminar-Auxilio-Inclusao-Digital-Auxilio-Aquisicao-ou-Manutencao-de-Equipamentos-vagas-remanescentes.-1.pdf\" class=\"wp-block-file__button\" download>Baixar<\/a><\/div>\n\n\n\n<div class=\"wp-block-file\"><a href=\"https:\/\/www.ifbaiano.edu.br\/unidades\/guanambi\/files\/2021\/12\/Resultado-Preliminar-Auxilio-Inclusao-Digital-Auxilio-Contratacao-de-Banda-Larga-Wi-Fi-vagas-remanescentes-1.pdf\">Resultado-Preliminar-Auxilio-Inclusao-Digital-Auxilio-Contratacao-de-Banda-Larga-Wi-Fi-vagas-remanescentes-1<\/a><a href=\"https:\/\/www.ifbaiano.edu.br\/unidades\/guanambi\/files\/2021\/12\/Resultado-Preliminar-Auxilio-Inclusao-Digital-Auxilio-Contratacao-de-Banda-Larga-Wi-Fi-vagas-remanescentes-1.pdf\" class=\"wp-block-file__button\" download>Baixar<\/a><\/div>\n\n\n\n<div class=\"wp-block-file\"><a href=\"https:\/\/www.ifbaiano.edu.br\/unidades\/guanambi\/files\/2021\/12\/Resultado-Preliminar-Auxilio-Inclusao-Digital-Auxilio-Pacote-de-Dados-vagas-remanescentes.-1.pdf\">Resultado-Preliminar-Auxilio-Inclusao-Digital-Auxilio-Pacote-de-Dados-vagas-remanescentes.-1<\/a><a href=\"https:\/\/www.ifbaiano.edu.br\/unidades\/guanambi\/files\/2021\/12\/Resultado-Preliminar-Auxilio-Inclusao-Digital-Auxilio-Pacote-de-Dados-vagas-remanescentes.-1.pdf\" class=\"wp-block-file__button\" download>Baixar<\/a><\/div>\n\n\n\n<div class=\"wp-block-file\"><a href=\"https:\/\/www.ifbaiano.edu.br\/unidades\/guanambi\/files\/2021\/11\/Retificacao-do-Edital-Auxilio-Digital.pdf\">Retifica\u00e7\u00e3o do Edital de Aux\u00edlio Inclus\u00e3o Digital<\/a><a href=\"https:\/\/www.ifbaiano.edu.br\/unidades\/guanambi\/files\/2021\/11\/Retificacao-do-Edital-Auxilio-Digital.pdf\" class=\"wp-block-file__button\" download>Baixar<\/a><\/div>\n\n\n\n<p><a rel=\"noreferrer noopener\" href=\"http:\/\/opinanovo.ifbaiano.edu.br\/index.php\/295323?lang=pt-BR\" target=\"_blank\">Link para o formul\u00e1rio de vagas remanescentes<\/a><\/p>\n\n\n\n<p><a href=\"https:\/\/www.ifbaiano.edu.br\/unidades\/guanambi\/files\/2021\/11\/Edital-34-Auxilio-Digital-Vagas-remanesentes.pdf\">Edital-34 &#8211; Vagas remanesentes do Auxilio Inclus\u00e3o Digital<\/a><\/p>\n\n\n\n<div class=\"wp-block-file\"><a href=\"https:\/\/www.ifbaiano.edu.br\/unidades\/guanambi\/files\/2021\/11\/Nota-Informativa-CLAE-08-2021.pdf\">Nota Informativa &#8211; CLAE-08-2021<\/a><a href=\"https:\/\/www.ifbaiano.edu.br\/unidades\/guanambi\/files\/2021\/11\/Nota-Informativa-CLAE-08-2021.pdf\" class=\"wp-block-file__button\" download>Baixar<\/a><\/div>\n\n\n\n<div class=\"wp-block-file\"><a href=\"https:\/\/www.ifbaiano.edu.br\/unidades\/guanambi\/files\/2021\/11\/Resultado-Final-Auxilio-Pacote-de-Dados.pdf\">Resultado Final &#8211; Auxilio Pacote de Dados<\/a><a href=\"https:\/\/www.ifbaiano.edu.br\/unidades\/guanambi\/files\/2021\/11\/Resultado-Final-Auxilio-Pacote-de-Dados.pdf\" class=\"wp-block-file__button\" download>Baixar<\/a><\/div>\n\n\n\n<div class=\"wp-block-file\"><a href=\"https:\/\/www.ifbaiano.edu.br\/unidades\/guanambi\/files\/2021\/11\/Resultado-Final-Auxilio-Banda-Larga.pdf\">Resultado Final &#8211; Auxilio Banda- Larga<\/a><a href=\"https:\/\/www.ifbaiano.edu.br\/unidades\/guanambi\/files\/2021\/11\/Resultado-Final-Auxilio-Banda-Larga.pdf\" class=\"wp-block-file__button\" download>Baixar<\/a><\/div>\n\n\n\n<div class=\"wp-block-file\"><a href=\"https:\/\/www.ifbaiano.edu.br\/unidades\/guanambi\/files\/2021\/11\/Resultado-Final-Aquisicao-e-Manutencao-de-Equipamentos.pdf\">Resultado Final &#8211; Aquisi\u00e7\u00e3o e Manuten\u00e7\u00e3o de Equipamentos<\/a><a href=\"https:\/\/www.ifbaiano.edu.br\/unidades\/guanambi\/files\/2021\/11\/Resultado-Final-Aquisicao-e-Manutencao-de-Equipamentos.pdf\" class=\"wp-block-file__button\" download>Baixar<\/a><\/div>\n\n\n\n<div class=\"wp-block-file\"><a href=\"https:\/\/www.ifbaiano.edu.br\/unidades\/guanambi\/files\/2021\/11\/Resultado-Final-Desclassificados-1.pdf\">Resultado- Final &#8211; Desclassificados<\/a><a href=\"https:\/\/www.ifbaiano.edu.br\/unidades\/guanambi\/files\/2021\/11\/Resultado-Final-Desclassificados-1.pdf\" class=\"wp-block-file__button\" download>Baixar<\/a><\/div>\n\n\n\n<div class=\"wp-block-file\"><a href=\"https:\/\/www.ifbaiano.edu.br\/unidades\/guanambi\/files\/2021\/11\/Resultado-dos-Recursos.pdf\">Resultado dos Recursos<\/a><a href=\"https:\/\/www.ifbaiano.edu.br\/unidades\/guanambi\/files\/2021\/11\/Resultado-dos-Recursos.pdf\" class=\"wp-block-file__button\" download>Baixar<\/a><\/div>\n\n\n\n<div class=\"wp-block-file\"><a href=\"https:\/\/www.ifbaiano.edu.br\/unidades\/guanambi\/files\/2021\/10\/Terceira-Retificacao-do-Edital.pdf\">Terceira Retifica\u00e7\u00e3o do Edital<\/a><a href=\"https:\/\/www.ifbaiano.edu.br\/unidades\/guanambi\/files\/2021\/10\/Terceira-Retificacao-do-Edital.pdf\" class=\"wp-block-file__button\" download>Baixar<\/a><\/div>\n\n\n\n<div class=\"wp-block-file\"><a href=\"https:\/\/www.ifbaiano.edu.br\/unidades\/guanambi\/files\/2021\/10\/Desclassificados-Auxilio-Pacote-de-Dados-e-Auxilio-Contratacao-de-Banda-larga-wi-fi-2021.pdf\">Desclassificados Aux\u00edlio Pacote de Dados e Aux\u00edlio Contrata\u00e7\u00e3o de Banda larga e wi-fi<\/a><a href=\"https:\/\/www.ifbaiano.edu.br\/unidades\/guanambi\/files\/2021\/10\/Desclassificados-Auxilio-Pacote-de-Dados-e-Auxilio-Contratacao-de-Banda-larga-wi-fi-2021.pdf\" class=\"wp-block-file__button\" download>Baixar<\/a><\/div>\n\n\n\n<div class=\"wp-block-file\"><a href=\"https:\/\/www.ifbaiano.edu.br\/unidades\/guanambi\/files\/2021\/10\/Resultado-Preliminar-Auxilio-Pacote-de-Dados.pdf\">Resultado Preliminar &#8211; Aux\u00edlio Pacote de Dados<\/a><a href=\"https:\/\/www.ifbaiano.edu.br\/unidades\/guanambi\/files\/2021\/10\/Resultado-Preliminar-Auxilio-Pacote-de-Dados.pdf\" class=\"wp-block-file__button\" download>Baixar<\/a><\/div>\n\n\n\n<div class=\"wp-block-file\"><a href=\"https:\/\/www.ifbaiano.edu.br\/unidades\/guanambi\/files\/2021\/10\/Resultado-Preliminar-Auxilio-Banda-Larga.pdf\">Resultado Preliminar &#8211; Aux\u00edlio Banda Larga<\/a><a href=\"https:\/\/www.ifbaiano.edu.br\/unidades\/guanambi\/files\/2021\/10\/Resultado-Preliminar-Auxilio-Banda-Larga.pdf\" class=\"wp-block-file__button\" download>Baixar<\/a><\/div>\n\n\n\n<div class=\"wp-block-file\"><a href=\"https:\/\/www.ifbaiano.edu.br\/unidades\/guanambi\/files\/2021\/10\/Resultado-Preliminar-Auxilio-Aquisicao-e-Manutencao-de-Equipamentos.pdf\">Resultado Preliminar &#8211; Auxilio Aquisi\u00e7\u00e3o e Manuten\u00e7\u00e3o-de-Equipamentos<\/a><a href=\"https:\/\/www.ifbaiano.edu.br\/unidades\/guanambi\/files\/2021\/10\/Resultado-Preliminar-Auxilio-Aquisicao-e-Manutencao-de-Equipamentos.pdf\" class=\"wp-block-file__button\" download>Baixar<\/a><\/div>\n\n\n\n<p><\/p>\n\n\n\n<p><a rel=\"noreferrer noopener\" href=\"https:\/\/www.ifbaiano.edu.br\/unidades\/guanambi\/files\/2021\/10\/EDITAL-DE-RETIFICACAO.pdf\" target=\"_blank\">Segunda Retifica\u00e7\u00e3o do Edital<\/a><\/p>\n\n\n\n<p><a href=\"https:\/\/www.ifbaiano.edu.br\/unidades\/guanambi\/files\/2021\/10\/NOTA-INFORMATIVA-06-2021.pdf\" target=\"_blank\" rel=\"noreferrer noopener\">Nota Informativa 06\/2021<\/a><\/p>\n\n\n\n<p><a href=\"https:\/\/www.ifbaiano.edu.br\/unidades\/guanambi\/files\/2021\/10\/Edital-21-2021.pdf\" target=\"_blank\" rel=\"noreferrer noopener\">Retifica\u00e7\u00e3o do Edital<\/a><\/p>\n\n\n\n<div class=\"wp-block-file\"><a href=\"https:\/\/www.ifbaiano.edu.br\/unidades\/guanambi\/files\/2021\/10\/Edital-n\u00b0-19-2021.pdf\">Edital-n\u00b0-19-2021<\/a><a href=\"https:\/\/www.ifbaiano.edu.br\/unidades\/guanambi\/files\/2021\/10\/Edital-n\u00b0-19-2021.pdf\" class=\"wp-block-file__button\">Baixar<\/a><\/div>\n\n\n\n<div class=\"wp-block-file\"><a href=\"https:\/\/www.ifbaiano.edu.br\/unidades\/guanambi\/files\/2021\/10\/Nota-Explicativa.pdf\">Nota-Explicativa<\/a><a href=\"https:\/\/www.ifbaiano.edu.br\/unidades\/guanambi\/files\/2021\/10\/Nota-Explicativa.pdf\" class=\"wp-block-file__button\" download>Baixar<\/a><\/div>\n\n\n\n<p><a rel=\"noreferrer noopener\" href=\"https:\/\/www.ifbaiano.edu.br\/unidades\/guanambi\/files\/2020\/05\/Como-abrir-uma-conta-corrente.pdf\" target=\"_blank\">Instru\u00e7\u00f5es para abrir conta corrente<\/a><\/p>\n\n\n\n<p><a href=\"https:\/\/opinanovo.ifbaiano.edu.br\/index.php\/673515?lang=pt-BR\" target=\"_blank\" rel=\"noreferrer noopener\">Link para inscri\u00e7\u00e3o<\/a><\/p>\n","protected":false},"excerpt":{"rendered":"<p>2021.1 Link para o formul\u00e1rio de vagas remanescentes Edital-34 &#8211; Vagas remanesentes do Auxilio Inclus\u00e3o Digital Segunda Retifica\u00e7\u00e3o do Edital Nota Informativa 06\/2021 Retifica\u00e7\u00e3o do Edital Edital-n\u00b0-19-2021Baixar Instru\u00e7\u00f5es para abrir conta corrente Link para inscri\u00e7\u00e3o<\/p>\n","protected":false},"author":75,"featured_media":0,"parent":0,"menu_order":0,"comment_status":"closed","ping_status":"closed","template":"","meta":[],"_links":{"self":[{"href":"https:\/\/www.ifbaiano.edu.br\/unidades\/guanambi\/wp-json\/wp\/v2\/pages\/10252"}],"collection":[{"href":"https:\/\/www.ifbaiano.edu.br\/unidades\/guanambi\/wp-json\/wp\/v2\/pages"}],"about":[{"href":"https:\/\/www.ifbaiano.edu.br\/unidades\/guanambi\/wp-json\/wp\/v2\/types\/page"}],"author":[{"embeddable":true,"href":"https:\/\/www.ifbaiano.edu.br\/unidades\/guanambi\/wp-json\/wp\/v2\/users\/75"}],"replies":[{"embeddable":true,"href":"https:\/\/www.ifbaiano.edu.br\/unidades\/guanambi\/wp-json\/wp\/v2\/comments?post=10252"}],"version-history":[{"count":22,"href":"https:\/\/www.ifbaiano.edu.br\/unidades\/guanambi\/wp-json\/wp\/v2\/pages\/10252\/revisions"}],"predecessor-version":[{"id":10527,"href":"https:\/\/www.ifbaiano.edu.br\/unidades\/guanambi\/wp-json\/wp\/v2\/pages\/10252\/revisions\/10527"}],"wp:attachment":[{"href":"https:\/\/www.ifbaiano.edu.br\/unidades\/guanambi\/wp-json\/wp\/v2\/media?parent=10252"}],"curies":[{"name":"wp","href":"https:\/\/api.w.org\/{rel}","templated":true}]}}