{"id":1433,"date":"2013-05-13T19:05:17","date_gmt":"2013-05-13T19:05:17","guid":{"rendered":"http:\/\/www.ifbaiano.edu.br\/unidades\/guanambi\/?page_id=1433"},"modified":"2025-11-18T08:27:08","modified_gmt":"2025-11-18T11:27:08","slug":"apresentacao","status":"publish","type":"page","link":"https:\/\/www.ifbaiano.edu.br\/unidades\/guanambi\/apresentacao\/","title":{"rendered":"Apresenta\u00e7\u00e3o"},"content":{"rendered":"<div style=\"font-family: sans-serif;color: #333;line-height: 1.6\">\n<p style=\"text-align: justify;margin-bottom: 2rem\">\n        A Biblioteca do Instituto Federal Baiano <em>Campus<\/em> Guanambi funciona como um centro de estudo e pesquisa para alunos e servidores. Possui o intuito de promover e estimular o aprendizado, a pesquisa e a extens\u00e3o, al\u00e9m de outras atividades que instiguem o intelecto desta comunidade estudantil.<\/p>\n<div style=\"margin-bottom: 2.5rem\">\n<h4 style=\"font-size: 1.2rem;color: #2F4F4F;margin-top: 0;margin-bottom: 0.5rem\">Miss\u00e3o<\/h4>\n<p style=\"text-align: justify;background-color: #f9f9f9;padding: 15px;border-left: 4px solid #2F4F4F;font-style: italic\">\n            &#8220;Fornecer suporte informacional \u00e0s atividades cient\u00edficas, educacionais, tecnol\u00f3gicas e culturais do Instituto Federal de Educa\u00e7\u00e3o, Ci\u00eancia e Tecnologia Baiano contribuindo para forma\u00e7\u00e3o profissional e social da comunidade.&#8221;<\/p>\n<\/div>\n<div style=\"background-color: #f8f8f8;border: 1px solid #eee;padding: 20px;border-radius: 8px;margin-bottom: 2.5rem\">\n<h4 style=\"font-size: 1.1rem;color: #333;margin-top: 0;margin-bottom: 1rem\">Informa\u00e7\u00f5es de Atendimento<\/h4>\n<p style=\"margin-bottom: 0.5rem\"><strong>Hor\u00e1rio de funcionamento:<\/strong><\/p>\n<p style=\"margin-top: 0;margin-bottom: 1.5rem;padding-left: 15px\">Segunda \u00e0 sexta-feira, das 07h30 \u00e0s 22h30.<\/p>\n<hr style=\"border: 0;border-top: 1px dashed #ccc;margin: 1.5rem 0\">\n<p style=\"margin-bottom: 0.5rem\"><strong>Contatos:<\/strong><\/p>\n<p style=\"margin: 0;padding-left: 15px\">Telefone: (77) 3493-2100 | Ramais: 231 \/ 230<\/p>\n<p style=\"margin: 0;padding-left: 15px\">E-mail: <a href=\"mailto:biblioteca@guanambi.ifbaiano.edu.br\" style=\"color: #0073aa;text-decoration: none\">biblioteca@guanambi.ifbaiano.edu.br<\/a><\/p>\n<\/div>\n<h4 style=\"font-size: 1.2rem;color: #2F4F4F;margin-bottom: 1rem\">Equipe<\/h4>\n<div style=\"border: 1px solid #eee;border-radius: 8px;padding: 15px\">\n<ul style=\"padding-left: 15px;margin: 0\">\n<li style=\"padding: 8px 10px;border-bottom: 1px solid #f0f0f0\">Edilaine Cassia Rodrigues<\/li>\n<li style=\"padding: 8px 10px;border-bottom: 1px solid #f0f0f0;background-color: #fafafa\">Gerfson Silva Rocha<\/li>\n<li style=\"padding: 8px 10px;border-bottom: 1px solid #f0f0f0\">Gilsandra de Souza Carvalho<\/li>\n<li style=\"padding: 8px 10px;border-bottom: 1px solid #f0f0f0;background-color: #fafafa\">Gloria das Dores Leal da Silva<\/li>\n<li style=\"padding: 8px 10px;border-bottom: 1px solid #f0f0f0\">Isabel Regina de Souza Carneiro<\/li>\n<li style=\"padding: 8px 10px;border-bottom: 1px solid #f0f0f0;background-color: #fafafa\">Josenaide Barros Carvalho<\/li>\n<li style=\"padding: 8px 10px;border-bottom: 1px solid #f0f0f0\">Leidiane Santos dos Reis<\/li>\n<li style=\"padding: 8px 10px;border-bottom: 1px solid #f0f0f0;background-color: #fafafa\">Nora Ney de Jesus Souza<\/li>\n<li style=\"padding: 8px 10px\">Roberta Pinheiro Ferraz<\/li>\n<\/ul>\n<\/div>\n<\/div>\n","protected":false},"excerpt":{"rendered":"<p>A Biblioteca do Instituto Federal Baiano Campus Guanambi funciona como um centro de estudo e pesquisa para alunos e servidores. Possui o intuito de promover e estimular o aprendizado, a pesquisa e a extens\u00e3o, al\u00e9m de outras atividades que instiguem o intelecto desta comunidade estudantil. Miss\u00e3o &#8220;Fornecer suporte informacional \u00e0s atividades cient\u00edficas, educacionais, tecnol\u00f3gicas e [&hellip;]<\/p>\n","protected":false},"author":14,"featured_media":0,"parent":0,"menu_order":0,"comment_status":"open","ping_status":"open","template":"","meta":[],"_links":{"self":[{"href":"https:\/\/www.ifbaiano.edu.br\/unidades\/guanambi\/wp-json\/wp\/v2\/pages\/1433"}],"collection":[{"href":"https:\/\/www.ifbaiano.edu.br\/unidades\/guanambi\/wp-json\/wp\/v2\/pages"}],"about":[{"href":"https:\/\/www.ifbaiano.edu.br\/unidades\/guanambi\/wp-json\/wp\/v2\/types\/page"}],"author":[{"embeddable":true,"href":"https:\/\/www.ifbaiano.edu.br\/unidades\/guanambi\/wp-json\/wp\/v2\/users\/14"}],"replies":[{"embeddable":true,"href":"https:\/\/www.ifbaiano.edu.br\/unidades\/guanambi\/wp-json\/wp\/v2\/comments?post=1433"}],"version-history":[{"count":14,"href":"https:\/\/www.ifbaiano.edu.br\/unidades\/guanambi\/wp-json\/wp\/v2\/pages\/1433\/revisions"}],"predecessor-version":[{"id":15600,"href":"https:\/\/www.ifbaiano.edu.br\/unidades\/guanambi\/wp-json\/wp\/v2\/pages\/1433\/revisions\/15600"}],"wp:attachment":[{"href":"https:\/\/www.ifbaiano.edu.br\/unidades\/guanambi\/wp-json\/wp\/v2\/media?parent=1433"}],"curies":[{"name":"wp","href":"https:\/\/api.w.org\/{rel}","templated":true}]}}