{"id":1436,"date":"2013-05-13T19:09:30","date_gmt":"2013-05-13T19:09:30","guid":{"rendered":"http:\/\/www.ifbaiano.edu.br\/unidades\/guanambi\/?page_id=1436"},"modified":"2024-01-31T14:56:51","modified_gmt":"2024-01-31T17:56:51","slug":"regulamento-da-biblioteca","status":"publish","type":"page","link":"https:\/\/www.ifbaiano.edu.br\/unidades\/guanambi\/regulamento-da-biblioteca\/","title":{"rendered":"Regulamento da Biblioteca"},"content":{"rendered":"<p><a href=\"http:\/\/www.ifbaiano.edu.br\/unidades\/guanambi\/files\/2016\/04\/Regulamento-da-Biblioteca-2010.pdf\">Regulamento Unificado das Bibliotecas do Instituto Federal de Educa\u00e7\u00e3o, Ci\u00eancia e Tecnologia Baiano<\/a> (em processo de revis\u00e3o)<\/p>\n<h4>TCC &#8211; Trabalho de Conclus\u00e3o de Curso<\/h4>\n<p><strong>Aten\u00e7\u00e3o concluintes<\/strong><\/p>\n<p>Orienta\u00e7\u00e3o para solicita\u00e7\u00e3o da ficha catalogr\u00e1fica:<\/p>\n<p>Enviar e-mail para <span id=\"OBJ_PREFIX_DWT162_ZmEmailObjectHandler\" class=\"Object\" role=\"link\"><span id=\"OBJ_PREFIX_DWT165_ZmEmailObjectHandler\" class=\"Object\" role=\"link\">biblioteca@guanambi.ifbaiano.edu.br<\/span><\/span>, com anteced\u00eancia\u00a0m\u00ednima de 10 (dez) dias da entrega definitiva do TCC \u00e0 Biblioteca.<\/p>\n","protected":false},"excerpt":{"rendered":"<p>Regulamento Unificado das Bibliotecas do Instituto Federal de Educa\u00e7\u00e3o, Ci\u00eancia e Tecnologia Baiano (em processo de revis\u00e3o) TCC &#8211; Trabalho de Conclus\u00e3o de Curso Aten\u00e7\u00e3o concluintes Orienta\u00e7\u00e3o para solicita\u00e7\u00e3o da ficha catalogr\u00e1fica: Enviar e-mail para biblioteca@guanambi.ifbaiano.edu.br, com anteced\u00eancia\u00a0m\u00ednima de 10 (dez) dias da entrega definitiva do TCC \u00e0 Biblioteca.<\/p>\n","protected":false},"author":14,"featured_media":0,"parent":0,"menu_order":0,"comment_status":"open","ping_status":"open","template":"","meta":[],"_links":{"self":[{"href":"https:\/\/www.ifbaiano.edu.br\/unidades\/guanambi\/wp-json\/wp\/v2\/pages\/1436"}],"collection":[{"href":"https:\/\/www.ifbaiano.edu.br\/unidades\/guanambi\/wp-json\/wp\/v2\/pages"}],"about":[{"href":"https:\/\/www.ifbaiano.edu.br\/unidades\/guanambi\/wp-json\/wp\/v2\/types\/page"}],"author":[{"embeddable":true,"href":"https:\/\/www.ifbaiano.edu.br\/unidades\/guanambi\/wp-json\/wp\/v2\/users\/14"}],"replies":[{"embeddable":true,"href":"https:\/\/www.ifbaiano.edu.br\/unidades\/guanambi\/wp-json\/wp\/v2\/comments?post=1436"}],"version-history":[{"count":7,"href":"https:\/\/www.ifbaiano.edu.br\/unidades\/guanambi\/wp-json\/wp\/v2\/pages\/1436\/revisions"}],"predecessor-version":[{"id":12642,"href":"https:\/\/www.ifbaiano.edu.br\/unidades\/guanambi\/wp-json\/wp\/v2\/pages\/1436\/revisions\/12642"}],"wp:attachment":[{"href":"https:\/\/www.ifbaiano.edu.br\/unidades\/guanambi\/wp-json\/wp\/v2\/media?parent=1436"}],"curies":[{"name":"wp","href":"https:\/\/api.w.org\/{rel}","templated":true}]}}